732
CXUS56 KMTR 022231
CLMSNS


CLIMATE REPORT
NATIONAL WEATHER SERVICE SAN FRANCISCO BAY AREA
331 PM PDT SAT APR 2 2016

...................................

...THE SALINAS AIRPORT CLIMATE SUMMARY FOR THE MONTH OF MARCH 2016...

CLIMATE NORMAL PERIOD 1981 TO 2010
CLIMATE RECORD PERIOD 1930 TO 2016

WEATHER         OBSERVED          NORMAL  DEPART  LAST YEAR`S
                 VALUE   DATE(S)  VALUE   FROM    VALUE  DATE(S)
                                          NORMAL
................................................................
TEMPERATURE (F)
RECORD
 HIGH              92   03/14/2015
 LOW               27   03/02/1953
                        03/03/1946
                        03/15/1944
HIGHEST            78   03/17                         92  03/14
LOWEST             39   03/30                         40  03/03
AVG. MAXIMUM     65.8              64.7     1.1     74.6
AVG. MINIMUM     48.3              44.7     3.6     48.6
MEAN             57.1              54.7     2.4     61.6
DAYS MAX >= 90      0                                  2
DAYS MAX <= 32      0                                  0
DAYS MIN <= 32      0                                  0
DAYS MIN <= 0       0                                  0

PRECIPITATION (INCHES)
RECORD
 MAXIMUM           MM   MM
 MINIMUM           MM   MM
TOTALS           3.45              2.26    1.19     0.19
DAILY AVG.       0.11                               0.01
DAYS >= .01         9                                  3
DAYS >= .10         8                                  1
DAYS >= .50         2                                  0
DAYS >= 1.00        1                                  0
GREATEST
 24 HR. TOTAL    1.40   03/04 TO 03/05           03/11 TO 03/11
                                                          03/31 TO 03/31
                                                          03/31 TO 03/31

DEGREE_DAYS
HEATING TOTAL     236               320     -84      113
 SINCE 7/1       1627              2134    -507      962
COOLING TOTAL       0                 1      -1       17
 SINCE 1/1          3                 1       2       25
..................................................

WIND (MPH)
AVERAGE WIND SPEED              7.9
RESULTANT WIND SPEED/DIRECTION   3/244
HIGHEST WIND SPEED/DIRECTION    36/110    DATE  03/05
HIGHEST GUST SPEED/DIRECTION    46/120    DATE  03/05

SKY COVER
POSSIBLE SUNSHINE (PERCENT)   MM
AVERAGE SKY COVER           0.50
NUMBER OF DAYS FAIR           13
NUMBER OF DAYS PC              9
NUMBER OF DAYS CLOUDY          9

AVERAGE RH (PERCENT)     71

WEATHER CONDITIONS. NUMBER OF DAYS WITH
THUNDERSTORM              0     MIXED PRECIP               0
HEAVY RAIN                7     RAIN                       7
LIGHT RAIN               11     FREEZING RAIN              0
LT FREEZING RAIN          0     HAIL                       0
HEAVY SNOW                0     SNOW                       0
LIGHT SNOW                0     SLEET                      0
FOG                      15     FOG W/VIS <= 1/4 MILE      3
HAZE                      5

-  INDICATES NEGATIVE NUMBERS.
R  INDICATES RECORD WAS SET OR TIED.
MM INDICATES DATA IS MISSING.
T  INDICATES TRACE AMOUNT.

$$
