000
CXUS56 KMTR 021356
CLMSNS


CLIMATE REPORT
NATIONAL WEATHER SERVICE SAN FRANCISCO BAY AREA
656 AM PDT SAT AUG 2 2014

...................................

...THE SALINAS AIRPORT CLIMATE SUMMARY FOR THE MONTH OF JULY 2014...

CLIMATE NORMAL PERIOD 1981 TO 2010
CLIMATE RECORD PERIOD 1930 TO 2014

WEATHER         OBSERVED          NORMAL  DEPART  LAST YEAR`S
                 VALUE   DATE(S)  VALUE   FROM    VALUE  DATE(S)
                                          NORMAL
................................................................
TEMPERATURE (F)
RECORD
 HIGH              99   07/01/1985
                        07/11/1983
 LOW               42   07/25/1936
                        07/18/1936
HIGHEST            79   07/25                         78  07/03
                                                          07/02
                                                          07/01
LOWEST             52   07/06                         53  07/20
                        07/05                             07/19
                                                          07/14
AVG. MAXIMUM     72.0              71.0     1.0     70.4
AVG. MINIMUM     58.0              55.1     2.9     55.5
MEAN             65.0              63.0     2.0     62.9
DAYS MAX >= 90      0                                  0
DAYS MAX <= 32      0                                  0
DAYS MIN <= 32      0                                  0
DAYS MIN <= 0       0                                  0

PRECIPITATION (INCHES)
RECORD
 MAXIMUM           MM   MM
 MINIMUM           MM   MM
TOTALS           0.01                 T    0.01        T
DAILY AVG.       0.00                                  T
DAYS >= .01         1                                  0
DAYS >= .10         0                                  0
DAYS >= .50         0                                  0
DAYS >= 1.00        0                                  0
GREATEST
 24 HR. TOTAL    0.01   07/20 TO 07/20           07/28 TO 07/28
                                                          07/31 TO 07/31
                                                          07/31 TO 07/31

DEGREE_DAYS
HEATING TOTAL      38                78     -40       70
 SINCE 7/1         38                78     -40       70
COOLING TOTAL      43                18      25       13
 SINCE 1/1         93                46      47       47
..................................................

WIND (MPH)
AVERAGE WIND SPEED              7.7
RESULTANT WIND SPEED/DIRECTION   7/288
HIGHEST WIND SPEED/DIRECTION    22/320    DATE  07/09
HIGHEST GUST SPEED/DIRECTION    31/310    DATE  07/02

SKY COVER
POSSIBLE SUNSHINE (PERCENT)   MM
AVERAGE SKY COVER           0.50
NUMBER OF DAYS FAIR            8
NUMBER OF DAYS PC             18
NUMBER OF DAYS CLOUDY          5

AVERAGE RH (PERCENT)     74

WEATHER CONDITIONS. NUMBER OF DAYS WITH
THUNDERSTORM              0     MIXED PRECIP               0
HEAVY RAIN                0     RAIN                       0
LIGHT RAIN                3     FREEZING RAIN              0
LT FREEZING RAIN          0     HAIL                       0
HEAVY SNOW                0     SNOW                       0
LIGHT SNOW                0     SLEET                      0
FOG                      20     FOG W/VIS <= 1/4 MILE      1
HAZE                     11

-  INDICATES NEGATIVE NUMBERS.
R  INDICATES RECORD WAS SET OR TIED.
MM INDICATES DATA IS MISSING.
T  INDICATES TRACE AMOUNT.

$$
