000
CXUS55 KCYS 011925
CLMSNY


CLIMATE REPORT
NATIONAL WEATHER SERVICE CHEYENNE WY
124 PM MDT MON SEP 1 2014

...................................

...THE SIDNEY NE AIRPORT CLIMATE SUMMARY FOR THE MONTH OF AUGUST 2014...

CLIMATE NORMAL PERIOD 1981 TO 2010
CLIMATE RECORD PERIOD 1948 TO 2014

WEATHER         OBSERVED          NORMAL  DEPART  LAST YEAR`S
                 VALUE   DATE(S)  VALUE   FROM    VALUE
                                          NORMAL
.............................................................
TEMPERATURE (F)
RECORD
 HIGH             104   08/08/1969
 LOW               36   08/28/1964
HIGHEST            98   08/17        MM      MM      101
LOWEST             48   08/31        MM      MM       49
AVG. MAXIMUM     88.2              88.2     0.0     90.7
AVG. MINIMUM     55.1              58.4    -3.3     57.5
MEAN             71.6              73.3    -1.7     74.1
DAYS MAX >= 90     18              13.7               19
DAYS MAX <= 32      0               0.0                0
DAYS MIN <= 32      0               0.0                0
DAYS MIN <= 0       0               0.0                0

PRECIPITATION (INCHES)
RECORD
 MAXIMUM         7.15   1968
 MINIMUM         0.12   1964
TOTALS           2.91              2.26    0.65     0.69
DAYS >= .01        11               9.7     1.3       10
DAYS >= .10         6               4.9     1.1        3
DAYS >= .50         2               1.6     0.4        0
DAYS >= 1.00        1               0.1     0.9        0
GREATEST
 24 HR. TOTAL    1.44   08/22 TO 08/22

DEGREE_DAYS
HEATING TOTAL       3                 8      -5        1
 SINCE 7/1         12                11       1        9
COOLING TOTAL     215               264     -49      292
 SINCE 1/1        558               742    -184      763
..............................................................

WIND (MPH)
AVERAGE WIND SPEED              9.1
HIGHEST WIND SPEED/DIRECTION    40/300    DATE  08/31
HIGHEST GUST SPEED/DIRECTION    53/310    DATE  08/31

SKY COVER
POSSIBLE SUNSHINE (PERCENT)   MM
AVERAGE SKY COVER           0.20
NUMBER OF DAYS FAIR           24
NUMBER OF DAYS PC              6
NUMBER OF DAYS CLOUDY          1

AVERAGE RH (PERCENT)     58

WEATHER CONDITIONS. NUMBER OF DAYS WITH
THUNDERSTORM              0     MIXED PRECIP               0
HEAVY RAIN                2     RAIN                       4
LIGHT RAIN               16     FREEZING RAIN              0
LT FREEZING RAIN          0     HAIL                       0
HEAVY SNOW                0     SNOW                       0
LIGHT SNOW                0     SLEET                      0
FOG                       8     FOG W/VIS <= 1/4 MILE      2
HAZE                      3

-  INDICATES NEGATIVE NUMBERS.
R  INDICATES RECORD WAS SET OR TIED.
MM INDICATES DATA IS MISSING.
T  INDICATES TRACE AMOUNT.

$$
