000
CXUS55 KCYS 022121
CLMSNY


CLIMATE REPORT
NATIONAL WEATHER SERVICE CHEYENNE WY
221 PM MST WED MAR 2 2016

...................................

...THE SIDNEY NE AIRPORT CLIMATE SUMMARY FOR THE MONTH OF FEBRUARY 2016...

CLIMATE NORMAL PERIOD 1981 TO 2010
CLIMATE RECORD PERIOD 1948 TO 2016

WEATHER         OBSERVED          NORMAL  DEPART  LAST YEAR`S
                 VALUE   DATE(S)  VALUE   FROM    VALUE
                                          NORMAL
.............................................................
TEMPERATURE (F)
RECORD
 HIGH              76   02/18/2016
                        02/07/2015
                        02/23/1982
 LOW              -30   02/03/1989
HIGHEST            76R  02/18        MM      MM       76
LOWEST              6   02/04        MM      MM       -3
                        02/03
AVG. MAXIMUM     48.7              45.0     3.7     45.3
AVG. MINIMUM     21.7              18.9     2.8     18.2
MEAN             35.2              32.0     3.2     31.8
DAYS MAX >= 90      0               0.0                0
DAYS MAX <= 32      5               4.3                7
DAYS MIN <= 32     29              26.7               25
DAYS MIN <= 0       0               1.6                3

PRECIPITATION (INCHES)
RECORD
 MAXIMUM         1.35   1987
 MINIMUM         0.00   1996
                        1985
                        1983
TOTALS           1.11              0.32    0.79     0.37
DAYS >= .01         5               3.9     1.1        7
DAYS >= .10         2               0.9     1.1        1
DAYS >= .50         1               0.0     1.0        0
DAYS >= 1.00        0               0.0     0.0        0
GREATEST
 24 HR. TOTAL    0.83   02/01 TO 02/02

DEGREE_DAYS
HEATING TOTAL     859               925     -66      923
 SINCE 7/1       4566              4612     -46     4732
COOLING TOTAL       0                 0       0        0
 SINCE 1/1          0                 0       0        0
..............................................................

WIND (MPH)
AVERAGE WIND SPEED              14.3
HIGHEST WIND SPEED/DIRECTION    47/300    DATE  02/29
HIGHEST GUST SPEED/DIRECTION    65/310    DATE  02/18

SKY COVER
POSSIBLE SUNSHINE (PERCENT)   MM
AVERAGE SKY COVER           0.20
NUMBER OF DAYS FAIR           22
NUMBER OF DAYS PC              5
NUMBER OF DAYS CLOUDY          2

AVERAGE RH (PERCENT)     64

WEATHER CONDITIONS. NUMBER OF DAYS WITH
THUNDERSTORM              0     MIXED PRECIP               0
HEAVY RAIN                0     RAIN                       0
LIGHT RAIN                2     FREEZING RAIN              0
LT FREEZING RAIN          0     HAIL                       0
HEAVY SNOW                2     SNOW                       2
LIGHT SNOW                9     SLEET                      0
FOG                      10     FOG W/VIS <= 1/4 MILE      3
HAZE                      2

-  INDICATES NEGATIVE NUMBERS.
R  INDICATES RECORD WAS SET OR TIED.
MM INDICATES DATA IS MISSING.
T  INDICATES TRACE AMOUNT.

$$
