000
CXUS55 KCYS 132151
CLMSNY


CLIMATE REPORT
NATIONAL WEATHER SERVICE CHEYENNE WY
251 PM MST WED JAN 13 2016

...................................

...THE SIDNEY NE AIRPORT CLIMATE SUMMARY FOR THE YEAR OF 2015...

CLIMATE NORMAL PERIOD 1981 TO 2010
CLIMATE RECORD PERIOD 1948 TO 2016

WEATHER         OBSERVED          NORMAL  DEPART  LAST YEAR`S
                 VALUE   DATE(S)  VALUE   FROM    VALUE
                                          NORMAL
.............................................................
TEMPERATURE (F)
RECORD
 HIGH             111   06/26/2012
 LOW              -39   12/22/1989
HIGHEST           101   08/26        MM      MM      104
LOWEST            -11   01/04        MM      MM      -24
AVG. MAXIMUM     64.3              64.4    -0.1     62.8
AVG. MINIMUM     35.1              36.1    -1.0     33.2
MEAN             49.7              50.2    -0.5     48.0
DAYS MAX >= 90     46              44.5               42
DAYS MAX <= 32     34              23.0               43
DAYS MIN <= 32    164             162.0              178
DAYS MIN <= 0      14               7.2               26

PRECIPITATION (INCHES)
RECORD
 MAXIMUM        27.82   2011
 MINIMUM         6.17   2002
TOTALS          22.80             18.54    4.26    16.87
DAYS >= .01        98              91.8               90
DAYS >= .10        50              41.3               42
DAYS >= .50        11              11.2                9
DAYS >= 1.00        3               3.3                3
GREATEST
 24 HR. TOTAL    3.11   05/09 TO 05/09

DEGREE_DAYS
HEATING TOTAL    6161              6222     -61     6689
 SINCE 7/1       2555              2547       8     2693
COOLING TOTAL     669               831    -162      637
 SINCE 1/1        669               830    -161      637
..............................................................

WIND (MPH)
AVERAGE WIND SPEED              11.0
HIGHEST WIND SPEED/DIRECTION    58/210    DATE  07/26
HIGHEST GUST SPEED/DIRECTION    71/210    DATE  07/26

SKY COVER
POSSIBLE SUNSHINE (PERCENT)   MM
AVERAGE SKY COVER           0.30
NUMBER OF DAYS FAIR          233
NUMBER OF DAYS PC             79
NUMBER OF DAYS CLOUDY         45

AVERAGE RH (PERCENT)     64

WEATHER CONDITIONS. NUMBER OF DAYS WITH
THUNDERSTORM              0     MIXED PRECIP               0
HEAVY RAIN               11     RAIN                      31
LIGHT RAIN               91     FREEZING RAIN              0
LT FREEZING RAIN          4     HAIL                       0
HEAVY SNOW                6     SNOW                      11
LIGHT SNOW               46     SLEET                      0
FOG                     130     FOG W/VIS <= 1/4 MILE     38
HAZE                     40

-  INDICATES NEGATIVE NUMBERS.
R  INDICATES RECORD WAS SET OR TIED.
MM INDICATES DATA IS MISSING.
T  INDICATES TRACE AMOUNT.

$$
