000
CXUS55 KCYS 060420
CLMSNY


CLIMATE REPORT
NATIONAL WEATHER SERVICE CHEYENNE WY
919 PM MST THU MAR 5 2015

...................................

...THE SIDNEY NE AIRPORT CLIMATE SUMMARY FOR THE MONTH OF FEBRUARY 2015...

CLIMATE NORMAL PERIOD 1981 TO 2010
CLIMATE RECORD PERIOD 1948 TO 2015

WEATHER         OBSERVED          NORMAL  DEPART  LAST YEAR`S
                 VALUE   DATE(S)  VALUE   FROM    VALUE
                                          NORMAL
.............................................................
TEMPERATURE (F)
RECORD
 HIGH              76   02/07/2015
                        02/23/1982
                        02/11/1962
 LOW              -30   02/03/1989
HIGHEST            76R  02/07        MM      MM       60
LOWEST             -3   02/23        MM      MM      -24
AVG. MAXIMUM     45.3              45.0     0.3     32.9
AVG. MINIMUM     18.2              18.9    -0.7      7.5
MEAN             31.8              32.0    -0.2     20.2
DAYS MAX >= 90      0               0.0                0
DAYS MAX <= 32      7               4.3               13
DAYS MIN <= 32     25              26.7               28
DAYS MIN <= 0       3               1.6               12

PRECIPITATION (INCHES)
RECORD
 MAXIMUM         1.35   1987
 MINIMUM         0.00   1996
                        1985
                        1983
TOTALS           0.37              0.32    0.05     0.73
DAYS >= .01         7               3.9     3.1        8
DAYS >= .10         1               0.9     0.1        3
DAYS >= .50         0               0.0     0.0        0
DAYS >= 1.00        0               0.0     0.0        0
GREATEST
 24 HR. TOTAL    0.22   02/04 TO 02/04

DEGREE_DAYS
HEATING TOTAL     923               925      -2     1248
 SINCE 7/1       4732              4582     150     4989
COOLING TOTAL       0                 0       0        0
 SINCE 1/1          0                 0       0        0
..............................................................

WIND (MPH)
AVERAGE WIND SPEED              11.9
HIGHEST WIND SPEED/DIRECTION    38/310    DATE  02/17
HIGHEST GUST SPEED/DIRECTION    52/310    DATE  02/17

SKY COVER
POSSIBLE SUNSHINE (PERCENT)   MM
AVERAGE SKY COVER           0.40
NUMBER OF DAYS FAIR           13
NUMBER OF DAYS PC             11
NUMBER OF DAYS CLOUDY          4

AVERAGE RH (PERCENT)     64

WEATHER CONDITIONS. NUMBER OF DAYS WITH
THUNDERSTORM              0     MIXED PRECIP               0
HEAVY RAIN                0     RAIN                       0
LIGHT RAIN                3     FREEZING RAIN              0
LT FREEZING RAIN          0     HAIL                       0
HEAVY SNOW                1     SNOW                       3
LIGHT SNOW               10     SLEET                      0
FOG                      11     FOG W/VIS <= 1/4 MILE      1
HAZE                      7

-  INDICATES NEGATIVE NUMBERS.
R  INDICATES RECORD WAS SET OR TIED.
MM INDICATES DATA IS MISSING.
T  INDICATES TRACE AMOUNT.

$$
