000
CXUS56 KPQR 011606
CLMSPB


CLIMATE REPORT
NATIONAL WEATHER SERVICE PORTLAND OREGON
806 AM PST WED FEB 1 2017

...................................

...THE SCAPPOOSE OR CLIMATE SUMMARY FOR THE MONTH OF JANUARY 2017...

CLIMATE NORMAL PERIOD 1981 TO 2010
CLIMATE RECORD PERIOD 9999 TO 9999

WEATHER         OBSERVED          NORMAL  DEPART  LAST YEAR`S
                 VALUE   DATE(S)  VALUE   FROM    VALUE  DATE(S)
                                          NORMAL
................................................................
TEMPERATURE (F)
HIGHEST            52                                 59  01/28
LOWEST              9R                                17  01/03
AVG. MAXIMUM     39.2              46.9    -7.7     47.0
AVG. MINIMUM     26.1              33.1    -7.0     35.0
MEAN             32.7              40.0    -7.3     41.0
DAYS MAX >= 90      0               0.0     0.0        0
DAYS MAX <= 32      7               0.3     6.7        1
DAYS MIN <= 32     22              13.5     8.5       11
DAYS MIN <= 0       0               0.0     0.0        0

PRECIPITATION (INCHES)
RECORD
 MAXIMUM           MM   MM
 MINIMUM           MM   MM
TOTALS           5.99              6.62   -0.63     8.89
DAYS >= .01        12                MM      MM       24
DAYS >= .10         9                MM      MM       20
DAYS >= .50         5                MM      MM        7
DAYS >= 1.00        2                MM      MM        2
GREATEST
 24 HR. TOTAL    2.54   01/17 TO 01/18

DEGREE_DAYS
HEATING TOTAL     995               775     220      736
 SINCE 7/1       2864              2826      38     2443
COOLING TOTAL       0                 0       0        0
 SINCE 1/1          0                 0       0        0
.................................................................

WIND (MPH)
AVERAGE WIND SPEED              3.0
RESULTANT WIND SPEED/DIRECTION   1/164
HIGHEST WIND SPEED/DIRECTION    22/090    DATE  01/04
HIGHEST GUST SPEED/DIRECTION    26/100    DATE  01/04

SKY COVER
POSSIBLE SUNSHINE (PERCENT)   MM
AVERAGE SKY COVER           0.60

AVERAGE RH (PERCENT)     83

WEATHER CONDITIONS. NUMBER OF DAYS WITH
THUNDERSTORM              0     MIXED PRECIP               0
HEAVY RAIN                0     RAIN                       5
LIGHT RAIN               11     FREEZING RAIN              1
LT FREEZING RAIN          3     HAIL                       0
HEAVY SNOW                0     SNOW                       2
LIGHT SNOW                5     SLEET                      0
FOG                      22     FOG W/VIS <= 1/4 MILE     10
HAZE                      3

-  INDICATES NEGATIVE NUMBERS.
R  INDICATES RECORD WAS SET OR TIED.
MM INDICATES DATA IS MISSING.
T  INDICATES TRACE AMOUNT.

$$
