000
CXUS56 KPQR 011456
CLMSPB


CLIMATE REPORT
NATIONAL WEATHER SERVICE PORTLAND OREGON
756 AM PDT MON JUN 1 2015

...................................

...THE SCAPPOOSE OR CLIMATE SUMMARY FOR THE MONTH OF MAY 2015...

CLIMATE NORMAL PERIOD 1981 TO 2010
CLIMATE RECORD PERIOD 9999 TO 9999

WEATHER         OBSERVED          NORMAL  DEPART  LAST YEAR`S
                 VALUE   DATE(S)  VALUE   FROM    VALUE  DATE(S)
                                          NORMAL
................................................................
TEMPERATURE (F)
HIGHEST            84                                 91  05/14
LOWEST             39                                 36  05/11
                                                          05/07
AVG. MAXIMUM     70.2              67.3     2.9     70.0
AVG. MINIMUM     48.0              44.3     3.7     46.7
MEAN             59.1              55.8     3.3     58.3
DAYS MAX >= 90      0               0.3    -0.3        1
DAYS MAX <= 32      0               0.0     0.0        0
DAYS MIN <= 32      0               0.1    -0.1        0
DAYS MIN <= 0       0               0.0     0.0        0

PRECIPITATION (INCHES)
RECORD
 MAXIMUM           MM   MM
 MINIMUM           MM   MM
TOTALS           0.65              2.69   -2.04     1.98
DAYS >= .01         6                MM      MM       15
DAYS >= .10         2                MM      MM        8
DAYS >= .50         0                MM      MM        0
DAYS >= 1.00        0                MM      MM        0
GREATEST
 24 HR. TOTAL    0.52   05/11 TO 05/12

DEGREE_DAYS
HEATING TOTAL     180               292    -112      209
 SINCE 7/1       3847              4780    -933     4778
COOLING TOTAL       5                 6      -1       10
 SINCE 1/1          7                 6       1       10
.................................................................

WIND (MPH)
AVERAGE WIND SPEED              5.2
RESULTANT WIND SPEED/DIRECTION   3/001
HIGHEST WIND SPEED/DIRECTION    18/360    DATE  05/10
HIGHEST GUST SPEED/DIRECTION    28/340    DATE  05/06

SKY COVER
POSSIBLE SUNSHINE (PERCENT)   MM
AVERAGE SKY COVER           0.40

AVERAGE RH (PERCENT)     67

WEATHER CONDITIONS. NUMBER OF DAYS WITH
THUNDERSTORM              0     MIXED PRECIP               0
HEAVY RAIN                0     RAIN                       0
LIGHT RAIN                8     FREEZING RAIN              0
LT FREEZING RAIN          0     HAIL                       0
HEAVY SNOW                0     SNOW                       0
LIGHT SNOW                0     SLEET                      0
FOG                       4     FOG W/VIS <= 1/4 MILE      0
HAZE                      0

-  INDICATES NEGATIVE NUMBERS.
R  INDICATES RECORD WAS SET OR TIED.
MM INDICATES DATA IS MISSING.
T  INDICATES TRACE AMOUNT.

$$
