000
CXUS53 KILX 011427
CLMSPI


CLIMATE REPORT
NATIONAL WEATHER SERVICE LINCOLN IL
927 AM CDT SAT NOV 1 2014

...................................

...THE SPRINGFIELD IL CLIMATE SUMMARY FOR THE MONTH OF OCTOBER 2014...

CLIMATE NORMAL PERIOD 1981 TO 2010
CLIMATE RECORD PERIOD 1879 TO 2014

WEATHER         OBSERVED          NORMAL  DEPART  LAST YEAR`S
                 VALUE   DATE(S)  VALUE   FROM    VALUE
                                          NORMAL
.............................................................
TEMPERATURE (F)
RECORD
 HIGH              93   10/03/2006
                        10/03/1954
                        10/02/1953
 LOW               13   10/30/1925
HIGHEST            85   10/01        67      18       88
LOWEST             32   10/31        46     -14       21
AVG. MAXIMUM     66.0              66.4    -0.4     66.8
AVG. MINIMUM     45.0              43.8     1.2     42.4
MEAN             55.5              55.1     0.4     54.6
DAYS MAX >= 90      0               0.1    -0.1        0
DAYS MAX <= 32      0               0.0     0.0        0
DAYS MIN <= 32      1               3.8    -2.8        8
DAYS MIN <= 0       0               0.0     0.0        0

PRECIPITATION (INCHES)
RECORD
 MAXIMUM        13.39   1941
 MINIMUM         0.11   1904
TOTALS           4.12              3.15    0.97     3.60
DAILY AVG.       0.13              0.10    0.03     0.12
DAYS >= .01        12               8.5     3.5       12
DAYS >= .10         6               5.5     0.5        5
DAYS >= .50         4               2.2     1.8        3
DAYS >= 1.00        1               0.8     0.2        2
GREATEST
 24 HR. TOTAL    1.61   10/01 TO 10/02              1.99

SNOWFALL (INCHES)
RECORDS
 TOTAL            2.8   1929
TOTALS            0.0                 T     0.0        T
SINCE 7/1         0.0                 T     0.0        T
DAYS >= 1.0         0               0.0     0.0        0
GREATEST
 SNOW DEPTH         0   MM                             0
 24 HR TOTAL      0.0   10/31 TO 10/31                 T

DEGREE_DAYS
HEATING TOTAL     301               329     -28      357
 SINCE 7/1        381               410     -29      407
COOLING TOTAL      13                22      -9       45
 SINCE 1/1       1162              1121      41     1145
..............................................................

WIND (MPH)
AVERAGE WIND SPEED              7.5
HIGHEST WIND SPEED/DIRECTION    31/350    DATE  10/31
HIGHEST GUST SPEED/DIRECTION    40/350    DATE  10/31

SKY COVER
POSSIBLE SUNSHINE (PERCENT)   MM
AVERAGE SKY COVER           0.40
NUMBER OF DAYS FAIR           12
NUMBER OF DAYS PC             12
NUMBER OF DAYS CLOUDY          7

AVERAGE RH (PERCENT)     70

WEATHER CONDITIONS. NUMBER OF DAYS WITH
THUNDERSTORM              0     MIXED PRECIP               0
HEAVY RAIN                6     RAIN                       5
LIGHT RAIN               16     FREEZING RAIN              0
LT FREEZING RAIN          0     HAIL                       0
HEAVY SNOW                0     SNOW                       0
LIGHT SNOW                0     SLEET                      0
FOG                      13     FOG W/VIS <= 1/4 MILE      2
HAZE                      5

-  INDICATES NEGATIVE NUMBERS.
R  INDICATES RECORD WAS SET OR TIED.
MM INDICATES DATA IS MISSING.
T  INDICATES TRACE AMOUNT.

$$
