000
CXUS53 KILX 011514
CLMSPI


CLIMATE REPORT
NATIONAL WEATHER SERVICE LINCOLN IL
946 AM CDT SUN MAY 1 2016

...................................

...THE SPRINGFIELD IL CLIMATE SUMMARY FOR THE MONTH OF APRIL 2016...

CLIMATE NORMAL PERIOD 1981 TO 2010
CLIMATE RECORD PERIOD 1879 TO 2016

WEATHER         OBSERVED          NORMAL  DEPART  LAST YEAR`S
                 VALUE   DATE(S)  VALUE   FROM    VALUE
                                          NORMAL
.............................................................
TEMPERATURE (F)
RECORD
 HIGH              90   04/25/1986
                        04/11/1930
                        04/10/1930
 LOW               17   04/05/1920
HIGHEST            85   04/25        63      22       82
LOWEST             27   04/09        43     -16       26
AVG. MAXIMUM     66.2              64.6     1.6     68.5
AVG. MINIMUM     44.2              42.4     1.8     44.2
MEAN             55.2              53.5     1.7     56.3
DAYS MAX >= 90      0               0.0     0.0        0
DAYS MAX <= 32      0               0.0     0.0        0
DAYS MIN <= 32      3               3.5    -0.5        2
DAYS MIN <= 0       0               0.0     0.0        0

PRECIPITATION (INCHES)
RECORD
 MAXIMUM        10.23   1893
 MINIMUM         0.71   1889
TOTALS           2.77              3.51   -0.74     2.12
DAILY AVG.       0.09              0.12   -0.03     0.07
DAYS >= .01        10              11.3    -1.3        9
DAYS >= .10         7               7.0     0.0        4
DAYS >= .50         3               2.4     0.6        1
DAYS >= 1.00        0               0.7    -0.7        0
GREATEST
 24 HR. TOTAL    0.61   04/29 TO 04/30              0.82
                        04/30 TO 04/30

SNOWFALL (INCHES)
RECORDS
 TOTAL            8.2   1982
TOTALS            0.0               0.3    -0.3      0.0
SINCE 7/1        15.7              20.9    -5.2     33.9
DAYS >= 1.0         0               0.1    -0.1        0
GREATEST
 SNOW DEPTH         0   MM                             0
 24 HR TOTAL      0.0   MM                           0.0

DEGREE_DAYS
HEATING TOTAL     308               363     -55      263
 SINCE 7/1       4198              5345   -1147     5584
COOLING TOTAL      20                18       2       10
 SINCE 1/1         20                20       0       10
..............................................................

WIND (MPH)
AVERAGE WIND SPEED              10.7
HIGHEST WIND SPEED/DIRECTION    45/280    DATE  04/02
HIGHEST GUST SPEED/DIRECTION    62/280    DATE  04/02

SKY COVER
POSSIBLE SUNSHINE (PERCENT)   MM
AVERAGE SKY COVER           0.40
NUMBER OF DAYS FAIR           16
NUMBER OF DAYS PC              8
NUMBER OF DAYS CLOUDY          6

AVERAGE RH (PERCENT)     64

WEATHER CONDITIONS. NUMBER OF DAYS WITH
THUNDERSTORM              4     MIXED PRECIP               0
HEAVY RAIN                3     RAIN                       8
LIGHT RAIN               14     FREEZING RAIN              0
LT FREEZING RAIN          0     HAIL                       0
HEAVY SNOW                0     SNOW                       0
LIGHT SNOW                0     SLEET                      0
FOG                      13     FOG W/VIS <= 1/4 MILE      1
HAZE                      4

-  INDICATES NEGATIVE NUMBERS.
R  INDICATES RECORD WAS SET OR TIED.
MM INDICATES DATA IS MISSING.
T  INDICATES TRACE AMOUNT.

&&

NO RECORDS SET IN APRIL 2016

$$
