000
CXUS53 KILX 011613
CLMSPI


CLIMATE REPORT
NATIONAL WEATHER SERVICE LINCOLN IL
1029 AM CDT TUE AUG 1 2017

...................................

...THE SPRINGFIELD IL CLIMATE SUMMARY FOR THE MONTH OF JULY 2017...

CLIMATE NORMAL PERIOD 1981 TO 2010
CLIMATE RECORD PERIOD 1879 TO 2017

WEATHER         OBSERVED          NORMAL  DEPART  LAST YEAR`S
                 VALUE   DATE(S)  VALUE   FROM    VALUE
                                          NORMAL
.............................................................
TEMPERATURE (F)
RECORD
 HIGH             112   07/14/1954
 LOW               48   07/28/2013
                        07/13/1975
                        07/06/1972
HIGHEST            96   07/21        88       8       94
                        07/20
                        07/19
LOWEST             58   07/30        67      -9       58
AVG. MAXIMUM     89.5              86.2     3.3     86.6
AVG. MINIMUM     67.5              65.4     2.1     68.3
MEAN             78.5              75.8     2.7     77.5
DAYS MAX >= 90     17               7.8     9.2       10
DAYS MAX <= 32      0               0.0     0.0        0
DAYS MIN <= 32      0               0.0     0.0        0
DAYS MIN <= 0       0               0.0     0.0        0

PRECIPITATION (INCHES)
RECORD
 MAXIMUM        10.76   1981
 MINIMUM         0.05   1886
TOTALS           5.15              3.94    1.21     9.51
DAILY AVG.       0.17              0.13    0.04     0.31
DAYS >= .01         9               8.6     0.4       15
DAYS >= .10         6               5.5     0.5       13
DAYS >= .50         3               2.7     0.3        7
DAYS >= 1.00        2               1.1     0.9        1
GREATEST
 24 HR. TOTAL    1.90   07/26 TO 07/26              3.77

SNOWFALL (INCHES)
RECORDS
 TOTAL            0.0   MM
TOTALS            0.0               0.0     0.0      0.0
SINCE 7/1         0.0               0.0     0.0      0.0
DAYS >= 1.0         0               0.0     0.0        0
GREATEST
 SNOW DEPTH         0   MM                             0
 24 HR TOTAL      0.0   07/31 TO 07/31               0.0

DEGREE_DAYS
HEATING TOTAL       0                 1      -1        1
 SINCE 7/1          0                 1      -1        1
COOLING TOTAL     429               335      94      393
 SINCE 1/1        892               679     213      885
..............................................................

WIND (MPH)
AVERAGE WIND SPEED              6.1
HIGHEST WIND SPEED/DIRECTION    35/100    DATE  07/05
HIGHEST GUST SPEED/DIRECTION    45/360    DATE  07/10

SKY COVER
POSSIBLE SUNSHINE (PERCENT)   MM
AVERAGE SKY COVER           0.20
NUMBER OF DAYS FAIR           28
NUMBER OF DAYS PC              2
NUMBER OF DAYS CLOUDY          1

AVERAGE RH (PERCENT)     74

WEATHER CONDITIONS. NUMBER OF DAYS WITH
THUNDERSTORM              7     MIXED PRECIP               0
HEAVY RAIN                6     RAIN                       5
LIGHT RAIN               12     FREEZING RAIN              0
LT FREEZING RAIN          0     HAIL                       0
HEAVY SNOW                0     SNOW                       0
LIGHT SNOW                0     SLEET                      0
FOG                      12     FOG W/VIS <= 1/4 MILE      0
HAZE                      2

-  INDICATES NEGATIVE NUMBERS.
R  INDICATES RECORD WAS SET OR TIED.
MM INDICATES DATA IS MISSING.
T  INDICATES TRACE AMOUNT.

&&

RECORDS ESTABLISHED DURING JULY 2017:
SET MAXIMUM DAILY RAINFALL OF 1.90 INCHES OF RAIN ON THE 26TH.

$$
