000
CXUS53 KILX 011629
CLMSPI


CLIMATE REPORT
NATIONAL WEATHER SERVICE LINCOLN IL
954 AM CST FRI DEC 1 2017

...................................

...THE SPRINGFIELD IL CLIMATE SUMMARY FOR THE MONTH OF NOVEMBER 2017...

CLIMATE NORMAL PERIOD 1981 TO 2010
CLIMATE RECORD PERIOD 1879 TO 2017

WEATHER         OBSERVED          NORMAL  DEPART  LAST YEAR`S
                 VALUE   DATE(S)  VALUE   FROM    VALUE
                                          NORMAL
.............................................................
TEMPERATURE (F)
RECORD
 HIGH              83   11/01/1950
 LOW               -3   11/30/1964
HIGHEST            71   11/28        51      20       82
LOWEST             21   11/22        34     -13       23
                        11/10
AVG. MAXIMUM     55.0              52.3     2.7     59.2
AVG. MINIMUM     34.3              33.9     0.4     39.7
MEAN             44.7              43.1     1.6     49.4
DAYS MAX >= 90      0               0.0     0.0        0
DAYS MAX <= 32      0               1.2    -1.2        0
DAYS MIN <= 32     13              13.4    -0.4        6
DAYS MIN <= 0       0               0.0     0.0        0

PRECIPITATION (INCHES)
RECORD
 MAXIMUM         6.94   1985
 MINIMUM         0.02   1904
TOTALS           0.84              3.21   -2.37     2.14
DAILY AVG.       0.03              0.11   -0.08     0.07
DAYS >= .01         8               9.6    -1.6        7
DAYS >= .10         3               6.0    -3.0        6
DAYS >= .50         0               2.4    -2.4        2
DAYS >= 1.00        0               0.7    -0.7        0
GREATEST
 24 HR. TOTAL    0.38   11/15 TO 11/15              0.78

SNOWFALL (INCHES)
RECORDS
 TOTAL            9.2   1926
TOTALS              T               0.6    -0.6      0.0
SINCE 7/1           T               0.6    -0.6      0.0
DAYS >= 1.0         0               0.2    -0.2        0
GREATEST
 SNOW DEPTH         0   MM                             0
 24 HR TOTAL        T   11/18 TO 11/18               0.0

DEGREE_DAYS
HEATING TOTAL     604               658     -54      477
 SINCE 7/1        865              1068    -203      651
COOLING TOTAL       0                 1      -1       18
 SINCE 1/1       1401              1122     279     1626
..............................................................

WIND (MPH)
AVERAGE WIND SPEED              10.2
HIGHEST WIND SPEED/DIRECTION    30/340    DATE  11/18
HIGHEST GUST SPEED/DIRECTION    38/330    DATE  11/18

SKY COVER
POSSIBLE SUNSHINE (PERCENT)   MM
AVERAGE SKY COVER           0.40
NUMBER OF DAYS FAIR           15
NUMBER OF DAYS PC             10
NUMBER OF DAYS CLOUDY          5

AVERAGE RH (PERCENT)     69

WEATHER CONDITIONS. NUMBER OF DAYS WITH
THUNDERSTORM              3     MIXED PRECIP               0
HEAVY RAIN                3     RAIN                       2
LIGHT RAIN               11     FREEZING RAIN              0
LT FREEZING RAIN          0     HAIL                       0
HEAVY SNOW                0     SNOW                       0
LIGHT SNOW                1     SLEET                      0
FOG                      13     FOG W/VIS <= 1/4 MILE      0
HAZE                      5

-  INDICATES NEGATIVE NUMBERS.
R  INDICATES RECORD WAS SET OR TIED.
MM INDICATES DATA IS MISSING.
T  INDICATES TRACE AMOUNT.

&&

RECORDS ESTABLISHED THIS MONTH:
- SET RECORD HIGH TEMPERATURE OF 68 DEGREES ON NOVEMBER 24TH.

$$
