000
CXUS54 KOUN 011310
CLMSPS

CLIMATE REPORT
NATIONAL WEATHER SERVICE NORMAN OK
739 AM CDT SUN OCT 1 2017

...................................

...THE WICHITA FALLS CLIMATE SUMMARY FOR THE MONTH OF SEPTEMBER
2017...

CLIMATE NORMAL PERIOD 1981 TO 2010
CLIMATE RECORD PERIOD 1897 TO 2017

WEATHER         OBSERVED          NORMAL  DEPART  LAST YEAR`S
                 VALUE   DATE(S)  VALUE   FROM    VALUE  DATE(S)
                                          NORMAL
................................................................
TEMPERATURE (F)
RECORD
 HIGH             111   09/04/2000
 LOW               38   09/24/1989
                        09/30/1984
                        09/21/1983
HIGHEST           100               101      -1      100  09/09
LOWEST             53                49       4       51  09/30
AVG. MAXIMUM     87.9              88.1    -0.2     89.6
AVG. MINIMUM     63.5              63.3     0.2     66.5
MEAN             75.7              75.7     0.0     78.1
DAYS MAX >= 90     15              13.6     1.4       20
DAYS MAX <= 32      0               0.0     0.0        0
DAYS MIN <= 32      0               0.0     0.0        0
DAYS MIN <= 0       0               0.0     0.0        0

PRECIPITATION (INCHES)
RECORD
 MAXIMUM        10.23   1980
 MINIMUM            T   1983
                        1956
                        1948
TOTALS           3.07              2.81    0.26     9.82
DAILY AVG.       0.10              0.09    0.01     0.33
DAYS >= .01         7               6.0     1.0        8
DAYS >= .10         5               3.7     1.3        7
DAYS >= .50         2               1.8     0.2        5
DAYS >= 1.00        1               1.0     0.0        3
GREATEST
 24 HR. TOTAL    1.88   09/26 TO 09/27

DEGREE_DAYS
HEATING TOTAL       4                13      -9
 SINCE 7/1          4                13      -9
COOLING TOTAL     333               334      -1
 SINCE 1/1       2175              2279    -104
.................................................................

WIND (MPH)
AVERAGE WIND SPEED              9.8
HIGHEST WIND SPEED/DIRECTION    36/240    DATE  09/19
HIGHEST GUST SPEED/DIRECTION    41/240    DATE  09/19


WEATHER CONDITIONS. NUMBER OF DAYS WITH
THUNDERSTORM              0     MIXED PRECIP               0
HEAVY RAIN                2     RAIN                       4
LIGHT RAIN                8     FREEZING RAIN              0
LT FREEZING RAIN          0     HAIL                       0
HEAVY SNOW                0     SNOW                       0
LIGHT SNOW                0     SLEET                      0
FOG                       4     FOG W/VIS <= 1/4 MILE      0
HAZE                      1

-  INDICATES NEGATIVE NUMBERS.
R  INDICATES RECORD WAS SET OR TIED.
MM INDICATES DATA IS MISSING.
T  INDICATES TRACE AMOUNT.
..................................................................
RECORDS/REMARKS
RECORD MAX TEMPERATURE OF 100 DEGREES TIED SEPTEMBER 19TH
THE JANUARY-SEPTEMBER TOTAL PRECIPITATION IS 23.15 INCHES.

$$
