000
CXUS54 KOUN 031434 CCA
CLMSPS

CLIMATE REPORT...CORRECTED HIGHEST/LOWEST TEMPERATURE DATES...
NATIONAL WEATHER SERVICE NORMAN OK
1142 AM CDT SAT AUG 1 2015

...................................

...THE WICHITA FALLS CLIMATE SUMMARY FOR THE MONTH OF JULY 2015...

CLIMATE NORMAL PERIOD 1981 TO 2010
CLIMATE RECORD PERIOD 1897 TO 2015

WEATHER         OBSERVED          NORMAL  DEPART  LAST YEAR`S
                 VALUE   DATE(S)  VALUE   FROM    VALUE  DATE(S)
                                          NORMAL
................................................................
TEMPERATURE (F)
RECORD
 HIGH             114   07/02/1980
                        07/03/1980
                        07/15/1978
 LOW               54   07/23/1970
                        07/05/1924
HIGHEST           102   07/30      105      -3      103  07/27
LOWEST             67   07/08        64       3       61  07/19
AVG. MAXIMUM     95.3              96.9    -1.6     91.1
AVG. MINIMUM     73.2              71.9     1.3     70.6
MEAN             84.3              84.4    -0.1     80.9
DAYS MAX >= 90     28              27.4     0.6       20
DAYS MAX <= 32      0               0.0     0.0        0
DAYS MIN <= 32      0               0.0     0.0        0
DAYS MIN <= 0       0               0.0     0.0        0

PRECIPITATION (INCHES)
RECORD
 MAXIMUM        11.86   1950
 MINIMUM         0.00   2003
TOTALS           2.79              1.59    1.20     5.53
DAILY AVG.       0.09              0.05    0.04     0.18
DAYS >= .01         5               5.0     0.0        9
DAYS >= .10         3               2.9     0.1        6
DAYS >= .50         2               1.1     0.9        3
DAYS >= 1.00        2               0.4     1.6        2
GREATEST
 24 HR. TOTAL    1.45   07/07 TO 07/07

DEGREE_DAYS
COOLING TOTAL     605               601       4
 SINCE 1/1       1297              1356     -59
.................................................................

WIND (MPH)
AVERAGE WIND SPEED              11.2
HIGHEST WIND SPEED/DIRECTION    41/340    DATE  07/31
HIGHEST GUST SPEED/DIRECTION    48/330    DATE  07/31


WEATHER CONDITIONS. NUMBER OF DAYS WITH
THUNDERSTORM              0     MIXED PRECIP               0
HEAVY RAIN                2     RAIN                       3
LIGHT RAIN                7     FREEZING RAIN              0
LT FREEZING RAIN          0     HAIL                       0
HEAVY SNOW                0     SNOW                       0
LIGHT SNOW                0     SLEET                      0
FOG                       4     FOG W/VIS <= 1/4 MILE      0
HAZE                      6

-  INDICATES NEGATIVE NUMBERS.
R  INDICATES RECORD WAS SET OR TIED.
MM INDICATES DATA IS MISSING.
T  INDICATES TRACE AMOUNT.
...................................................................
RECORD/REMARKS

RECORD COOLEST MAXIMUM TEMPERATURE OF 81 DEGREES SET ON THE 7TH.
RECORD COOLEST MAXIMUM TEMPERATURE OF 81 DEGREES TIED ON THE 8TH.
THE JANUARY THROUGH JULY TOTAL PRECIPITATION IS 32.09 INCHES.

$$
