000
CXUS54 KOUN 011405
CLMSPS

CLIMATE REPORT
NATIONAL WEATHER SERVICE NORMAN OK
845 AM CDT MON SEP 1 2014

...................................

...THE WICHITA FALLS CLIMATE SUMMARY FOR THE MONTH OF AUGUST 2014...

CLIMATE NORMAL PERIOD 1981 TO 2010
CLIMATE RECORD PERIOD 1897 TO 2014

WEATHER         OBSERVED          NORMAL  DEPART  LAST YEAR`S
                 VALUE   DATE(S)  VALUE   FROM    VALUE  DATE(S)
                                          NORMAL
................................................................
TEMPERATURE (F)
RECORD
 HIGH             113   08/06/1964
                        08/11/1936
 LOW               53   08/28/1992
HIGHEST           104   08/21,22,25 105      -1      108  08/07
LOWEST             65   08/1,2       62       3       65  08/17
                                                          08/16
AVG. MAXIMUM     97.2              96.6     0.6     97.3
AVG. MINIMUM     71.2              71.4    -0.2     71.7
MEAN             84.2              84.0     0.2     84.5
DAYS MAX >= 90     28              26.1     1.9       27
DAYS MAX <= 32      0               0.0     0.0        0
DAYS MIN <= 32      0               0.0     0.0        0
DAYS MIN <= 0       0               0.0     0.0        0

PRECIPITATION (INCHES)
RECORD
 MAXIMUM        11.05   1914
 MINIMUM         0.00   2000
                        1936
                        1913
TOTALS           2.04              2.50   -0.46     1.49
DAILY AVG.       0.07              0.08   -0.01     0.05
DAYS >= .01         5               6.2    -1.2        4
DAYS >= .10         3               3.9    -0.9        4
DAYS >= .50         2               1.6     0.4        1
DAYS >= 1.00        0               0.7    -0.7        1
GREATEST
 24 HR. TOTAL    0.94   08/10 TO 08/11

DEGREE_DAYS
COOLING TOTAL     604               589      15
 SINCE 1/1       1994              1945      49
.................................................................

WIND (MPH)
AVERAGE WIND SPEED              9.2
HIGHEST WIND SPEED/DIRECTION    53/280    DATE  08/10
HIGHEST GUST SPEED/DIRECTION    77/260    DATE  08/10


WEATHER CONDITIONS. NUMBER OF DAYS WITH
THUNDERSTORM              0     MIXED PRECIP               0
HEAVY RAIN                3     RAIN                       3
LIGHT RAIN                6     FREEZING RAIN              0
LT FREEZING RAIN          0     HAIL                       1
HEAVY SNOW                0     SNOW                       0
LIGHT SNOW                0     SLEET                      0
FOG                       6     FOG W/VIS <= 1/4 MILE      0
HAZE                      0

-  INDICATES NEGATIVE NUMBERS.
R  INDICATES RECORD WAS SET OR TIED.
MM INDICATES DATA IS MISSING.
T  INDICATES TRACE AMOUNT.

&&
.......................................................................

FROZEN PRECIPITATION ON THE 10TH FELLS AS HAIL.
JAN-AUG PRECIPITATION TOTAL IS 15.81 INCHES.

$$
