000
CXUS54 KOUN 011439
CLMSPS

CLIMATE REPORT
NATIONAL WEATHER SERVICE NORMAN OK
744 AM CST THU DEC 1 2016

...................................

...THE WICHITA FALLS CLIMATE SUMMARY FOR THE MONTH OF NOVEMBER 2016...

CLIMATE NORMAL PERIOD 1981 TO 2010
CLIMATE RECORD PERIOD 1897 TO 2016

WEATHER         OBSERVED          NORMAL  DEPART  LAST YEAR`S
                 VALUE   DATE(S)  VALUE   FROM    VALUE  DATE(S)
                                          NORMAL
................................................................
TEMPERATURE (F)
RECORD
 HIGH              89   11/09/1988
                        11/25/1965
 LOW               14   11/24/1950
HIGHEST            86   11/01        83       3       82  11/05
LOWEST             30   11/20        25       5       25  11/22
AVG. MAXIMUM     69.4              65.1     4.3     65.9
AVG. MINIMUM     47.1              40.3     6.8     42.1
MEAN             58.3              52.7     5.6     54.0
DAYS MAX >= 90      0               0.0     0.0        0
DAYS MAX <= 32      0               0.1    -0.1        0
DAYS MIN <= 32      2               5.8    -3.8        5
DAYS MIN <= 0       0               0.0     0.0        0

PRECIPITATION (INCHES)
RECORD
 MAXIMUM         7.39   1902
 MINIMUM         0.00   2005
                        1949
                        1912
TOTALS           1.82              1.65    0.17     5.19
DAILY AVG.       0.06              0.05    0.01     0.17
DAYS >= .01         3               5.3    -2.3       10
DAYS >= .10         3               3.0     0.0        6
DAYS >= .50         2               1.2     0.8        4
DAYS >= 1.00        0               0.5    -0.5        1
GREATEST
 24 HR. TOTAL    0.97   11/02 TO 11/02

SNOWFALL (INCHES)
TOTALS            0.0               0.3    -0.3
SINCE 7/1         0.0               0.3    -0.3

DEGREE_DAYS
HEATING TOTAL     218               381    -163
 SINCE 7/1        251               507    -256
.................................................................

WIND (MPH)
AVERAGE WIND SPEED              10.2
HIGHEST WIND SPEED/DIRECTION    31/180    DATE  11/17
HIGHEST GUST SPEED/DIRECTION    39/200    DATE  11/17


WEATHER CONDITIONS. NUMBER OF DAYS WITH
THUNDERSTORM              0     MIXED PRECIP               0
HEAVY RAIN                2     RAIN                       3
LIGHT RAIN                5     FREEZING RAIN              0
LT FREEZING RAIN          0     HAIL                       0
HEAVY SNOW                0     SNOW                       0
LIGHT SNOW                0     SLEET                      0
FOG                      11     FOG W/VIS <= 1/4 MILE      0
HAZE                     10

-  INDICATES NEGATIVE NUMBERS.
R  INDICATES RECORD WAS SET OR TIED.
MM INDICATES DATA IS MISSING.
T  INDICATES TRACE AMOUNT.

&&
.......................................................
RECORD EVENTS/REMARKS

RECORD MAXIMUM TEMPERATURE OF 84 DEGREES TIED ON THE 16TH.
6TH WARMEST NOVEMBER ON RECORD AT 58.3 DEGREES.
7TH WARMEST AUTUMN ON RECORD AT 68.6 DEGREES.
THE JANUARY THROUGH NOVEMBER 2016 TOTAL PRECIPITATION IS 36.34.

$$
