000
CXUS54 KOUN 011526
CLMSPS

CLIMATE REPORT
NATIONAL WEATHER SERVICE NORMAN OK
1024 AM CDT WED JUL 1 2015

...................................

...THE WICHITA FALLS CLIMATE SUMMARY FOR THE MONTH OF JUNE 2015...

CLIMATE NORMAL PERIOD 1981 TO 2010
CLIMATE RECORD PERIOD 1897 TO 2015

WEATHER         OBSERVED          NORMAL  DEPART  LAST YEAR`S
                 VALUE   DATE(S)  VALUE   FROM    VALUE  DATE(S)
                                          NORMAL
................................................................
TEMPERATURE (F)
RECORD
 HIGH             117   06/28/1980
 LOW               50   06/05/1928
HIGHEST            97               102      -5      106  06/04
LOWEST             60                58       2       61  06/11
                                                          06/09
AVG. MAXIMUM     90.5              91.4    -0.9     92.4
AVG. MINIMUM     69.4              67.6     1.8     70.4
MEAN             79.9              79.5     0.4     81.4
DAYS MAX >= 90     22              18.7     3.3       22
DAYS MAX <= 32      0               0.0     0.0        0
DAYS MIN <= 32      0               0.0     0.0        0
DAYS MIN <= 0       0               0.0     0.0        0

PRECIPITATION (INCHES)
RECORD
 MAXIMUM         8.60   1989
 MINIMUM            T   2001
                        1902
TOTALS           4.19              4.15    0.04     3.14
DAILY AVG.       0.14              0.14    0.00     0.10
DAYS >= .01         7               7.7    -0.7        6
DAYS >= .10         5               5.1    -0.1        4
DAYS >= .50         3               2.8     0.2        3
DAYS >= 1.00        2               1.4     0.6        1
GREATEST
 24 HR. TOTAL    3.16   06/12 TO 06/13

DEGREE_DAYS
COOLING TOTAL     454               436      18
 SINCE 1/1        692               755     -63
.................................................................

WIND (MPH)
AVERAGE WIND SPEED              10.4
HIGHEST WIND SPEED/DIRECTION    32/360    DATE  06/17
HIGHEST GUST SPEED/DIRECTION    38/010    DATE  06/17


WEATHER CONDITIONS. NUMBER OF DAYS WITH
THUNDERSTORM              0     MIXED PRECIP               0
HEAVY RAIN                2     RAIN                       6
LIGHT RAIN                9     FREEZING RAIN              0
LT FREEZING RAIN          0     HAIL                       0
HEAVY SNOW                0     SNOW                       0
LIGHT SNOW                0     SLEET                      0
FOG                       9     FOG W/VIS <= 1/4 MILE      0
HAZE                      2

-  INDICATES NEGATIVE NUMBERS.
R  INDICATES RECORD WAS SET OR TIED.
MM INDICATES DATA IS MISSING.
T  INDICATES TRACE AMOUNT.

$$
..................................................................
RECORD/REMARKS
THE JANUARY THROUGH JUNE TOTAL PRECIPITATION IS 29.30 INCHES.
