000
CXUS54 KOUN 011323
CLMSPS

CLIMATE REPORT
NATIONAL WEATHER SERVICE NORMAN OK
650 AM CST MON FEB 1 2016

...................................

...THE WICHITA FALLS CLIMATE SUMMARY FOR THE MONTH OF JANUARY 2016...

CLIMATE NORMAL PERIOD 1981 TO 2010
CLIMATE RECORD PERIOD 1897 TO 2016

WEATHER         OBSERVED          NORMAL  DEPART  LAST YEAR`S
                 VALUE   DATE(S)  VALUE   FROM    VALUE  DATE(S)
                                          NORMAL
................................................................
TEMPERATURE (F)
RECORD
 HIGH              87   01/08/1969
                        01/23/1943
 LOW              -12   01/04/1947
HIGHEST            82                76       6       80  01/28
LOWEST             19                13       6       14  01/08
AVG. MAXIMUM     55.1              54.2     0.9     52.2
AVG. MINIMUM     30.3              29.8     0.5     31.3
MEAN             42.7              42.0     0.7     41.7
DAYS MAX >= 90      0               0.0     0.0        0
DAYS MAX <= 32      0               1.4    -1.4        2
DAYS MIN <= 32     20              18.9     1.1       16
DAYS MIN <= 0       0               0.0     0.0        0

PRECIPITATION (INCHES)
RECORD
 MAXIMUM         4.48   1968
 MINIMUM         0.00   1914
                        1986
TOTALS           0.43              1.14   -0.71     2.17
DAILY AVG.       0.01              0.04   -0.03     0.07
DAYS >= .01         3               4.8    -1.8        6
DAYS >= .10         2               2.3    -0.3        4
DAYS >= .50         0               0.8    -0.8        2
DAYS >= 1.00        0               0.2    -0.2        0
GREATEST
 24 HR. TOTAL    0.30   01/16 TO 01/16

SNOWFALL (INCHES)
TOTALS            1.8               1.4     0.4
SINCE 7/1         2.6               2.7    -0.1

DEGREE_DAYS
HEATING TOTAL     684               713     -29
 SINCE 7/1       1569              1910    -341
.................................................................

WIND (MPH)
AVERAGE WIND SPEED              10.6
HIGHEST WIND SPEED/DIRECTION    31/200    DATE  01/29
HIGHEST GUST SPEED/DIRECTION    39/230    DATE  01/07


WEATHER CONDITIONS. NUMBER OF DAYS WITH
THUNDERSTORM              0     MIXED PRECIP               0
HEAVY RAIN                0     RAIN                       1
LIGHT RAIN                5     FREEZING RAIN              0
LT FREEZING RAIN          0     HAIL                       0
HEAVY SNOW                0     SNOW                       1
LIGHT SNOW                2     SLEET                      0
FOG                       8     FOG W/VIS <= 1/4 MILE      1
HAZE                      2

-  INDICATES NEGATIVE NUMBERS.
R  INDICATES RECORD WAS SET OR TIED.
MM INDICATES DATA IS MISSING.
T  INDICATES TRACE AMOUNT.
..................................................................
RECORDS/REMARKS
NEW RECORD DAILY SNOWFALL OF 1.8 INCHES SET JANUARY 16TH.
NEW RECORD MAX TEMPERATURE OF 82 DEGREES SET JANUARY 30TH.
THE TOTAL PRECIPITATION FOR 2016 IS 0.43 INCHES.

$$
