000
CXUS54 KOUN 011855 CCB
CLMSPS

CLIMATE REPORT
NATIONAL WEATHER SERVICE NORMAN OK
844 AM CST FRI DEC 1 2017

...................................

...THE WICHITA FALLS CLIMATE SUMMARY FOR THE MONTH OF NOVEMBER
2017...

CLIMATE NORMAL PERIOD 1981 TO 2010
CLIMATE RECORD PERIOD 1897 TO 2017

WEATHER         OBSERVED          NORMAL  DEPART  LAST YEAR`S
                 VALUE   DATE(S)  VALUE   FROM    VALUE
                                          NORMAL
.............................................................
TEMPERATURE (F)
RECORD
 HIGH              90   11/04/2017
                        11/02/2017
                        08/11/1936
 LOW               14   11/24/1950
HIGHEST            90R  11/ 2 & 4    83       7       86
LOWEST             29   11/22        25       4       30
AVG. MAXIMUM     69.7              65.1     4.6     69.4
AVG. MINIMUM     42.8              40.3     2.5     47.1
MEAN             56.3              52.7     3.6     58.3
DAYS MAX >= 90      2               0.0     2.0        0
DAYS MAX <= 32      0               0.1    -0.1        0
DAYS MIN <= 32      3               5.8    -2.8        2
DAYS MIN <= 0       0               0.0     0.0        0

PRECIPITATION (INCHES)
RECORD
 MAXIMUM         7.39   1902
 MINIMUM         0.00   2005
                        1949
                        1912
TOTALS           0.10              1.65   -1.55     1.82
DAILY AVG.       0.00              0.05   -0.05     0.06
DAYS >= .01         1               5.3    -4.3        3
DAYS >= .10         1               3.0    -2.0        3
DAYS >= .50         0               1.2    -1.2        2
DAYS >= 1.00        0               0.5    -0.5        0
GREATEST
 24 HR. TOTAL    0.10   11/08 TO 11/08

SNOWFALL (INCHES)
TOTALS            0.0               0.3    -0.3
SINCE 7/1         0.0               0.3    -0.3

DEGREE_DAYS
HEATING TOTAL     277               381    -104
 SINCE 7/1        414               507     -93
..............................................................

WIND (MPH)
AVERAGE WIND SPEED              11.2
HIGHEST WIND SPEED/DIRECTION    38/340    DATE  11/18
HIGHEST GUST SPEED/DIRECTION    46/330    DATE  11/18


WEATHER CONDITIONS. NUMBER OF DAYS WITH
THUNDERSTORM              0     MIXED PRECIP               0
HEAVY RAIN                0     RAIN                       0
LIGHT RAIN                2     FREEZING RAIN              0
LT FREEZING RAIN          0     HAIL                       0
HEAVY SNOW                0     SNOW                       0
LIGHT SNOW                0     SLEET                      0
FOG                       7     FOG W/VIS <= 1/4 MILE      1
HAZE                      5

-  INDICATES NEGATIVE NUMBERS.
R  INDICATES RECORD WAS SET OR TIED.
MM INDICATES DATA IS MISSING.
T  INDICATES TRACE AMOUNT.


&&
.........................................................
RECORDS/REMARKS

RECORD MAXIMUM TEMPERATURE OF 87 DEGREES TIED ON THE 1ST.
RECORD MAXIMUM TEMPERATURE OF 90 DEGREES SET ON THE 2ND.
RECORD MAXIMUM MONTHLY TEMPERATURE OF 90 DEGREES SET ON THE 2ND.
RECORD MAXIMUM TEMPERATURE OF 90 DEGREES SET ON THE 4TH.
RECORD MAXIMUM MONTHLY TEMPERATURE OF 90 DEGREES TIED  ON THE 4TH.
RECORD MAXIMUM TEMPERATURE OF 89 DEGREES SET ON THE 5TH.
TIED FOR THE 14TH DRIEST NOVEMBER ON RECORD.
JANUARY-NOVEMBER TOTAL PRECIPITATION IS 24.62 INCHES.
$$
