000
CXUS52 KTBW 011346
CLMSRQ


CLIMATE REPORT
NATIONAL WEATHER SERVICE TAMPA BAY FL
945 AM EDT MON AUG 1 2016

...................................

...THE SARASOTA BRADENTON CLIMATE SUMMARY FOR THE MONTH OF JULY 2016...

            ...WARMEST JULY SINCE RECORDS BEGAN IN 1911...

CLIMATE NORMAL PERIOD 1981 TO 2010
CLIMATE RECORD PERIOD 1911 TO 2016

WEATHER         OBSERVED          NORMAL  DEPART  LAST YEAR`S
                 VALUE   DATE(S)  VALUE   FROM    VALUE  DATE(S)
                                          NORMAL
................................................................
TEMPERATURE (F)
ALL-TIME JULY RECORD
 HIGH             101   07/23/1971
 LOW               62   07/15/1984

JULY 2016
HIGHEST            97   07/27        MM      MM       97  07/11
LOWEST             74   07/31        MM      MM       70  07/08
                        07/23                             07/06
                        07/13
AVG. MAXIMUM     93.8              89.8     4.0     89.5
AVG. MINIMUM     77.1              75.0     2.1     75.3
MEAN             85.4              82.4     3.0     82.4
DAYS MAX >= 90     31              14.4    16.6       16
DAYS MAX <= 32      0               0.0     0.0        0
DAYS MIN <= 32      0               0.0     0.0        0
DAYS MIN <= 0       0               0.0     0.0        0

PRECIPITATION (INCHES)
ALL-TIME JULY RECORD
 MAXIMUM        24.47   1950
 MINIMUM         0.93   1970

JULY 2016
TOTALS           6.21              7.98   -1.77     6.81
DAILY AVG.       0.20              0.26   -0.06     0.22
DAYS >= .01        16                MM      MM       17
DAYS >= .10        11                MM      MM       12
DAYS >= .50         5                MM      MM        5
DAYS >= 1.00        1                MM      MM        1
GREATEST
 24 HR. TOTAL    1.10   07/31 TO 07/31
                        07/30 TO 07/31
                        07/31 TO 07/31

DEGREE_DAYS
HEATING TOTAL       0                 0       0        0
 SINCE 7/1          0                 0       0        0
COOLING TOTAL     640               539     101      547
 SINCE 1/1       2161              1762     399     2088
.................................................................

WIND (MPH)
AVERAGE WIND SPEED              6.1
HIGHEST WIND SPEED/DIRECTION    30/150    DATE  07/16
HIGHEST GUST SPEED/DIRECTION    39/140    DATE  07/16

SKY COVER (DOES NOT INCLUDE ANY CLOUDS ABOVE 12000 FEET)
POSSIBLE SUNSHINE (PERCENT)   MM
AVERAGE SKY COVER           0.10
NUMBER OF DAYS FAIR           31
NUMBER OF DAYS PC              0
NUMBER OF DAYS CLOUDY          0

AVERAGE RH (PERCENT)     68

WEATHER CONDITIONS. NUMBER OF DAYS WITH
THUNDERSTORM             28     MIXED PRECIP               0
HEAVY RAIN               10     RAIN                      12
LIGHT RAIN               23     FREEZING RAIN              0
LT FREEZING RAIN          0     HAIL                       0
HEAVY SNOW                0     SNOW                       0
LIGHT SNOW                0     SLEET                      0
FOG                       4     FOG W/VIS <= 1/4 MILE      0
HAZE                      3
.................................................................

REMARKS
THE JULY 2016 MONTHLY AVERAGE TEMPERATURE OF 85.4 DEGREES RANKS
AS THE WARMEST JULY SINCE RECORDS BEGAN IN 1911. THE PREVIOUS
WARMEST JULY HAD AN AVERAGE TEMPERATURE OF 84.2 DEGREES WHICH
OCCURRED IN 1998.

THE JULY 2016 MONTHLY RAINFALL TOTAL OF 6.21 INCHES RANKS AS
THE 72ND WETTEST/34TH DRIEST JULY SINCE RECORDS BEGAN IN 1911.


-  INDICATES NEGATIVE NUMBERS.
R  INDICATES RECORD WAS SET OR TIED.
MM INDICATES DATA IS MISSING.
T  INDICATES TRACE AMOUNT.

$$
