000
CXUS52 KJAX 011309
CLMSSI

CLIMATE REPORT
NATIONAL WEATHER SERVICE JACKSONVILLE
859 AM EDT TUE APR 1 2014

...................................

...THE ST SIMONS ISLAND CLIMATE SUMMARY FOR THE MONTH OF MARCH 2014...

CLIMATE NORMAL PERIOD 1981 TO 2010
CLIMATE RECORD PERIOD 1948 TO 2014

WEATHER         OBSERVED          NORMAL  DEPART
                 VALUE   DATE(S)  VALUE   FROM
                                          NORMAL
................................................
TEMPERATURE (F)
RECORD
 HIGH              90   03/22/2011
                        03/12/1967
 LOW               22   03/03/1980
HIGHEST            81   03/03        69      12
LOWEST             37   03/14        52     -15
AVG. MAXIMUM     67.1              68.9    -1.8
AVG. MINIMUM     48.6              51.7    -3.1
MEAN             57.9              60.3    -2.4
DAYS MAX >= 90      0               0.0     0.0
DAYS MAX <= 32      0               0.0     0.0
DAYS MIN <= 32      0               0.3    -0.3
DAYS MIN <= 0       0               0.0     0.0

PRECIPITATION (INCHES)
RECORD
 MAXIMUM        10.71   1983
 MINIMUM         0.26   2006
TOTALS           2.54              3.88   -1.34
DAILY AVG.       0.08              0.13   -0.05
DAYS >= .01        10               7.5     2.5
DAYS >= .10         9               5.3     3.7
DAYS >= .50         1               2.6    -1.6
DAYS >= 1.00        0               1.1    -1.1
GREATEST
 24 HR. TOTAL    0.84   03/17 TO 03/17
 STORM TOTAL       MM
 (MM/DD(HH))            MM

SNOWFALL (INCHES)
RECORDS
 TOTAL              T   1986
                        1980
 24 HR TOTAL        T   03/01/1986 TO 03/01/1986
                        03/13/1980 TO 03/13/1980
TOTALS            0.0               0.0     0.0
 LIQUID EQUIV    0.00              0.00    0.00
SINCE 7/1           T               0.2    -0.2
 LIQUID 7/1        MM
DAYS >= TRACE       0               0.0     0.0
DAYS >= 1.0         0               0.0     0.0
GREATEST
 SNOW DEPTH         0   MM
 24 HR TOTAL      0.0   03/31 TO 03/31
 STORM TOTAL       MM
 (MM/DD(HH))            MM

DEGREE_DAYS
HEATING TOTAL     228               177      51
 SINCE 7/1       1456              1428      28
COOLING TOTAL      14                31     -17
 SINCE 1/1         22                40     -18

FREEZE DATES
RECORD
 EARLIEST     11/03/1954
 LATEST       03/31/1964
EARLIEST                        12/20
LATEST                          02/14
.................................................

WIND (MPH)
AVERAGE WIND SPEED              8.2
HIGHEST WIND SPEED/DIRECTION    26/030    DATE  03/06
HIGHEST GUST SPEED/DIRECTION    37/270    DATE  03/25

SKY COVER
POSSIBLE SUNSHINE (PERCENT)   MM
AVERAGE SKY COVER           0.40
NUMBER OF DAYS FAIR           18
NUMBER OF DAYS PC              6
NUMBER OF DAYS CLOUDY          7

AVERAGE RH (PERCENT)     71

WEATHER CONDITIONS. NUMBER OF DAYS WITH
THUNDERSTORM              0     MIXED PRECIP               0
HEAVY RAIN                3     RAIN                       6
LIGHT RAIN               14     FREEZING RAIN              0
LT FREEZING RAIN          0     HAIL                       0
HEAVY SNOW                0     SNOW                       0
LIGHT SNOW                0     SLEET                      0
FOG                      17     FOG W/VIS <= 1/4 MILE      4
HAZE                      0

-  INDICATES NEGATIVE NUMBERS.
R  INDICATES RECORD WAS SET OR TIED.
MM INDICATES DATA IS MISSING.
T  INDICATES TRACE AMOUNT.

$$
