000
CXUS52 KJAX 031831
CLMSSI

CLIMATE REPORT
NATIONAL WEATHER SERVICE JACKSONVILLE FL
226 PM EDT WED SEP 3 2014

...................................

...THE ST SIMONS ISLAND CLIMATE SUMMARY FOR THE MONTH OF AUGUST 2014...

CLIMATE NORMAL PERIOD 1981 TO 2010
CLIMATE RECORD PERIOD 1948 TO 2014

WEATHER         OBSERVED          NORMAL  DEPART
                 VALUE   DATE(S)  VALUE   FROM
                                          NORMAL
................................................
TEMPERATURE (F)
RECORD
 HIGH             101   08/11/2011
 LOW               62   08/25/1957
HIGHEST            99   08/23        88      11
LOWEST             68   08/28        74      -6
AVG. MAXIMUM     90.0              88.7     1.3
AVG. MINIMUM     75.3              75.0     0.3
MEAN             82.6              81.8     0.8
DAYS MAX >= 90     16              10.1     5.9
DAYS MAX <= 32      0               0.0     0.0
DAYS MIN <= 32      0               0.0     0.0
DAYS MIN <= 0       0               0.0     0.0

PRECIPITATION (INCHES)
RECORD
 MAXIMUM        18.16   1969
 MINIMUM         1.16   1980
TOTALS           4.80              6.27   -1.47
DAILY AVG.       0.15              0.20   -0.05
DAYS >= .01        13              12.4     0.6
DAYS >= .10         8               8.7    -0.7
DAYS >= .50         2               3.9    -1.9
DAYS >= 1.00        1               2.3    -1.3
GREATEST
 24 HR. TOTAL    2.05   08/24 TO 08/24
 STORM TOTAL       MM
 (MM/DD(HH))            MM

SNOWFALL (INCHES)
RECORDS
 TOTAL             MM   MM
 24 HR TOTAL       MM
TOTALS            0.0               0.0     0.0
 LIQUID EQUIV    0.00              0.00    0.00
SINCE 7/1         0.0               0.0     0.0
 LIQUID 7/1      0.00
DAYS >= TRACE       0               0.0     0.0
DAYS >= 1.0         0               0.0     0.0
GREATEST
 SNOW DEPTH         0   MM
 24 HR TOTAL      0.0   08/31 TO 08/31
 STORM TOTAL       MM
 (MM/DD(HH))            MM

DEGREE_DAYS
HEATING TOTAL       0                 0       0
 SINCE 7/1          0                 0       0
COOLING TOTAL     556               522      34
 SINCE 1/1       2005              1976      29

FREEZE DATES
RECORD
 EARLIEST     11/03/1954
 LATEST       03/31/1964
EARLIEST                        12/20
LATEST                          02/14
.................................................

WIND (MPH)
AVERAGE WIND SPEED              7.8
HIGHEST WIND SPEED/DIRECTION    24/060    DATE  08/24
HIGHEST GUST SPEED/DIRECTION    34/050    DATE  08/24

SKY COVER
POSSIBLE SUNSHINE (PERCENT)   MM
AVERAGE SKY COVER           0.20
NUMBER OF DAYS FAIR           23
NUMBER OF DAYS PC              7
NUMBER OF DAYS CLOUDY          1

AVERAGE RH (PERCENT)     75

WEATHER CONDITIONS. NUMBER OF DAYS WITH
THUNDERSTORM              0     MIXED PRECIP               0
HEAVY RAIN                6     RAIN                       6
LIGHT RAIN               13     FREEZING RAIN              0
LT FREEZING RAIN          0     HAIL                       0
HEAVY SNOW                0     SNOW                       0
LIGHT SNOW                0     SLEET                      0
FOG                       9     FOG W/VIS <= 1/4 MILE      0
HAZE                      3

-  INDICATES NEGATIVE NUMBERS.
R  INDICATES RECORD WAS SET OR TIED.
MM INDICATES DATA IS MISSING.
T  INDICATES TRACE AMOUNT.

$$
