000
CXUS53 KEAX 020746
CLMSTJ

STLCLMWK1 000
TTAA00 KEAX 020744


CLIMATE REPORT
NATIONAL WEATHER SERVICE KANSAS CITY/PLEASANT HILL MO
242 AM CDT WED JUL 2 2014

...................................

...THE ST. JOSEPH MO CLIMATE SUMMARY FOR THE MONTH OF JUNE 2014...

CLIMATE NORMAL PERIOD 1981 TO 2010
CLIMATE RECORD PERIOD 1892 TO 2014

WEATHER         OBSERVED          NORMAL  DEPART  LAST YEAR`S
                 VALUE   DATE(S)  VALUE   FROM    VALUE  DATE(S)
                                          NORMAL
................................................................
TEMPERATURE (F)
RECORD
 HIGH             105   06/27/1980
                        06/19/1936
 LOW               41   06/01/1982
HIGHEST            92   06/18        95      -3       96  06/12
LOWEST             50   06/13        50       0       44  06/03
AVG. MAXIMUM     84.1              84.0     0.1     83.8
AVG. MINIMUM     64.1              63.3     0.8     63.0
MEAN             74.1              73.6     0.5     73.4
DAYS MAX >= 90      5               8.1    -3.1        7
DAYS MAX <= 32      0               0.0     0.0        0
DAYS MIN <= 32      0               0.0     0.0        0
DAYS MIN <= 0       0               0.0     0.0        0

PRECIPITATION (INCHES)
RECORD
 MAXIMUM        15.71   1943
 MINIMUM         0.97   1988
TOTALS           7.91              4.18    3.73     2.09
DAILY AVG.       0.26              0.14    0.12     0.07
DAYS >= .01        15              10.4     4.6        9
DAYS >= .10        11               6.9     4.1        6
DAYS >= .50         6               3.2     2.8        2
DAYS >= 1.00        2               1.4     0.6        0
GREATEST
 24 HR. TOTAL    2.67   06/03 TO 06/04

DEGREE_DAYS
HEATING TOTAL       1                 8      -7       15
 SINCE 7/1       6270              5458     812     5614
COOLING TOTAL     279               267      12      275
 SINCE 1/1        440               380      60      401
.................................................................

WIND (MPH)
AVERAGE WIND SPEED              9.4
HIGHEST WIND SPEED/DIRECTION    43/150    DATE  06/27
HIGHEST GUST SPEED/DIRECTION    50/360    DATE  06/03

SKY COVER
POSSIBLE SUNSHINE (PERCENT)   MM
AVERAGE SKY COVER           0.30
NUMBER OF DAYS FAIR           20
NUMBER OF DAYS PC             10
NUMBER OF DAYS CLOUDY          0

AVERAGE RH (PERCENT)     73

WEATHER CONDITIONS. NUMBER OF DAYS WITH
THUNDERSTORM              0     MIXED PRECIP               0
HEAVY RAIN                9     RAIN                       9
LIGHT RAIN               17     FREEZING RAIN              0
LT FREEZING RAIN          0     HAIL                       0
HEAVY SNOW                0     SNOW                       0
LIGHT SNOW                0     SLEET                      0
FOG                      20     FOG W/VIS <= 1/4 MILE      3
HAZE                      3

-  INDICATES NEGATIVE NUMBERS.
R  INDICATES RECORD WAS SET OR TIED.
MM INDICATES DATA IS MISSING.
T  INDICATES TRACE AMOUNT.

$$
