000
CXUS53 KEAX 011603 CCA
CLMSTJ

CLIMATE REPORT....CORRECTED
NATIONAL WEATHER SERVICE KANSAS CITY/PLEASANT HILL MO
125 AM CST THU JAN 1 2015

...................................

...THE ST. JOSEPH MO CLIMATE SUMMARY FOR THE MONTH OF
DECEMBER 2014...

CLIMATE NORMAL PERIOD 1981 TO 2010
CLIMATE RECORD PERIOD 1892 TO 2014

WEATHER         OBSERVED          NORMAL  DEPART  LAST YEAR`S
                 VALUE   DATE(S)  VALUE   FROM    VALUE  DATE(S)
                                          NORMAL
................................................................
TEMPERATURE (F)
RECORD
 HIGH              73   12/01/1982
 LOW              -24   12/23/1989
HIGHEST            62   12/14        61       1       63  12/18
LOWEST              1   12/31        -2       3      -11  12/23
AVG. MAXIMUM     40.3              39.2     1.1     36.7
AVG. MINIMUM     26.8              19.7     7.1     11.6
MEAN             33.5              29.4     4.1     24.2
DAYS MAX >= 90      0               0.0     0.0        0
DAYS MAX <= 32      7               9.6    -2.6       14
DAYS MIN <= 32     22              27.8    -5.8       31
DAYS MIN <= 0       0               3.2    -3.2        5

PRECIPITATION (INCHES)
RECORD
 MAXIMUM         4.77   1982
 MINIMUM            T   2002
TOTALS           0.96              1.52   -0.56     0.37
DAILY AVG.       0.03              0.05   -0.02     0.01
DAYS >= .01         6               6.1    -0.1        3
DAYS >= .10         4               2.8     1.2        1
DAYS >= .50         0               1.1    -1.1        0
DAYS >= 1.00        0               0.2    -0.2        0
GREATEST
 24 HR. TOTAL    0.40   12/14 TO 12/15

DEGREE_DAYS
HEATING TOTAL     966              1102    -136     1259
 SINCE 7/1       2212              2213      -1     2428
COOLING TOTAL       0                 0       0        0
 SINCE 1/1       1182              1221     -39     1285
.................................................................

WIND (MPH)
AVERAGE WIND SPEED              8.8
HIGHEST WIND SPEED/DIRECTION    30/170    DATE  12/25
HIGHEST GUST SPEED/DIRECTION    37/170    DATE  12/25

SKY COVER
POSSIBLE SUNSHINE (PERCENT)   MM
AVERAGE SKY COVER           0.70
NUMBER OF DAYS FAIR            8
NUMBER OF DAYS PC              6
NUMBER OF DAYS CLOUDY         17

AVERAGE RH (PERCENT)     78

WEATHER CONDITIONS. NUMBER OF DAYS WITH
THUNDERSTORM              0     MIXED PRECIP               0
HEAVY RAIN                0     RAIN                       3
LIGHT RAIN                9     FREEZING RAIN              0
LT FREEZING RAIN          0     HAIL                       0
HEAVY SNOW                0     SNOW                       1
LIGHT SNOW                2     SLEET                      0
FOG                      21     FOG W/VIS <= 1/4 MILE      1
HAZE                      4

-  INDICATES NEGATIVE NUMBERS.
R  INDICATES RECORD WAS SET OR TIED.
MM INDICATES DATA IS MISSING.
T  INDICATES TRACE AMOUNT.

$$
