000
CXUS53 KEAX 010817 RRA
CLMSTJ

CLIMATE REPORT
NATIONAL WEATHER SERVICE KANSAS CITY/PLEASANT HILL MO
212 AM CST THU FEB 1 2018

...................................

...THE ST. JOSEPH MO CLIMATE SUMMARY FOR THE MONTH OF JANUARY 2018...

CLIMATE NORMAL PERIOD 1981 TO 2010
CLIMATE RECORD PERIOD 1892 TO 2018

WEATHER         OBSERVED          NORMAL  DEPART  LAST YEAR`S
                 VALUE   DATE(S)  VALUE   FROM    VALUE  DATE(S)
                                          NORMAL
................................................................
TEMPERATURE (F)
RECORD
 HIGH              73   MM
 LOW              -17   01/04/2010
HIGHEST            62   01/25        60       2       61  01/30
LOWEST            -14   01/01        -3     -11       -6  01/07
AVG. MAXIMUM     40.0              37.1     2.9     40.7
AVG. MINIMUM     17.2              17.4    -0.2     24.5
MEAN             28.7              27.2     1.5     33.6
DAYS MAX >= 90      0               0.0     0.0        0
DAYS MAX <= 32      9              10.5    -1.5        6
DAYS MIN <= 32     21              28.9    -7.9       22
DAYS MIN <= 0       4               3.0     1.0        1

PRECIPITATION (INCHES)
RECORD
 MAXIMUM         4.55   1949
 MINIMUM         0.00   2000
TOTALS           0.77              0.56    0.21     0.97
DAILY AVG.       0.03              0.02    0.01     0.03
DAYS >= .01         4               4.9    -0.9        7
DAYS >= .10         3               1.9     1.1        3
DAYS >= .50         0               0.2    -0.2        0
DAYS >= 1.00        0               0.0     0.0        0
GREATEST
 24 HR. TOTAL    0.45   01/21 TO 01/21

DEGREE_DAYS
HEATING TOTAL     831              1170    -339      812
 SINCE 7/1       2896              3383    -487     2632
COOLING TOTAL       0                 0       0        0
 SINCE 1/1          0                 0       0        0
.................................................................

WIND (MPH)
AVERAGE WIND SPEED              9.6
HIGHEST WIND SPEED/DIRECTION    37/200    DATE  01/26
HIGHEST GUST SPEED/DIRECTION    46/330    DATE  01/22

SKY COVER
POSSIBLE SUNSHINE (PERCENT)    0
AVERAGE SKY COVER           0.30
NUMBER OF DAYS FAIR           22
NUMBER OF DAYS PC              5
NUMBER OF DAYS CLOUDY          4

AVERAGE RH (PERCENT)     63

WEATHER CONDITIONS. NUMBER OF DAYS WITH
THUNDERSTORM              2     MIXED PRECIP               0
HEAVY RAIN                1     RAIN                       2
LIGHT RAIN                5     FREEZING RAIN              0
LT FREEZING RAIN          0     HAIL                       0
HEAVY SNOW                0     SNOW                       1
LIGHT SNOW                2     SLEET                      0
FOG                      12     FOG W/VIS <= 1/4 MILE      3
HAZE                      4

-  INDICATES NEGATIVE NUMBERS.
R  INDICATES RECORD WAS SET OR TIED.
MM INDICATES DATA IS MISSING.
T  INDICATES TRACE AMOUNT.

$$
