000
CXUS53 KEAX 010639
CLMSTJ

STLCLMWK1 000
TTAA00 KEAX 010636


CLIMATE REPORT
NATIONAL WEATHER SERVICE KANSAS CITY/PLEASANT HILL MO
1236 AM CST MON DEC 1 2014

...................................

...THE ST. JOSEPH MO CLIMATE SUMMARY FOR THE MONTH OF NOVEMBER 2014...

CLIMATE NORMAL PERIOD 1981 TO 2010
CLIMATE RECORD PERIOD 1892 TO 2014

WEATHER         OBSERVED          NORMAL  DEPART  LAST YEAR`S
                 VALUE   DATE(S)  VALUE   FROM    VALUE  DATE(S)
                                          NORMAL
................................................................
TEMPERATURE (F)
RECORD
 HIGH              82   11/13/1999
                        11/01/1990
                        11/08/1980
 LOW               -5   11/08/1991
HIGHEST            71   11/05        74      -3       72  11/16
                        11/03
LOWEST              6   11/14        14      -8       11  11/24
                                                          11/23
AVG. MAXIMUM     46.7              52.9    -6.2     51.3
AVG. MINIMUM     23.9              31.0    -7.1     27.3
MEAN             35.3              41.9    -6.6     39.3
DAYS MAX >= 90      0               0.0     0.0        0
DAYS MAX <= 32      7               1.7     5.3        4
DAYS MIN <= 32     25              16.2     8.8       23
DAYS MIN <= 0       0               0.1    -0.1        0

PRECIPITATION (INCHES)
RECORD
 MAXIMUM         8.35   1931
 MINIMUM         0.00   1904
                        1989
TOTALS           0.24              1.55   -1.31     1.93
DAILY AVG.       0.01              0.05   -0.04     0.06
DAYS >= .01         4               5.8    -1.8        6
DAYS >= .10         1               3.3    -2.3        4
DAYS >= .50         0               1.1    -1.1        2
DAYS >= 1.00        0               0.4    -0.4        0
GREATEST
 24 HR. TOTAL    0.19   11/22 TO 11/23

DEGREE_DAYS
HEATING TOTAL     883               692     191      764
 SINCE 7/1       1246              1111     135     1169
COOLING TOTAL       0                 1      -1        0
 SINCE 1/1       1182              1221     -39     1285
.................................................................

WIND (MPH)
AVERAGE WIND SPEED              11.3
HIGHEST WIND SPEED/DIRECTION    36/340    DATE  11/23
HIGHEST GUST SPEED/DIRECTION    44/320    DATE  11/24

SKY COVER
POSSIBLE SUNSHINE (PERCENT)   MM
AVERAGE SKY COVER           0.30
NUMBER OF DAYS FAIR           20
NUMBER OF DAYS PC              7
NUMBER OF DAYS CLOUDY          3

AVERAGE RH (PERCENT)     65

WEATHER CONDITIONS. NUMBER OF DAYS WITH
THUNDERSTORM              0     MIXED PRECIP               0
HEAVY RAIN                0     RAIN                       0
LIGHT RAIN                5     FREEZING RAIN              0
LT FREEZING RAIN          0     HAIL                       0
HEAVY SNOW                0     SNOW                       0
LIGHT SNOW                3     SLEET                      0
FOG                       7     FOG W/VIS <= 1/4 MILE      2
HAZE                      2

-  INDICATES NEGATIVE NUMBERS.
R  INDICATES RECORD WAS SET OR TIED.
MM INDICATES DATA IS MISSING.
T  INDICATES TRACE AMOUNT.

$$
