000
CXUS53 KEAX 040341
CLMSTJ

CLIMATE REPORT
NATIONAL WEATHER SERVICE KANSAS CITY/PLEASANT HILL MO
936 PM CST FRI MAR 3 2017

...................................

...THE ST. JOSEPH MO CLIMATE SUMMARY FOR THE SEASON, FROM
12/1/2016 TO 2/28/2017...

CLIMATE NORMAL PERIOD 1981 TO 2010
CLIMATE RECORD PERIOD 1892 TO 2017

WEATHER         OBSERVED          NORMAL  DEPART  LAST YEAR`S
                 VALUE   DATE(S)  VALUE   FROM    VALUE  DATE(S)
                                          NORMAL
................................................................
TEMPERATURE (F)
RECORD
 HIGH              83   02/24/1930
 LOW              -25   01/12/1974
HIGHEST            77   02/22        65      12       76  02/20
LOWEST            -11   12/18        -3      -8      -10  01/18
AVG. MAXIMUM     44.7              39.5     5.2     45.1
AVG. MINIMUM     22.9              19.5     3.4     23.3
MEAN             33.8              29.5     4.3     34.2
DAYS MAX >= 90      0               0.0     0.0        0
DAYS MAX <= 32     18              27.6    -9.6       16
DAYS MIN <= 32     73              80.7    -7.7       78
DAYS MIN <= 0       3               8.6    -5.6        2

PRECIPITATION (INCHES)
RECORD
 MAXIMUM         7.30   1985
 MINIMUM         0.24   2003
TOTALS           1.02              3.01   -1.99     3.16
DAILY AVG.       0.01              0.03   -0.02     0.03
DAYS >= .01         9              16.2    -7.2       13
DAYS >= .10         3               7.2    -4.2        7
DAYS >= .50         0               1.9    -1.9        1
DAYS >= 1.00        0               0.3    -0.3        1
GREATEST
 24 HR. TOTAL    0.61   MM

DEGREE_DAYS
HEATING TOTAL    2622              3197    -575     2782
COOLING TOTAL       0                 0       0        0
.................................................................

WIND (MPH)
AVERAGE WIND SPEED              8.7
HIGHEST WIND SPEED/DIRECTION    38/240    DATE  12/25
HIGHEST GUST SPEED/DIRECTION    49/240    DATE  12/25

SKY COVER
POSSIBLE SUNSHINE (PERCENT)    0
AVERAGE SKY COVER           0.40
NUMBER OF DAYS FAIR           47
NUMBER OF DAYS PC             25
NUMBER OF DAYS CLOUDY         18

AVERAGE RH (PERCENT)     69

WEATHER CONDITIONS. NUMBER OF DAYS WITH
THUNDERSTORM              0     MIXED PRECIP               0
HEAVY RAIN                2     RAIN                       4
LIGHT RAIN               15     FREEZING RAIN              0
LT FREEZING RAIN          3     HAIL                       0
HEAVY SNOW                1     SNOW                       1
LIGHT SNOW                6     SLEET                      0
FOG                      37     FOG W/VIS <= 1/4 MILE     15
HAZE                     10

-  INDICATES NEGATIVE NUMBERS.
R  INDICATES RECORD WAS SET OR TIED.
MM INDICATES DATA IS MISSING.
T  INDICATES TRACE AMOUNT.

$$
