000
CXUS53 KEAX 020341 RRA
CLMSTJ

STLCLMWK1 000
TTAA00 KEAX 010750


CLIMATE REPORT
NATIONAL WEATHER SERVICE KANSAS CITY/PLEASANT HILL MO
249 AM CDT TUE SEP 1 2015

...................................

...THE ST. JOSEPH MO CLIMATE SUMMARY FOR THE MONTH OF AUGUST 2015...

CLIMATE NORMAL PERIOD 1981 TO 2010
CLIMATE RECORD PERIOD 1892 TO 2015

WEATHER         OBSERVED          NORMAL  DEPART  LAST YEAR`S
                 VALUE   DATE(S)  VALUE   FROM    VALUE  DATE(S)
                                          NORMAL
................................................................
TEMPERATURE (F)
RECORD
 HIGH             110   08/13/1936
                        08/10/1934
 LOW               41   08/28/1986
HIGHEST            91   08/07        98      -7       95  08/24
LOWEST             46   08/24        51      -5       53  08/13
                                                          08/12
AVG. MAXIMUM     83.6              86.3    -2.7     86.0
AVG. MINIMUM     62.4              64.3    -1.9     66.2
MEAN             73.0              75.3    -2.3     76.1
DAYS MAX >= 90      3              11.2    -8.2        7
DAYS MAX <= 32      0               0.0     0.0        0
DAYS MIN <= 32      0               0.0     0.0        0
DAYS MIN <= 0       0               0.0     0.0        0

PRECIPITATION (INCHES)
RECORD
 MAXIMUM        11.54   1944
 MINIMUM         0.38   1984
TOTALS             MM              3.98      MM     2.46
DAILY AVG.         MM              0.13      MM     0.08
DAYS >= .01         3               8.0    -5.0       11
DAYS >= .10         1               4.7    -3.7        5
DAYS >= .50         0               2.6    -2.6        2
DAYS >= 1.00        0               1.4    -1.4        0
GREATEST
 24 HR. TOTAL      MM

DEGREE_DAYS
HEATING TOTAL       4                 4       0        0
 SINCE 7/1          4                 5      -1        6
COOLING TOTAL     260               323     -63      350
 SINCE 1/1       1027              1077     -50     1049
.................................................................

WIND (MPH)
AVERAGE WIND SPEED              5.8
HIGHEST WIND SPEED/DIRECTION    28/210    DATE  08/04
HIGHEST GUST SPEED/DIRECTION    39/180    DATE  08/04

SKY COVER
POSSIBLE SUNSHINE (PERCENT)   MM
AVERAGE SKY COVER           0.20
NUMBER OF DAYS FAIR           25
NUMBER OF DAYS PC              5
NUMBER OF DAYS CLOUDY          1

AVERAGE RH (PERCENT)     77

WEATHER CONDITIONS. NUMBER OF DAYS WITH
THUNDERSTORM              6     MIXED PRECIP               0
HEAVY RAIN                1     RAIN                       2
LIGHT RAIN                4     FREEZING RAIN              0
LT FREEZING RAIN          0     HAIL                       0
HEAVY SNOW                0     SNOW                       0
LIGHT SNOW                0     SLEET                      0
FOG                      20     FOG W/VIS <= 1/4 MILE      5
HAZE                      3

-  INDICATES NEGATIVE NUMBERS.
R  INDICATES RECORD WAS SET OR TIED.
MM INDICATES DATA IS MISSING.
T  INDICATES TRACE AMOUNT.

$$
