000
CXUS53 KEAX 032156
CLMSTJ

STLCLMWK1 000
TTAA00 KEAX 032152


CLIMATE REPORT
NATIONAL WEATHER SERVICE KANSAS CITY/PLEASANT HILL MO
449 PM CDT WED SEP 3 2014

...................................

...THE ST. JOSEPH MO CLIMATE SUMMARY FOR THE MONTH OF AUGUST 2014...

CLIMATE NORMAL PERIOD 1981 TO 2010
CLIMATE RECORD PERIOD 1892 TO 2014

WEATHER         OBSERVED          NORMAL  DEPART  LAST YEAR`S
                 VALUE   DATE(S)  VALUE   FROM    VALUE  DATE(S)
                                          NORMAL
................................................................
TEMPERATURE (F)
RECORD
 HIGH             110   08/13/1936
                        08/10/1934
 LOW               41   08/28/1986
HIGHEST            95   08/24        98      -3       99  08/30
LOWEST             53   08/13        51       2       51  08/18
                        08/12
AVG. MAXIMUM     86.0              86.3    -0.3     86.2
AVG. MINIMUM     66.2              64.3     1.9     64.2
MEAN             76.1              75.3     0.8     75.2
DAYS MAX >= 90      7              11.2    -4.2        9
DAYS MAX <= 32      0               0.0     0.0        0
DAYS MIN <= 32      0               0.0     0.0        0
DAYS MIN <= 0       0               0.0     0.0        0

PRECIPITATION (INCHES)
RECORD
 MAXIMUM        11.54   1944
 MINIMUM         0.38   1984
TOTALS           2.46              3.98   -1.52     1.26
DAILY AVG.       0.08              0.13   -0.05     0.04
DAYS >= .01        11               8.0     3.0        5
DAYS >= .10         5               4.7     0.3        4
DAYS >= .50         2               2.6    -0.6        1
DAYS >= 1.00        0               1.4    -1.4        0
GREATEST
 24 HR. TOTAL    0.94   08/31 TO 08/31

DEGREE_DAYS
HEATING TOTAL       0                 4      -4        0
 SINCE 7/1          6                 5       1        2
COOLING TOTAL     350               323      27      323
 SINCE 1/1       1049              1077     -28     1070
.................................................................

WIND (MPH)
AVERAGE WIND SPEED              6.0
HIGHEST WIND SPEED/DIRECTION    44/270    DATE  08/31
HIGHEST GUST SPEED/DIRECTION    57/260    DATE  08/31

SKY COVER
POSSIBLE SUNSHINE (PERCENT)    0
AVERAGE SKY COVER           0.30
NUMBER OF DAYS FAIR           20
NUMBER OF DAYS PC              8
NUMBER OF DAYS CLOUDY          3

AVERAGE RH (PERCENT)     75

WEATHER CONDITIONS. NUMBER OF DAYS WITH
THUNDERSTORM              0     MIXED PRECIP               0
HEAVY RAIN                5     RAIN                       6
LIGHT RAIN               14     FREEZING RAIN              0
LT FREEZING RAIN          0     HAIL                       0
HEAVY SNOW                0     SNOW                       0
LIGHT SNOW                0     SLEET                      0
FOG                      21     FOG W/VIS <= 1/4 MILE      3
HAZE                      0

-  INDICATES NEGATIVE NUMBERS.
R  INDICATES RECORD WAS SET OR TIED.
MM INDICATES DATA IS MISSING.
T  INDICATES TRACE AMOUNT.

$$
