000
CXUS53 KEAX 011300
CLMSTJ

CLIMATE REPORT
NATIONAL WEATHER SERVICE KANSAS CITY/PLEASANT HILL MO
756 AM CDT FRI SEP 1 2017

...................................

...THE ST. JOSEPH MO CLIMATE SUMMARY FOR THE MONTH OF AUGUST 2017...

CLIMATE NORMAL PERIOD 1981 TO 2010
CLIMATE RECORD PERIOD 1892 TO 2017

WEATHER         OBSERVED          NORMAL  DEPART  LAST YEAR`S
                 VALUE   DATE(S)  VALUE   FROM    VALUE  DATE(S)
                                          NORMAL
................................................................
TEMPERATURE (F)
RECORD
 HIGH             110   08/13/1936
                        08/10/1934
 LOW               41   08/28/1986
HIGHEST            92   08/19        98      -6       97  08/11
LOWEST             47   08/04        51      -4       54  08/21
AVG. MAXIMUM     82.7              86.3    -3.6     85.6
AVG. MINIMUM     58.3              64.3    -6.0     66.3
MEAN             70.5              75.3    -4.8     76.0
DAYS MAX >= 90      2              11.2    -9.2        8
DAYS MAX <= 32      0               0.0     0.0        0
DAYS MIN <= 32      0               0.0     0.0        0
DAYS MIN <= 0       0               0.0     0.0        0

PRECIPITATION (INCHES)
RECORD
 MAXIMUM        11.54   1944
 MINIMUM         0.38   1984
TOTALS           3.68              3.98   -0.30     6.74
DAILY AVG.       0.12              0.13   -0.01     0.22
DAYS >= .01         8               8.0     0.0       11
DAYS >= .10         7               4.7     2.3        8
DAYS >= .50         2               2.6    -0.6        5
DAYS >= 1.00        1               1.4    -0.4        3
GREATEST
 24 HR. TOTAL    1.47   08/27 TO 08/27

DEGREE_DAYS
HEATING TOTAL       6                 4       2        0
 SINCE 7/1          6                 5       1        2
COOLING TOTAL     184               323    -139      347
 SINCE 1/1       1044              1077     -33     1272
.................................................................

WIND (MPH)
AVERAGE WIND SPEED              5.3
HIGHEST WIND SPEED/DIRECTION    33/310    DATE  08/20
HIGHEST GUST SPEED/DIRECTION    45/310    DATE  08/20

SKY COVER
POSSIBLE SUNSHINE (PERCENT)   MM
AVERAGE SKY COVER           0.30
NUMBER OF DAYS FAIR           20
NUMBER OF DAYS PC             10
NUMBER OF DAYS CLOUDY          1

AVERAGE RH (PERCENT)     78

WEATHER CONDITIONS. NUMBER OF DAYS WITH
THUNDERSTORM              8     MIXED PRECIP               0
HEAVY RAIN                5     RAIN                       4
LIGHT RAIN                9     FREEZING RAIN              0
LT FREEZING RAIN          0     HAIL                       0
HEAVY SNOW                0     SNOW                       0
LIGHT SNOW                0     SLEET                      0
FOG                      26     FOG W/VIS <= 1/4 MILE     16
HAZE                      2

-  INDICATES NEGATIVE NUMBERS.
R  INDICATES RECORD WAS SET OR TIED.
MM INDICATES DATA IS MISSING.
T  INDICATES TRACE AMOUNT.

$$
