000
CXUS53 KLSX 011931
CLMSTL


CLIMATE REPORT
NATIONAL WEATHER SERVICE ST LOUIS MO
200 PM CDT SAT AUG 1 2015

...................................

...THE ST. LOUIS MO CLIMATE SUMMARY FOR THE MONTH OF JULY 2015...

CLIMATE NORMAL PERIOD 1981 TO 2010
CLIMATE RECORD PERIOD 1874 TO 2015

WEATHER         OBSERVED          NORMAL  DEPART  LAST YEAR`S
                 VALUE   DATE(S)  VALUE   FROM    VALUE
                                          NORMAL
.............................................................
TEMPERATURE (F)
RECORD
 HIGH             115   07/14/1954
 LOW               51   07/06/1972
                        07/14/1967
                        07/27/1962
HIGHEST           100   07/28                         99
LOWEST             60   07/08                         59
AVG. MAXIMUM     88.9              89.1    -0.2     86.2
AVG. MINIMUM     72.2              71.0     1.2     66.6
MEAN             80.5              80.0     0.5     76.4
DAYS MAX >= 90     16              13.9     2.1        9
DAYS MAX <= 32      0               0.0     0.0        0
DAYS MIN <= 32      0               0.0     0.0        0
DAYS MIN <= 0       0               0.0     0.0        0

PRECIPITATION (INCHES)
RECORD
 MAXIMUM        12.69   1948
 MINIMUM         0.37   1890
TOTALS           4.13              4.11    0.02     1.59
DAILY AVG.       0.13              0.13    0.00     0.05
DAYS >= .01        10               8.9     1.1        5
DAYS >= .10         7               5.8     1.2        3
DAYS >= .50         4               2.6     1.4        1
DAYS >= 1.00        1               1.2    -0.2        1
GREATEST
 24 HR. TOTAL    1.02   07/07 TO 07/08

SNOWFALL (INCHES)
RECORDS
 TOTAL            MSG  MSG
 24 HR TOTAL      MSG
TOTALS            0.0               0.0     0.0      0.0
SINCE 7/1         0.0               0.0     0.0      0.0
GREATEST
 24 HR TOTAL      0.0   07/31 TO 07/31

DEGREE_DAYS
HEATING TOTAL       0                 0       0        0
 SINCE 7/1          0                 0       0        0
COOLING TOTAL     490               467      23      362
 SINCE 1/1       1104               975     129     1022
..............................................................

WIND (MPH)
HIGHEST WIND SPEED/DIRECTION    46/240    DATE  07/20
HIGHEST GUST SPEED/DIRECTION    55/240    DATE  07/20

SKY COVER
POSSIBLE SUNSHINE (PERCENT)  MSG
NUMBER OF DAYS FAIR            3
NUMBER OF DAYS PC             18
NUMBER OF DAYS CLOUDY         10


WEATHER CONDITIONS. NUMBER OF DAYS WITH
THUNDERSTORM              7     MIXED PRECIP               0
HEAVY RAIN                4     RAIN                       6
LIGHT RAIN               13     FREEZING RAIN              0
LT FREEZING RAIN          0     HAIL                       0
HEAVY SNOW                0     SNOW                       0
LIGHT SNOW                0     SLEET                      0
FOG                       9     FOG W/VIS <= 1/4 MILE      1
HAZE                     12

-  INDICATES NEGATIVE NUMBERS.
R  INDICATES RECORD WAS SET OR TIED.
MM INDICATES DATA IS MISSING.
T  INDICATES TRACE AMOUNT.

...........................RECORDS...........................

TEMPERATURES

RECORD HIGHEST MINIMUM TEMPERATURE OF 84 DEGRESS SET ON 7/18.  PREVIOUS
RECROD OF 83 DEGREES SET IN 2012. THIS TIES TO 6TH WARMEST MINIMUM TEMPERATURE
ON RECORD AT ST. LOUS.

$$
