000
CXUS53 KLSX 011545
CLMSTL


CLIMATE REPORT
NATIONAL WEATHER SERVICE ST LOUIS MO
929 AM CST THU DEC 1 2016

...................................

...THE ST. LOUIS MO CLIMATE SUMMARY FOR THE MONTH OF NOVEMBER 2016...

CLIMATE NORMAL PERIOD 1981 TO 2010
CLIMATE RECORD PERIOD 1874 TO 2016

WEATHER         OBSERVED          NORMAL  DEPART  LAST YEAR`S
                 VALUE   DATE(S)  VALUE   FROM    VALUE
                                          NORMAL
.............................................................
TEMPERATURE (F)
RECORD
 HIGH              86   11/01/1937
 LOW                1   11/30/1964
HIGHEST            85   11/02                         72
                        11/01
LOWEST             28   11/20                         23
AVG. MAXIMUM     61.7              55.5     6.2     61.0
AVG. MINIMUM     42.7              38.1     4.6     42.3
MEAN             52.2              46.8     5.4     51.7
DAYS MAX >= 90      0               0.0     0.0        0
DAYS MAX <= 32      0               0.4    -0.4        0
DAYS MIN <= 32      3               8.6    -5.6        2
DAYS MIN <= 0       0               0.0     0.0        0

PRECIPITATION (INCHES)
RECORD
 MAXIMUM         9.95   1985
 MINIMUM         0.11   1949
TOTALS           3.73              3.91   -0.18     6.48
DAILY AVG.       0.12              0.13   -0.01     0.22
DAYS >= .01         8               9.6    -1.6       12
DAYS >= .10         6               6.1    -0.1        7
DAYS >= .50         2               2.7    -0.7        5
DAYS >= 1.00        1               1.2    -0.2        4
GREATEST
 24 HR. TOTAL    2.82   11/02 TO 11/03

SNOWFALL (INCHES)
RECORDS
 TOTAL           11.3   1951
 24 HR TOTAL     10.3   11/05/1913 TO 11/06/1913
TOTALS            0.0               0.7    -0.7        T
SINCE 7/1         0.0               0.7    -0.7        T

DEGREE_DAYS
HEATING TOTAL     400               550    -150      393
 SINCE 7/1        491               826    -335      562
COOLING TOTAL      23                 4      19        1
 SINCE 1/1       2162              1646     516     1873
..............................................................

WIND (MPH)
HIGHEST WIND SPEED/DIRECTION    30/160    DATE  11/28
HIGHEST GUST SPEED/DIRECTION    38/150    DATE  11/28

SKY COVER
NUMBER OF DAYS FAIR           11
NUMBER OF DAYS PC             11
NUMBER OF DAYS CLOUDY          8


WEATHER CONDITIONS. NUMBER OF DAYS WITH
THUNDERSTORM              2     MIXED PRECIP               0
HEAVY RAIN                2     RAIN                       6
LIGHT RAIN               10     FREEZING RAIN              0
LT FREEZING RAIN          0     HAIL                       0
HEAVY SNOW                0     SNOW                       0
LIGHT SNOW                0     SLEET                      0
FOG                      11     FOG W/VIS <= 1/4 MILE      0
HAZE                      9

-  INDICATES NEGATIVE NUMBERS.
R  INDICATES RECORD WAS SET OR TIED.
MM INDICATES DATA IS MISSING.
T  INDICATES TRACE AMOUNT.


...MONTHLY...

TIED 8TH WARMEST NOVEMBER ON RECORD (52.2 DEGREES).

TIED MOST OCCURRENCES OF A MAXIMUM TEMPERATURE GREATER THAN OR EQUAL
TO 80 DEGREES (3 DAYS).

TIED 7TH LEAST OCCURRENCES OF A MINIMUM TEMPERATURE LESS THAN OR EQUAL
TO 60 DEGREES (2 DAYS).

TIED LEAST SNOWIEST NOVEMBER ON RECORD (0.0 INCHES).


...DAILY...

2 RECORD HIGH TEMPERATURES SET (11/17 AND 11/02).

1 RECORD HIGH MINIMUM TEMPERATURE SET (65 DEGREES ON 11/02).


GOSSELIN

$$
