000
CXUS56 KMTR 022231
CLMSTS


CLIMATE REPORT
NATIONAL WEATHER SERVICE SAN FRANCISCO BAY AREA
331 PM PDT SAT APR 2 2016

...................................

...THE SANTA ROSA AIRPORT CLIMATE SUMMARY FOR THE MONTH OF MARCH 2016...

CLIMATE NORMAL PERIOD 1981 TO 2010
CLIMATE RECORD PERIOD 1998 TO 2016

WEATHER         OBSERVED          NORMAL  DEPART  LAST YEAR`S
                 VALUE   DATE(S)  VALUE   FROM    VALUE  DATE(S)
                                          NORMAL
................................................................
TEMPERATURE (F)
RECORD
 HIGH              85   MM
 LOW               31   03/08/2012
HIGHEST            78   03/17                         83  03/26
LOWEST             34   03/29                         33  03/04
                                                          03/01
AVG. MAXIMUM     65.2              64.1     1.1     72.4
AVG. MINIMUM     44.7              41.5     3.2     43.1
MEAN             55.0              52.8     2.2     57.7
DAYS MAX >= 90      0               0.0     0.0        0
DAYS MAX <= 32      0               0.0     0.0        0
DAYS MIN <= 32      0               0.2    -0.2        0
DAYS MIN <= 0       0               0.0     0.0        0

PRECIPITATION (INCHES)
RECORD
 MAXIMUM        11.13   2006
 MINIMUM         0.12   2015
TOTALS          10.11                               0.12
DAILY AVG.       0.33                               0.00
DAYS >= .01        14                                  3
DAYS >= .10        12                                  0
DAYS >= .50         6                                  0
DAYS >= 1.00        3                                  0
GREATEST
 24 HR. TOTAL    2.62   03/10 TO 03/10           03/22 TO 03/22
                                                          03/29 TO 03/29
                                                          03/29 TO 03/29

DEGREE_DAYS
HEATING TOTAL     303                                219
 SINCE 7/1       2033                               1675
COOLING TOTAL       0                                  1
 SINCE 1/1          3                                  1
..........................................................

WIND (MPH)
AVERAGE WIND SPEED              5.9
RESULTANT WIND SPEED/DIRECTION   1/233
HIGHEST WIND SPEED/DIRECTION    30/160    DATE  03/05
HIGHEST GUST SPEED/DIRECTION    40/160    DATE  03/05

SKY COVER
POSSIBLE SUNSHINE (PERCENT)   MM
AVERAGE SKY COVER           0.50
NUMBER OF DAYS FAIR           10
NUMBER OF DAYS PC             10
NUMBER OF DAYS CLOUDY         11

AVERAGE RH (PERCENT)     78

WEATHER CONDITIONS. NUMBER OF DAYS WITH
THUNDERSTORM              0     MIXED PRECIP               0
HEAVY RAIN                9     RAIN                      10
LIGHT RAIN               16     FREEZING RAIN              0
LT FREEZING RAIN          0     HAIL                       0
HEAVY SNOW                0     SNOW                       0
LIGHT SNOW                0     SLEET                      0
FOG                      27     FOG W/VIS <= 1/4 MILE      3
HAZE                      2

-  INDICATES NEGATIVE NUMBERS.
R  INDICATES RECORD WAS SET OR TIED.
MM INDICATES DATA IS MISSING.
T  INDICATES TRACE AMOUNT.

$$
