000
CXUS51 KBGM 052035 CCB
CLMSYR

CLIMATE REPORT...CORRECTED
NATIONAL WEATHER SERVICE BINGHAMTON NY
335 PM EST MON DEC 5 2016

...................................

...THE SYRACUSE NY CLIMATE SUMMARY FOR THE MONTH OF NOVEMBER 2016...

CLIMATE NORMAL PERIOD 1981 TO 2010
CLIMATE RECORD PERIOD 1902 TO 2016

WEATHER         OBSERVED          NORMAL  DEPART  LAST YEAR`S
                 VALUE   DATE(S)  VALUE   FROM    VALUE  DATE(S)
                                          NORMAL
................................................................
TEMPERATURE (F)
RECORD
 HIGH              81   11/01/1950
 LOW                5   11/30/1976
                        11/24/1956
HIGHEST            70   11/19        48      22       75  11/04
LOWEST             25   11/14        33      -8       21  11/30
AVG. MAXIMUM     50.7              48.4     2.3     55.4
AVG. MINIMUM     32.8              32.8     0.0     36.6
MEAN             41.8              40.6     1.2     46.0
DAYS MAX >= 90      0               0.0     0.0        0
DAYS MAX <= 32      1               1.6    -0.6        0
DAYS MIN <= 32     17              14.4     2.6       12
DAYS MIN <= 0       0               0.0     0.0        0

PRECIPITATION (INCHES)
RECORD
 MAXIMUM         6.79   1972
 MINIMUM         0.89   2015
TOTALS           2.78              3.53   -0.75     0.89
DAILY AVG.       0.09              0.12   -0.03     0.03
DAYS >= .01        14              16.7    -2.7       12
DAYS >= .10         8               8.7    -0.7        3
DAYS >= .50         2               1.8     0.2        0
DAYS >= 1.00        0               0.4    -0.4        0
GREATEST
 24 HR. TOTAL    0.84   11/02 TO 11/03

SNOWFALL (INCHES)
RECORDS
 TOTAL           34.2   1995
 24 HR TOTAL     20.1   11/30/1944 TO 11/30/1944
 SNOW DEPTH        14   11/07/1973
TOTALS           25.2               9.5    15.7      0.4
SINCE 7/1        25.4               9.9    15.5      0.8
SNOWDEPTH AVG.      3                MM      MM        0
DAYS >= TRACE       7               5.8     1.2        5
DAYS >= 1.0         2               2.7    -0.7        0
GREATEST
 SNOW DEPTH        22R  11/21 11/22                    0  MM
 24 HR TOTAL     18.9   11/20 TO 11/21

DEGREE_DAYS
HEATING TOTAL     690               732     -42      565
 SINCE 7/1       1194              1349    -155     1085
COOLING TOTAL       0                 0       0        0
 SINCE 1/1        809               569     240      717
.................................................................

WIND (MPH)
AVERAGE WIND SPEED              8.1
RESULTANT WIND SPEED/DIRECTION   3/281
HIGHEST WIND SPEED/DIRECTION    29/290    DATE  11/21
HIGHEST GUST SPEED/DIRECTION    39/300    DATE  11/21

SKY COVER
POSSIBLE SUNSHINE (PERCENT)   MM
AVERAGE SKY COVER           0.70
NUMBER OF DAYS FAIR            3
NUMBER OF DAYS PC              8
NUMBER OF DAYS CLOUDY         19

AVERAGE RH (PERCENT)     78

WEATHER CONDITIONS. NUMBER OF DAYS WITH
THUNDERSTORM              0     MIXED PRECIP               0
HEAVY RAIN                4     RAIN                       4
LIGHT RAIN               17     FREEZING RAIN              0
LT FREEZING RAIN          1     HAIL                       0
HEAVY SNOW                2     SNOW                       5
LIGHT SNOW                6     SLEET                      2
FOG                      16     FOG W/VIS <= 1/4 MILE      3
HAZE                      1

-  INDICATES NEGATIVE NUMBERS.
R  INDICATES RECORD WAS SET OR TIED.
MM INDICATES DATA IS MISSING.
T  INDICATES TRACE AMOUNT.

&&
4TH GREATEST NOVEMBER MONTHLY SNOWFALL
9TH GREATEST CALENDAR DAY SNOWFALL EVER OF 18.3" ON DAY 21
CORRECTED 24 HOUR GREATEST SNOWFALL
$$
