000
CXUS51 KBGM 011616 CCA
CLMSYR

CLIMATE REPORT...CORRECTED
NATIONAL WEATHER SERVICE BINGHAMTON NY
1216 PM EDT WED NOV 1 2017

...................................

...THE SYRACUSE NY CLIMATE SUMMARY FOR THE MONTH OF OCTOBER 2017...

CLIMATE NORMAL PERIOD 1981 TO 2010
CLIMATE RECORD PERIOD 1902 TO 2017

WEATHER         OBSERVED          NORMAL  DEPART  LAST YEAR`S
                 VALUE   DATE(S)  VALUE   FROM    VALUE  DATE(S)
                                          NORMAL
................................................................
TEMPERATURE (F)
RECORD
 HIGH              87   10/07/1963
 LOW                8   10/29/2006
HIGHEST            84   10/04        60      24       82  10/18
LOWEST             32   10/17        41      -9       30  10/31
AVG. MAXIMUM     67.2              60.0     7.2     60.1
AVG. MINIMUM     46.8              41.2     5.6     42.9
MEAN             57.0              50.6     6.4     51.5
DAYS MAX >= 90      0               0.0     0.0        0
DAYS MAX <= 32      0               0.0     0.0        0
DAYS MIN <= 32      1               3.8    -2.8        5
DAYS MIN <= 0       0               0.0     0.0        0

PRECIPITATION (INCHES)
RECORD
 MAXIMUM         8.29   1955
 MINIMUM         0.21   1963
TOTALS           6.09              3.44    2.65     7.69
DAILY AVG.       0.20              0.11    0.09     0.25
DAYS >= .01        15              14.2     0.8       16
DAYS >= .10        10               8.0     2.0       12
DAYS >= .50         4               2.0     2.0        6
DAYS >= 1.00        2               0.8     1.2        2
GREATEST
 24 HR. TOTAL    3.09   10/29 TO 10/30

SNOWFALL (INCHES)
RECORDS
 TOTAL            5.7   1988
 24 HR TOTAL      2.9   10/30/1988 TO 10/30/1988
 SNOW DEPTH         2   10/29/1965
                        10/27/1962
                        10/29/1952
TOTALS              T               0.4    -0.4      0.2
SINCE 7/1           T               0.4    -0.4      0.2
SNOWDEPTH AVG.      0                MM      MM        0
DAYS >= TRACE       1               0.5     0.5        3
DAYS >= 1.0         0               0.1    -0.1        0
GREATEST
 SNOW DEPTH         T   10/31                          0  MM
 24 HR TOTAL        T   10/31 TO 10/31

DEGREE_DAYS
HEATING TOTAL     255               450    -195      417
 SINCE 7/1        394               617    -223      506
COOLING TOTAL      17                 4      13        7
 SINCE 1/1        562               569      -7      809
.................................................................

WIND (MPH)
AVERAGE WIND SPEED              8.3
RESULTANT WIND SPEED/DIRECTION   3/203
HIGHEST WIND SPEED/DIRECTION    45/270    DATE  10/15
HIGHEST GUST SPEED/DIRECTION    54/280    DATE  10/15

SKY COVER
POSSIBLE SUNSHINE (PERCENT)   MM
AVERAGE SKY COVER           0.70
NUMBER OF DAYS FAIR            5
NUMBER OF DAYS PC             11
NUMBER OF DAYS CLOUDY         15

AVERAGE RH (PERCENT)     74

WEATHER CONDITIONS. NUMBER OF DAYS WITH
THUNDERSTORM              0     MIXED PRECIP               0
HEAVY RAIN                6     RAIN                       8
LIGHT RAIN               16     FREEZING RAIN              0
LT FREEZING RAIN          0     HAIL                       0
HEAVY SNOW                0     SNOW                       0
LIGHT SNOW                0     SLEET                      1
FOG                      15     FOG W/VIS <= 1/4 MILE      0
HAZE                      1

-  INDICATES NEGATIVE NUMBERS.
R  INDICATES RECORD WAS SET OR TIED.
MM INDICATES DATA IS MISSING.
T  INDICATES TRACE AMOUNT.

&&
CORRECTED GREATEST 24 HOUR PRECIPITATION
CORRECTED GREATEST SNOW DEPTH
4TH WARMEST OCTOBER
11TH WETTEST OCTOBER
$$

TAC
