693
CXUS51 KBGM 010551
CLMSYR


CLIMATE REPORT
NATIONAL WEATHER SERVICE BINGHAMTON NY
1250 AM EST WED MAR 1 2017

...................................

...THE SYRACUSE NY CLIMATE SUMMARY FOR THE MONTH OF FEBRUARY 2017...

CLIMATE NORMAL PERIOD 1981 TO 2010
CLIMATE RECORD PERIOD 1902 TO 2017

WEATHER         OBSERVED          NORMAL  DEPART  LAST YEAR`S
                 VALUE   DATE(S)  VALUE   FROM    VALUE  DATE(S)
                                          NORMAL
................................................................
TEMPERATURE (F)
RECORD
 HIGH              71   02/24/2017
 LOW              -26   02/18/1979
HIGHEST            71R  02/24        33      38       63  02/28
LOWEST             11   02/09        16      -5      -23  02/14
AVG. MAXIMUM     41.9              34.2     7.7     36.6
AVG. MINIMUM     24.6              17.6     7.0     18.6
MEAN             33.2              25.9     7.3     27.6
DAYS MAX >= 90      0               0.0     0.0        0
DAYS MAX <= 32      9              11.9    -2.9       11
DAYS MIN <= 32     24              25.2    -1.2       26
DAYS MIN <= 0       0               1.7    -1.7        3

PRECIPITATION (INCHES)
RECORD
 MAXIMUM         5.38   1951
 MINIMUM         0.63   1987
TOTALS           3.55              2.07    1.48     4.81
DAILY AVG.       0.13              0.07    0.06     0.17
DAYS >= .01        17              16.0     1.0       14
DAYS >= .10         9               6.3     2.7        8
DAYS >= .50         3               0.9     2.1        3
DAYS >= 1.00        0               0.1    -0.1        2
GREATEST
 24 HR. TOTAL    0.78   02/12 TO 02/13

SNOWFALL (INCHES)
RECORDS
 TOTAL           72.6   1958
 24 HR TOTAL     20.8   02/04/1961 TO 02/04/1961
 SNOW DEPTH        48   02/01/1966
                        02/21/1958
                        02/20/1958
TOTALS           32.7              25.3     7.4     24.4
SINCE 7/1       103.7             101.9     1.8     66.1
SNOWDEPTH AVG.      4                 5      -1        4
DAYS >= TRACE      16              14.4     1.6       19
DAYS >= 1.0         9               7.4     1.6        8
GREATEST
 SNOW DEPTH        12   02/17                         12  02/16
                        02/14
                        02/13
 24 HR TOTAL      7.3   MM

DEGREE_DAYS
HEATING TOTAL     882              1095    -213     1079
 SINCE 7/1       4269              4831    -562     4099
COOLING TOTAL       0                 0       0        0
 SINCE 1/1          0                 0       0        0
.................................................................

WIND (MPH)
AVERAGE WIND SPEED              10.5
RESULTANT WIND SPEED/DIRECTION   5/257
HIGHEST WIND SPEED/DIRECTION    31/260    DATE  02/08
HIGHEST GUST SPEED/DIRECTION    39/180    DATE  02/25

SKY COVER
POSSIBLE SUNSHINE (PERCENT)   MM
AVERAGE SKY COVER           0.80
NUMBER OF DAYS FAIR            3
NUMBER OF DAYS PC              3
NUMBER OF DAYS CLOUDY         22

AVERAGE RH (PERCENT)     72

WEATHER CONDITIONS. NUMBER OF DAYS WITH
THUNDERSTORM              0     MIXED PRECIP               0
HEAVY RAIN                2     RAIN                       2
LIGHT RAIN                7     FREEZING RAIN              1
LT FREEZING RAIN          2     HAIL                       0
HEAVY SNOW                3     SNOW                       6
LIGHT SNOW               16     SLEET                      1
FOG                      16     FOG W/VIS <= 1/4 MILE      2
HAZE                      3

-  INDICATES NEGATIVE NUMBERS.
R  INDICATES RECORD WAS SET OR TIED.
MM INDICATES DATA IS MISSING.
T  INDICATES TRACE AMOUNT.

$$
