000
CXUS54 KBMX 021805
CLMTCL


CLIMATE REPORT
NATIONAL WEATHER SERVICE BIRMINGHAM, AL
103 PM CDT MON MAY 2 2016

...................................

...THE TUSCALOOSA CLIMATE SUMMARY FOR THE MONTH OF APRIL 2016...

CLIMATE NORMAL PERIOD 1994 TO 1994
CLIMATE RECORD PERIOD 1948 TO 2016

WEATHER         OBSERVED          NORMAL  DEPART  LAST YEAR`S
                 VALUE   DATE(S)  VALUE   FROM    VALUE  DATE(S)
                                          NORMAL
................................................................
TEMPERATURE (F)
RECORD
 HIGH              94   04/21/1987
 LOW               29   04/04/1987
                        04/01/1987
HIGHEST            87   04/29        MM      MM       86  04/26
                                                          04/09
LOWEST             38   04/09        MM      MM       41  04/05
AVG. MAXIMUM     75.8              76.1    -0.3     76.4
AVG. MINIMUM     52.0              50.2     1.8     56.1
MEAN             63.9                               66.3
DAYS MAX >= 90      0               0.3    -0.3        0
DAYS MAX <= 32      0               0.0     0.0        0
DAYS MIN <= 32      0               0.6    -0.6        0
DAYS MIN <= 0       0               0.0     0.0        0

PRECIPITATION (INCHES)
RECORD
 MAXIMUM        14.41   1979
 MINIMUM         0.30   1987
TOTALS           3.92              4.21   -0.29     9.07
DAILY AVG.       0.14              0.14    0.00
DAYS >= .01         8               7.9     0.1
DAYS >= .10         5               5.7    -0.7
DAYS >= .50         3               2.9     0.1
DAYS >= 1.00        1               1.3    -0.3

DEGREE_DAYS
HEATING TOTAL      79               121     -42       42
 SINCE 7/1       1947              2505    -558     2552
COOLING TOTAL      54                65     -11       87
 SINCE 1/1         87                88      -1       97
.................................................................

WIND (MPH)
AVERAGE WIND SPEED              5.5
HIGHEST WIND SPEED/DIRECTION    30/030    DATE  04/29
HIGHEST GUST SPEED/DIRECTION    40/190    DATE  04/06

AVERAGE RH (PERCENT)     68

WEATHER CONDITIONS. NUMBER OF DAYS WITH
THUNDERSTORM              0     MIXED PRECIP               0
HEAVY RAIN                4     RAIN                       5
LIGHT RAIN               11     FREEZING RAIN              0
LT FREEZING RAIN          0     HAIL                       0
HEAVY SNOW                0     SNOW                       0
LIGHT SNOW                0     SLEET                      0
FOG                      15     FOG W/VIS <= 1/4 MILE      2
HAZE                      2

-  INDICATES NEGATIVE NUMBERS.
R  INDICATES RECORD WAS SET OR TIED.
MM INDICATES DATA IS MISSING.
T  INDICATES TRACE AMOUNT.

$$
