000
CXUS54 KBMX 011512
CLMTCL


CLIMATE REPORT
NATIONAL WEATHER SERVICE BIRMINGHAM, AL
911 AM CST WED FEB 1 2017

...................................

...THE TUSCALOOSA CLIMATE SUMMARY FOR THE MONTH OF JANUARY 2017...

CLIMATE NORMAL PERIOD 1981 TO 2010
CLIMATE RECORD PERIOD 1948 TO 2017

WEATHER         OBSERVED          NORMAL  DEPART  LAST YEAR`S
                 VALUE   DATE(S)  VALUE   FROM    VALUE  DATE(S)
                                          NORMAL
................................................................
TEMPERATURE (F)
RECORD
 HIGH              82   01/10/1949
 LOW                    01/21/1985
                        01/19/1977
HIGHEST            80   01/17        MM      MM       74  01/31
LOWEST             15   01/08        MM      MM       21  01/19
                                                          01/11
AVG. MAXIMUM     63.3              55.6     7.7     53.5
AVG. MINIMUM     42.3              33.8     8.5     32.1
MEAN             52.8                               42.8
DAYS MAX >= 90      0               0.0     0.0        0
DAYS MAX <= 32      0               0.4    -0.4        0
DAYS MIN <= 32     10              14.8    -4.8       20
DAYS MIN <= 0       0               0.0     0.0        0

PRECIPITATION (INCHES)
RECORD
 MAXIMUM        10.18   1979
 MINIMUM         1.22   1986
                        1961
TOTALS           7.20              5.35    1.85     4.14
DAILY AVG.       0.23              0.17    0.06
DAYS >= .01         8               9.8    -1.8
DAYS >= .10         7               7.1    -0.1
DAYS >= .50         4               3.3     0.7
DAYS >= 1.00        3               1.5     1.5

DEGREE_DAYS
HEATING TOTAL     385               631    -246      682
 SINCE 7/1       1034              1632    -598     1242
.................................................................

WIND (MPH)
AVERAGE WIND SPEED              6.3
HIGHEST WIND SPEED/DIRECTION    36/240    DATE  01/22
HIGHEST GUST SPEED/DIRECTION    53/210    DATE  01/22

AVERAGE RH (PERCENT)     73

WEATHER CONDITIONS. NUMBER OF DAYS WITH
THUNDERSTORM              0     MIXED PRECIP               0
HEAVY RAIN                6     RAIN                       6
LIGHT RAIN                9     FREEZING RAIN              0
LT FREEZING RAIN          0     HAIL                       0
HEAVY SNOW                0     SNOW                       1
LIGHT SNOW                1     SLEET                      0
FOG                      15     FOG W/VIS <= 1/4 MILE      2
HAZE                      1

-  INDICATES NEGATIVE NUMBERS.
R  INDICATES RECORD WAS SET OR TIED.
MM INDICATES DATA IS MISSING.
T  INDICATES TRACE AMOUNT.

$$
