000
CXUS54 KBMX 030014
CLMTCL


CLIMATE REPORT
NATIONAL WEATHER SERVICE BIRMINGHAM, AL
713 PM CDT SAT APR 2 2016

...................................

...THE TUSCALOOSA CLIMATE SUMMARY FOR THE MONTH OF MARCH 2016...

CLIMATE NORMAL PERIOD 1994 TO 1994
CLIMATE RECORD PERIOD 1948 TO 2016

WEATHER         OBSERVED          NORMAL  DEPART  LAST YEAR`S
                 VALUE   DATE(S)  VALUE   FROM    VALUE  DATE(S)
                                          NORMAL
................................................................
TEMPERATURE (F)
RECORD
 HIGH              90   03/23/1995
 LOW               12   03/14/1993
HIGHEST            86   03/15        MM      MM       84  03/17
LOWEST             33   03/22        MM      MM       21  03/06
AVG. MAXIMUM     70.6              68.7     1.9     68.8
AVG. MINIMUM     47.8              43.5     4.3     47.4
MEAN             59.2                               58.1
DAYS MAX >= 90      0               0.0     0.0        0
DAYS MAX <= 32      0               0.0     0.0        0
DAYS MIN <= 32      0               3.4    -3.4        4
DAYS MIN <= 0       0               0.0     0.0        0

PRECIPITATION (INCHES)
RECORD
 MAXIMUM        19.99   1976
 MINIMUM         1.12   1986
TOTALS           6.19              4.54    1.65     3.44
DAILY AVG.       0.20              0.15    0.05
DAYS >= .01        11               9.6     1.4
DAYS >= .10        10               6.9     3.1
DAYS >= .50         5               3.5     1.5
DAYS >= 1.00        3               1.4     1.6

DEGREE_DAYS
HEATING TOTAL     198               294     -96      215
 SINCE 7/1       1868              2384    -516     2510
COOLING TOTAL      26                18       8       10
 SINCE 1/1         33                23      10       10
.................................................................

WIND (MPH)
AVERAGE WIND SPEED              6.6
HIGHEST WIND SPEED/DIRECTION    30/240    DATE  03/31
HIGHEST GUST SPEED/DIRECTION    40/240    DATE  03/31

AVERAGE RH (PERCENT)     69

WEATHER CONDITIONS. NUMBER OF DAYS WITH
THUNDERSTORM              0     MIXED PRECIP               0
HEAVY RAIN                8     RAIN                       8
LIGHT RAIN               12     FREEZING RAIN              0
LT FREEZING RAIN          0     HAIL                       0
HEAVY SNOW                0     SNOW                       0
LIGHT SNOW                0     SLEET                      0
FOG                      17     FOG W/VIS <= 1/4 MILE      3
HAZE                      4

-  INDICATES NEGATIVE NUMBERS.
R  INDICATES RECORD WAS SET OR TIED.
MM INDICATES DATA IS MISSING.
T  INDICATES TRACE AMOUNT.

$$
