000
CXUS54 KBMX 011636
CLMTCL


CLIMATE REPORT
NATIONAL WEATHER SERVICE BIRMINGHAM, AL
1035 AM CST FRI DEC 1 2017

...................................

...THE TUSCALOOSA CLIMATE SUMMARY FOR THE MONTH OF NOVEMBER 2017...

CLIMATE NORMAL PERIOD 1981 TO 2010
CLIMATE RECORD PERIOD 1948 TO 2017

WEATHER         OBSERVED          NORMAL  DEPART  LAST YEAR`S
                 VALUE   DATE(S)  VALUE   FROM    VALUE  DATE(S)
                                          NORMAL
................................................................
TEMPERATURE (F)
RECORD
 HIGH              89   11/01/2016
 LOW                1   11/11/2017
HIGHEST            81   11/03        MM      MM       89  11/01
LOWEST             28   11/23        MM      MM       25  11/27
                        11/20
AVG. MAXIMUM     68.8              67.1     1.7     73.0
AVG. MINIMUM     43.0              42.7     0.3     42.0
MEAN             55.9                               57.5
DAYS MAX >= 90      0               0.0     0.0        0
DAYS MAX <= 32      0               0.0     0.0        0
DAYS MIN <= 32      6               5.1     0.9        5
DAYS MIN <= 0       0               0.0     0.0        0

PRECIPITATION (INCHES)
RECORD
 MAXIMUM        14.25   1948
 MINIMUM         0.00   2017
TOTALS           1.02              5.08   -4.06     2.53
DAILY AVG.       0.03              0.17   -0.14
DAYS >= .01         8               9.1    -1.1
DAYS >= .10         4               6.5    -2.5
DAYS >= .50         0               3.8    -3.8
DAYS >= 1.00        0               1.9    -1.9

DEGREE_DAYS
HEATING TOTAL     288               320     -32      238
 SINCE 7/1        403               437     -34      259
.................................................................

WIND (MPH)
AVERAGE WIND SPEED              4.0
HIGHEST WIND SPEED/DIRECTION    31/310    DATE  11/18
HIGHEST GUST SPEED/DIRECTION    40/330    DATE  11/18

AVERAGE RH (PERCENT)     76

WEATHER CONDITIONS. NUMBER OF DAYS WITH
THUNDERSTORM              0     MIXED PRECIP               0
HEAVY RAIN                3     RAIN                       3
LIGHT RAIN                8     FREEZING RAIN              0
LT FREEZING RAIN          0     HAIL                       0
HEAVY SNOW                0     SNOW                       0
LIGHT SNOW                0     SLEET                      0
FOG                      20     FOG W/VIS <= 1/4 MILE      8
HAZE                      1

-  INDICATES NEGATIVE NUMBERS.
R  INDICATES RECORD WAS SET OR TIED.
MM INDICATES DATA IS MISSING.
T  INDICATES TRACE AMOUNT.

$$
