000
CXUS54 KBMX 011018
CLMTCL


CLIMATE REPORT
NATIONAL WEATHER SERVICE BIRMINGHAM, AL
518 AM CDT THU JUN 1 2017

...................................

...THE TUSCALOOSA CLIMATE SUMMARY FOR THE MONTH OF MAY 2017...

CLIMATE NORMAL PERIOD 1981 TO 2010
CLIMATE RECORD PERIOD 1948 TO 2017

WEATHER         OBSERVED          NORMAL  DEPART  LAST YEAR`S
                 VALUE   DATE(S)  VALUE   FROM    VALUE  DATE(S)
                                          NORMAL
................................................................
TEMPERATURE (F)
RECORD
 HIGH              98   05/31/1951
 LOW               36   05/04/1976
HIGHEST            91   05/19        MM      MM       94  05/30
LOWEST             41   05/06        MM      MM       44  05/06
AVG. MAXIMUM     81.8              83.4    -1.6     82.5
AVG. MINIMUM     59.0              59.9    -0.9     58.7
MEAN             70.4                               70.6
DAYS MAX >= 90      2               4.0    -2.0        4
DAYS MAX <= 32      0               0.0     0.0        0
DAYS MIN <= 32      0               0.0     0.0        0
DAYS MIN <= 0       0               0.0     0.0        0

PRECIPITATION (INCHES)
RECORD
 MAXIMUM        11.13   1965
 MINIMUM         0.06   2007
TOTALS           3.49              3.98   -0.49     0.70
DAILY AVG.       0.11              0.13   -0.02
DAYS >= .01        13               9.5     3.5
DAYS >= .10         9               6.7     2.3
DAYS >= .50         3               3.2    -0.2
DAYS >= 1.00        0               1.5    -1.5

DEGREE_DAYS
COOLING TOTAL     199               223     -24      197
 SINCE 1/1        397               311      86      284
.................................................................

WIND (MPH)
AVERAGE WIND SPEED              5.0
HIGHEST WIND SPEED/DIRECTION    39/210    DATE  05/20
HIGHEST GUST SPEED/DIRECTION    51/210    DATE  05/20

AVERAGE RH (PERCENT)     74

WEATHER CONDITIONS. NUMBER OF DAYS WITH
THUNDERSTORM              0     MIXED PRECIP               0
HEAVY RAIN                8     RAIN                       9
LIGHT RAIN               14     FREEZING RAIN              0
LT FREEZING RAIN          0     HAIL                       0
HEAVY SNOW                0     SNOW                       0
LIGHT SNOW                0     SLEET                      0
FOG                      21     FOG W/VIS <= 1/4 MILE      1
HAZE                      3

-  INDICATES NEGATIVE NUMBERS.
R  INDICATES RECORD WAS SET OR TIED.
MM INDICATES DATA IS MISSING.
T  INDICATES TRACE AMOUNT.

$$
