257
CXUS54 KBMX 011436
CLMTCL


CLIMATE REPORT
NATIONAL WEATHER SERVICE BIRMINGHAM, AL
836 AM CST MON FEB 1 2016

...................................

...THE TUSCALOOSA CLIMATE SUMMARY FOR THE MONTH OF JANUARY 2016...

CLIMATE NORMAL PERIOD 1994 TO 1994
CLIMATE RECORD PERIOD 1994 TO 2016

WEATHER         OBSERVED          NORMAL  DEPART  LAST YEAR`S
                 VALUE   DATE(S)  VALUE   FROM    VALUE  DATE(S)
                                          NORMAL
................................................................
TEMPERATURE (F)
RECORD
 HIGH              82   01/10/1949
 LOW                    01/21/1985
                        01/19/1977
HIGHEST            74   01/31        MM      MM       72  01/29
LOWEST             21   01/19        MM      MM       11  01/08
                        01/11
AVG. MAXIMUM     53.5              55.6    -2.1     55.3
AVG. MINIMUM     32.1              33.8    -1.7     32.2
MEAN             42.8                               43.8
DAYS MAX >= 90      0               0.0     0.0        0
DAYS MAX <= 32      0               0.4    -0.4        1
DAYS MIN <= 32     20              14.8     5.2       17
DAYS MIN <= 0       0               0.0     0.0        0

PRECIPITATION (INCHES)
RECORD
 MAXIMUM        10.18   1979
 MINIMUM         1.22   1986
                        1961
TOTALS           4.14              5.35   -1.21     6.17
DAILY AVG.       0.13              0.17   -0.04
DAYS >= .01         7               9.8    -2.8
DAYS >= .10         6               7.1    -1.1
DAYS >= .50         2               3.3    -1.3
DAYS >= 1.00        2               1.5     0.5

DEGREE_DAYS
HEATING TOTAL     682               631      51      649
 SINCE 7/1       1242              1632    -390     1656
.................................................................

WIND (MPH)
AVERAGE WIND SPEED              5.7
HIGHEST WIND SPEED/DIRECTION    23/350    DATE  01/22
HIGHEST GUST SPEED/DIRECTION    35/320    DATE  01/22

AVERAGE RH (PERCENT)     68

WEATHER CONDITIONS. NUMBER OF DAYS WITH
THUNDERSTORM              0     MIXED PRECIP               0
HEAVY RAIN                4     RAIN                       4
LIGHT RAIN                7     FREEZING RAIN              0
LT FREEZING RAIN          0     HAIL                       0
HEAVY SNOW                0     SNOW                       0
LIGHT SNOW                1     SLEET                      0
FOG                      12     FOG W/VIS <= 1/4 MILE      2
HAZE                      2

-  INDICATES NEGATIVE NUMBERS.
R  INDICATES RECORD WAS SET OR TIED.
MM INDICATES DATA IS MISSING.
T  INDICATES TRACE AMOUNT.

$$
