000
CXUS54 KBMX 011334
CLMTCL


CLIMATE REPORT
NATIONAL WEATHER SERVICE BIRMINGHAM, AL
834 AM CDT SAT AUG 1 2015

...................................

...THE TUSCALOOSA CLIMATE SUMMARY FOR THE MONTH OF JULY 2015...

CLIMATE NORMAL PERIOD 1994 TO 1994
CLIMATE RECORD PERIOD 1994 TO 2015

WEATHER         OBSERVED          NORMAL  DEPART  LAST YEAR`S
                 VALUE   DATE(S)  VALUE   FROM    VALUE  DATE(S)
                                          NORMAL
................................................................
TEMPERATURE (F)
RECORD
 HIGH             107   07/29/1952
                        07/28/1952
                        07/24/1952
 LOW               54   07/01/1950
HIGHEST           101   07/21        MM      MM       97  07/27
LOWEST             66   07/06        MM      MM       56  07/30
AVG. MAXIMUM     95.2              92.1     3.1     90.0
AVG. MINIMUM     72.8              71.3     1.5     68.0
MEAN             84.0                               79.0
DAYS MAX >= 90     27              21.4     5.6       18
DAYS MAX <= 32      0               0.0     0.0        0
DAYS MIN <= 32      0               0.0     0.0        0
DAYS MIN <= 0       0               0.0     0.0        0

PRECIPITATION (INCHES)
RECORD
 MAXIMUM        10.06   1973
 MINIMUM         0.72   1970
TOTALS           2.92              4.40   -1.48     0.92
DAILY AVG.       0.09              0.14   -0.05
DAYS >= .01        11              10.4     0.6
DAYS >= .10         6               7.0    -1.0
DAYS >= .50         2               3.1    -1.1
DAYS >= 1.00        0               1.4    -1.4

DEGREE_DAYS
COOLING TOTAL     596               518      78      441
 SINCE 1/1       1427              1232     195     1165
.................................................................

WIND (MPH)
AVERAGE WIND SPEED              4.3
HIGHEST WIND SPEED/DIRECTION    37/010    DATE  07/14
HIGHEST GUST SPEED/DIRECTION    46/010    DATE  07/14

AVERAGE RH (PERCENT)     70

WEATHER CONDITIONS. NUMBER OF DAYS WITH
THUNDERSTORM              0     MIXED PRECIP               0
HEAVY RAIN                5     RAIN                       7
LIGHT RAIN               11     FREEZING RAIN              0
LT FREEZING RAIN          0     HAIL                       0
HEAVY SNOW                0     SNOW                       0
LIGHT SNOW                0     SLEET                      0
FOG                      26     FOG W/VIS <= 1/4 MILE      3
HAZE                      9

-  INDICATES NEGATIVE NUMBERS.
R  INDICATES RECORD WAS SET OR TIED.
MM INDICATES DATA IS MISSING.
T  INDICATES TRACE AMOUNT.

$$
