000
CXUS54 KBMX 011925
CLMTCL


CLIMATE REPORT
NATIONAL WEATHER SERVICE BIRMINGHAM, AL
224 PM CDT FRI MAY 1 2015

...................................

...THE TUSCALOOSA CLIMATE SUMMARY FOR THE MONTH OF APRIL 2015...

CLIMATE NORMAL PERIOD 1994 TO 1994
CLIMATE RECORD PERIOD 1994 TO 2015

WEATHER         OBSERVED          NORMAL  DEPART  LAST YEAR`S
                 VALUE   DATE(S)  VALUE   FROM    VALUE  DATE(S)
                                          NORMAL
................................................................
TEMPERATURE (F)
RECORD
 HIGH              94   04/21/1987
 LOW               29   04/04/1987
                        04/01/1987
HIGHEST            86   04/26        MM      MM       85  04/03
                        04/09
LOWEST             41   04/05        MM      MM       34  04/16
AVG. MAXIMUM     76.4              76.1     0.3     74.6
AVG. MINIMUM     56.1              50.2     5.9     51.3
MEAN             66.3                               63.0
DAYS MAX >= 90      0               0.3    -0.3        0
DAYS MAX <= 32      0               0.0     0.0        0
DAYS MIN <= 32      0               0.6    -0.6        0
DAYS MIN <= 0       0               0.0     0.0        0

PRECIPITATION (INCHES)
RECORD
 MAXIMUM        14.41   1979
 MINIMUM         0.30   1987
TOTALS           9.07              4.21    4.86    10.46
DAILY AVG.       0.30              0.14    0.16
DAYS >= .01        14               7.9     6.1
DAYS >= .10        11               5.7     5.3
DAYS >= .50         8               2.9     5.1
DAYS >= 1.00        2               1.3     0.7

DEGREE_DAYS
HEATING TOTAL      42               121     -79      103
 SINCE 7/1       2552              2505      47     2760
COOLING TOTAL      87                65      22       49
 SINCE 1/1         97                88       9       57
.................................................................

WIND (MPH)
AVERAGE WIND SPEED              6.0
HIGHEST WIND SPEED/DIRECTION    24/030    DATE  04/26
HIGHEST GUST SPEED/DIRECTION    36/030    DATE  04/01

AVERAGE RH (PERCENT)     72

WEATHER CONDITIONS. NUMBER OF DAYS WITH
THUNDERSTORM              0     MIXED PRECIP               0
HEAVY RAIN               11     RAIN                      12
LIGHT RAIN               16     FREEZING RAIN              0
LT FREEZING RAIN          0     HAIL                       0
HEAVY SNOW                0     SNOW                       0
LIGHT SNOW                0     SLEET                      0
FOG                      22     FOG W/VIS <= 1/4 MILE      5
HAZE                      7

-  INDICATES NEGATIVE NUMBERS.
R  INDICATES RECORD WAS SET OR TIED.
MM INDICATES DATA IS MISSING.
T  INDICATES TRACE AMOUNT.

$$
