000
CXUS52 KTAE 011256
CLMTLH

CLIMATE REPORT
NATIONAL WEATHER SERVICE TALLAHASSEE FL
749 AM EST THU DEC 1 2016

...................................

...THE TALLAHASSEE CLIMATE SUMMARY FOR THE MONTH OF NOVEMBER 2016...

CLIMATE NORMAL PERIOD 1981 TO 2010
CLIMATE RECORD PERIOD 1896 TO 2016

WEATHER         OBSERVED          NORMAL  DEPART  LAST YEAR`S
                 VALUE   DATE(S)  VALUE   FROM    VALUE  DATE(S)
                                          NORMAL
................................................................
TEMPERATURE (F)
RECORD
 HIGH              89   11/04/2016
                        11/04/2015
                        11/02/2015
 LOW               13   11/25/1970
HIGHEST            89R  11/04                         MM  MM
LOWEST             30   11/21                         MM  MM
AVG. MAXIMUM     78.3              73.0     5.3       MM
AVG. MINIMUM     49.2              47.5     1.7       MM
MEAN             63.7              60.2     3.5       MM
DAYS MAX >= 90      0               0.0     0.0       MM
DAYS MAX <= 32      0               0.0     0.0       MM
DAYS MIN <= 32      1               2.4    -1.4       MM
DAYS MIN <= 0       0               0.0     0.0       MM

PRECIPITATION (INCHES)
RECORD
 MAXIMUM        12.64   1947
 MINIMUM         0.03   1931
TOTALS           0.49              3.50   -3.01       MM
DAILY AVG.       0.02              0.12   -0.10       MM
DAYS >= .01         2               6.6    -4.6       MM
DAYS >= .10         2               4.2    -2.2       MM
DAYS >= .50         0               2.2    -2.2       MM
DAYS >= 1.00        0               1.2    -1.2       MM
GREATEST
 24 HR. TOTAL    0.39   11/30 TO 11/30
                        11/29 TO 11/30
                        11/30 TO 11/30

SNOWFALL (INCHES)
RECORDS
 TOTAL            0.0   2002
                        1912
TOTALS            0.0
SINCE 7/1         0.0               0.0     0.0       MM
SNOWDEPTH AVG.      0
DAYS >= 1.0         0               0.0     0.0       MM
GREATEST
 SNOW DEPTH         0
 24 HR TOTAL      0.0

DEGREE_DAYS
HEATING TOTAL     102               189     -87       MM
 SINCE 7/1        113               236    -123       MM
COOLING TOTAL      73                47      26       MM
 SINCE 1/1       3263              2580     683       MM
.................................................................

WIND (MPH)
AVERAGE WIND SPEED              5.6
HIGHEST WIND SPEED/DIRECTION    25/140    DATE  11/28
HIGHEST GUST SPEED/DIRECTION    36/150    DATE  11/28

SKY COVER
AVERAGE SKY COVER           0.40

AVERAGE RH (PERCENT)     61

WEATHER CONDITIONS. NUMBER OF DAYS WITH
THUNDERSTORM              0     MIXED PRECIP               0
HEAVY RAIN                1     RAIN                       2
LIGHT RAIN                3     FREEZING RAIN              0
LT FREEZING RAIN          0     HAIL                       0
HEAVY SNOW                0     SNOW                       0
LIGHT SNOW                0     SLEET                      0
FOG                      12     FOG W/VIS <= 1/4 MILE      3
HAZE                      5

-  INDICATES NEGATIVE NUMBERS.
R  INDICATES RECORD WAS SET OR TIED.
MM INDICATES DATA IS MISSING.
T  INDICATES TRACE AMOUNT.

$$
