000
CXUS52 KTAE 081422 CCA
CLMTLH

CLIMATE REPORT
NATIONAL WEATHER SERVICE TALLAHASSEE FL
839 AM EDT MON MAY 1 2017

...................................

...THE TALLAHASSEE CLIMATE SUMMARY FOR THE MONTH OF APRIL 2017...

CLIMATE NORMAL PERIOD 1981 TO 2010
CLIMATE RECORD PERIOD 1896 TO 2017

WEATHER         OBSERVED          NORMAL  DEPART  LAST YEAR`S
                 VALUE   DATE(S)  VALUE   FROM    VALUE  DATE(S)
                                          NORMAL
................................................................
TEMPERATURE (F)
RECORD
 HIGH              95   04/30/2012
                        04/24/1999
                        04/22/1968
 LOW               29   04/01/1987
                        04/08/1971
HIGHEST            89   04/28                         91  04/30
                                                          04/29
LOWEST             39   04/08                         43  04/09
AVG. MAXIMUM     83.3              79.9     3.4     81.8
AVG. MINIMUM     56.4              52.3     4.1     56.6
MEAN             69.8              66.1     3.7     69.2
DAYS MAX >= 90      0               0.9    -0.9        2
DAYS MAX <= 32      0               0.0     0.0        0
DAYS MIN <= 32      0               0.2    -0.2        0
DAYS MIN <= 0       0               0.0     0.0        0

PRECIPITATION (INCHES)
RECORD
 MAXIMUM        13.13   1973
 MINIMUM         0.11   1903
TOTALS           3.17              3.06    0.11     6.49
DAILY AVG.       0.11              0.10    0.01     0.22
DAYS >= .01         4               6.1    -2.1        8
DAYS >= .10         2               3.9    -1.9        5
DAYS >= .50         1               1.8    -0.8        4
DAYS >= 1.00        1               1.0     0.0        3
GREATEST
 24 HR. TOTAL    2.93   04/03 TO 04/03

SNOWFALL (INCHES)
RECORDS
 TOTAL             MM   MM
TOTALS            0.0
SINCE 7/1         0.0               0.1    -0.1      0.0
SNOWDEPTH AVG.      0
DAYS >= 1.0         0               0.0     0.0        0
GREATEST
 SNOW DEPTH         0
 24 HR TOTAL      0.0

DEGREE_DAYS
HEATING TOTAL      24                66     -42       12
 SINCE 7/1        800              1590    -790      943
COOLING TOTAL     176                99      77      147
 SINCE 1/1        316               153     163      258
.................................................................

WIND (MPH)
AVERAGE WIND SPEED              6.2
HIGHEST WIND SPEED/DIRECTION    37/300    DATE  04/03
HIGHEST GUST SPEED/DIRECTION    43/300    DATE  04/03

SKY COVER
AVERAGE SKY COVER           0.40

AVERAGE RH (PERCENT)     67

WEATHER CONDITIONS. NUMBER OF DAYS WITH
THUNDERSTORM              0     MIXED PRECIP               0
HEAVY RAIN                2     RAIN                       1
LIGHT RAIN                5     FREEZING RAIN              0
LT FREEZING RAIN          0     HAIL                       0
HEAVY SNOW                0     SNOW                       0
LIGHT SNOW                0     SLEET                      0
FOG                      14     FOG W/VIS <= 1/4 MILE      4
HAZE                      2

-  INDICATES NEGATIVE NUMBERS.
R  INDICATES RECORD WAS SET OR TIED.
MM INDICATES DATA IS MISSING.
T  INDICATES TRACE AMOUNT.

$$
