000
CXUS52 KTAE 011813
CLMTLH

CLIMATE REPORT
NATIONAL WEATHER SERVICE TALLAHASSEE FL
920 AM EDT TUE JUL 1 2014

...................................

...THE TALLAHASSEE CLIMATE SUMMARY FOR THE MONTH OF JUNE 2014...

CLIMATE NORMAL PERIOD 1981 TO 2010
CLIMATE RECORD PERIOD 1896 TO 2014

WEATHER         OBSERVED          NORMAL  DEPART  LAST YEAR`S
                 VALUE   DATE(S)  VALUE   FROM    VALUE  DATE(S)
                                          NORMAL
................................................................
TEMPERATURE (F)
RECORD
 HIGH             105   06/15/2011
 LOW               49   06/02/1972
HIGHEST            99   06/30                         98  06/13
                        06/29                             06/12
LOWEST             65   06/05                         69  06/07
AVG. MAXIMUM     92.9              91.0     1.9     91.5
AVG. MINIMUM     71.3              69.5     1.8     72.7
MEAN             82.1              80.2     1.9     82.1
DAYS MAX >= 90     24              18.0     6.0       23
DAYS MAX <= 32      0               0.0     0.0        0
DAYS MIN <= 32      0               0.0     0.0        0
DAYS MIN <= 0       0               0.0     0.0        0

PRECIPITATION (INCHES)
RECORD
 MAXIMUM        17.41   1989
 MINIMUM         1.16   1944
TOTALS           4.40              7.73   -3.33     7.32
DAILY AVG.       0.15              0.26   -0.11     0.24
DAYS >= .01        16              13.6     2.4       16
DAYS >= .10        13               9.5     3.5        9
DAYS >= .50         3               4.6    -1.6        4
DAYS >= 1.00        0               2.4    -2.4        3
GREATEST
 24 HR. TOTAL    0.76   06/19

SNOWFALL (INCHES)
RECORDS
 TOTAL            0.0
TOTALS            0.0
SINCE 7/1           T               0.1    -0.1        T
SNOWDEPTH AVG.      0
DAYS >= 1.0         0               0.0     0.0        0
GREATEST
 SNOW DEPTH         0
 24 HR TOTAL      0.0

DEGREE_DAYS
HEATING TOTAL       0                 0       0        0
 SINCE 7/1       1360              1595    -235     1332
COOLING TOTAL     503               457      46      520
 SINCE 1/1        992               903      89      982
.................................................................

WIND (MPH)
AVERAGE WIND SPEED              4.4
HIGHEST WIND SPEED/DIRECTION    32/090    DATE  06/17
HIGHEST GUST SPEED/DIRECTION    48/090    DATE  06/20

SKY COVER
AVERAGE SKY COVER           0.50

AVERAGE RH (PERCENT)     66

WEATHER CONDITIONS. NUMBER OF DAYS WITH
THUNDERSTORM              0     MIXED PRECIP               0
HEAVY RAIN               10     RAIN                       9
LIGHT RAIN               16     FREEZING RAIN              0
LT FREEZING RAIN          0     HAIL                       0
HEAVY SNOW                0     SNOW                       0
LIGHT SNOW                0     SLEET                      0
FOG                      23     FOG W/VIS <= 1/4 MILE      4
HAZE                     10

-  INDICATES NEGATIVE NUMBERS.
R  INDICATES RECORD WAS SET OR TIED.
MM INDICATES DATA IS MISSING.
T  INDICATES TRACE AMOUNT.

$$
