000
CXUS52 KTAE 032335
CLMTLH

CLIMATE REPORT
NATIONAL WEATHER SERVICE TALLAHASSEE FL
635 PM EST SAT JAN 3 2015

...................................

...THE TALLAHASSEE CLIMATE SUMMARY FOR THE MONTH OF DECEMBER 2014...

CLIMATE NORMAL PERIOD 1981 TO 2010
CLIMATE RECORD PERIOD 1896 TO 2014

WEATHER         OBSERVED          NORMAL  DEPART  LAST YEAR`S
                 VALUE   DATE(S)  VALUE   FROM    VALUE  DATE(S)
                                          NORMAL
................................................................
TEMPERATURE (F)
RECORD
 HIGH              84   12/07/2013
                        12/16/1971
                        12/14/1931
 LOW               10   12/13/1962
HIGHEST            81   12/03                         84  12/07
LOWEST             29   12/14                         30  12/25
                        12/12                             12/19
AVG. MAXIMUM     69.1              65.3     3.8     70.3
AVG. MINIMUM     45.2              41.1     4.1     47.7
MEAN             57.1              53.2     3.9     59.0
DAYS MAX >= 90      0               0.0     0.0        0
DAYS MAX <= 32      0               0.0     0.0        0
DAYS MIN <= 32      5               7.9    -2.9        4
DAYS MIN <= 0       0               0.0     0.0        0

PRECIPITATION (INCHES)
RECORD
 MAXIMUM        12.78   1907
 MINIMUM         0.00   1889
TOTALS           8.78              3.90    4.88     4.89
DAILY AVG.       0.28              0.13    0.15     0.16
DAYS >= .01         9               8.1     0.9        9
DAYS >= .10         6               5.5     0.5        6
DAYS >= .50         2               2.5    -0.5        3
DAYS >= 1.00        1               1.1    -0.1        3
GREATEST
 24 HR. TOTAL    7.50   12/23 TO 12/24

SNOWFALL (INCHES)
RECORDS
 TOTAL            1.0   1989
TOTALS            0.0
SINCE 7/1         0.0               0.1    -0.1      0.0
SNOWDEPTH AVG.      0
DAYS >= 1.0         0               0.0     0.0        0
GREATEST
 SNOW DEPTH         0
 24 HR TOTAL      0.0

DEGREE_DAYS
HEATING TOTAL     250               379    -129      232
 SINCE 7/1        601               615     -14      399
COOLING TOTAL      13                13       0       53
 SINCE 1/1       2805              2593     212     2850
.................................................................

WIND (MPH)
AVERAGE WIND SPEED              4.5
HIGHEST WIND SPEED/DIRECTION    35/240    DATE  12/24
HIGHEST GUST SPEED/DIRECTION    46/240    DATE  12/24

SKY COVER
AVERAGE SKY COVER           0.50

AVERAGE RH (PERCENT)     68

WEATHER CONDITIONS. NUMBER OF DAYS WITH
THUNDERSTORM              0     MIXED PRECIP               0
HEAVY RAIN                2     RAIN                       5
LIGHT RAIN               10     FREEZING RAIN              0
LT FREEZING RAIN          0     HAIL                       0
HEAVY SNOW                0     SNOW                       0
LIGHT SNOW                0     SLEET                      0
FOG                      15     FOG W/VIS <= 1/4 MILE      4
HAZE                      4

-  INDICATES NEGATIVE NUMBERS.
R  INDICATES RECORD WAS SET OR TIED.
MM INDICATES DATA IS MISSING.
T  INDICATES TRACE AMOUNT.

$$
