000
CXUS52 KTAE 021314
CLMTLH

CLIMATE REPORT
NATIONAL WEATHER SERVICE TALLAHASSEE FL
914 AM EDT TUE SEP 2 2014

...................................

...THE TALLAHASSEE CLIMATE SUMMARY FOR THE MONTH OF AUGUST 2014...

CLIMATE NORMAL PERIOD 1981 TO 2010
CLIMATE RECORD PERIOD 1896 TO 2014

WEATHER         OBSERVED          NORMAL  DEPART  LAST YEAR`S
                 VALUE   DATE(S)  VALUE   FROM    VALUE  DATE(S)
                                          NORMAL
................................................................
TEMPERATURE (F)
RECORD
 HIGH             103   08/15/1995
 LOW               57   08/23/1997
HIGHEST           101   08/24                         97  08/06
                        08/23                             08/04
LOWEST             68   08/29                         70  08/29
                        08/28
                        08/01
AVG. MAXIMUM     95.7              91.5     4.2     91.4
AVG. MINIMUM     73.5              72.1     1.4     73.7
MEAN             84.6              81.8     2.8     82.5
DAYS MAX >= 90     31              22.0     9.0       23
DAYS MAX <= 32      0               0.0     0.0        0
DAYS MIN <= 32      0               0.0     0.0        0
DAYS MIN <= 0       0               0.0     0.0        0

PRECIPITATION (INCHES)
RECORD
 MAXIMUM        16.52   2008
 MINIMUM         2.03   2011
TOTALS           2.26              7.35   -5.09     8.62
DAILY AVG.       0.07              0.24   -0.17     0.28
DAYS >= .01        11              14.4    -3.4       15
DAYS >= .10         7               9.5    -2.5       10
DAYS >= .50         1               4.8    -3.8        8
DAYS >= 1.00        1               2.3    -1.3        2
GREATEST
 24 HR. TOTAL    1.14   08/19 TO 08/19

SNOWFALL (INCHES)
RECORDS
 TOTAL
TOTALS            0.0
SINCE 7/1         0.0               0.0     0.0      0.0
SNOWDEPTH AVG.      0
DAYS >= 1.0         0               0.0     0.0        0
GREATEST
 SNOW DEPTH         0
 24 HR TOTAL      0.0

DEGREE_DAYS
HEATING TOTAL       0                 0       0        0
 SINCE 7/1          0                 0       0        0
COOLING TOTAL     616               521      95      551
 SINCE 1/1       2171              1953     218     2036
.................................................................

WIND (MPH)
AVERAGE WIND SPEED              3.9
HIGHEST WIND SPEED/DIRECTION    28/220    DATE  08/19
HIGHEST GUST SPEED/DIRECTION    39/220    DATE  08/19

SKY COVER
AVERAGE SKY COVER           0.40

AVERAGE RH (PERCENT)     66

WEATHER CONDITIONS. NUMBER OF DAYS WITH
THUNDERSTORM              0     MIXED PRECIP               0
HEAVY RAIN                5     RAIN                       5
LIGHT RAIN               14     FREEZING RAIN              0
LT FREEZING RAIN          0     HAIL                       0
HEAVY SNOW                0     SNOW                       0
LIGHT SNOW                0     SLEET                      0
FOG                      19     FOG W/VIS <= 1/4 MILE      2
HAZE                      6

-  INDICATES NEGATIVE NUMBERS.
R  INDICATES RECORD WAS SET OR TIED.
MM INDICATES DATA IS MISSING.
T  INDICATES TRACE AMOUNT.

$$
