000
CXUS52 KTAE 040743
CLMTLH

CLIMATE REPORT
NATIONAL WEATHER SERVICE TALLAHASSEE FL
345 AM EDT FRI SEP 4 2015

...................................

...THE TALLAHASSEE CLIMATE SUMMARY FOR THE MONTH OF AUGUST 2015...

CLIMATE NORMAL PERIOD 1981 TO 2010
CLIMATE RECORD PERIOD 1896 TO 2015

WEATHER         OBSERVED          NORMAL  DEPART  LAST YEAR`S
                 VALUE   DATE(S)  VALUE   FROM    VALUE  DATE(S)
                                          NORMAL
................................................................
TEMPERATURE (F)
RECORD
 HIGH             103   08/15/1995
 LOW               57   08/23/1997
HIGHEST            98   08/22                        101  08/24
                        08/13                             08/23
                        08/10
LOWEST             65   08/27                         68  08/29
                                                          08/28
                                                          08/01
AVG. MAXIMUM     93.9              91.5     2.4     95.7
AVG. MINIMUM     74.7              72.1     2.6     73.5
MEAN             84.3              81.8     2.5     84.6
DAYS MAX >= 90     29              22.0     7.0       31
DAYS MAX <= 32      0               0.0     0.0        0
DAYS MIN <= 32      0               0.0     0.0        0
DAYS MIN <= 0       0               0.0     0.0        0

PRECIPITATION (INCHES)
RECORD
 MAXIMUM        16.52   2008
 MINIMUM         2.03   2011
TOTALS           6.07              7.35   -1.28     2.26
DAILY AVG.       0.20              0.24   -0.04     0.07
DAYS >= .01        16              14.4     1.6       11
DAYS >= .10        12               9.5     2.5        7
DAYS >= .50         4               4.8    -0.8        1
DAYS >= 1.00        2               2.3    -0.3        1
GREATEST
 24 HR. TOTAL    1.63   08/19 TO 08/20



SNOWFALL (INCHES)
RECORDS
 TOTAL            0.0
TOTALS            0.0
SINCE 7/1         0.0               0.0     0.0      0.0
SNOWDEPTH AVG.      0
DAYS >= 1.0         0               0.0     0.0        0
GREATEST
 SNOW DEPTH         0
 24 HR TOTAL      0.0

DEGREE_DAYS
HEATING TOTAL       0                 0       0        0
 SINCE 7/1          0                 0       0        0
COOLING TOTAL     606               521      85      616
 SINCE 1/1       2595              1953     642     2171
.................................................................

WIND (MPH)
AVERAGE WIND SPEED              4.4
HIGHEST WIND SPEED/DIRECTION    29/160    DATE  08/14
HIGHEST GUST SPEED/DIRECTION    36/250    DATE  08/07

SKY COVER
AVERAGE SKY COVER           0.50

AVERAGE RH (PERCENT)     73

WEATHER CONDITIONS. NUMBER OF DAYS WITH
THUNDERSTORM              0     MIXED PRECIP               0
HEAVY RAIN                7     RAIN                       9
LIGHT RAIN               15     FREEZING RAIN              0
LT FREEZING RAIN          0     HAIL                       0
HEAVY SNOW                0     SNOW                       0
LIGHT SNOW                0     SLEET                      0
FOG                      17     FOG W/VIS <= 1/4 MILE      2
HAZE                      7

-  INDICATES NEGATIVE NUMBERS.
R  INDICATES RECORD WAS SET OR TIED.
MM INDICATES DATA IS MISSING.
T  INDICATES TRACE AMOUNT.

$$
