000
CXUS52 KTAE 011917
CLMTLH

MIACLMTLH 000
TTAA00 KTAE 011737

CLIMATE REPORT
NATIONAL WEATHER SERVICE TALLAHASSEE FL
320 PM EDT WED APR 1 2015

...................................

...THE TALLAHASSEE CLIMATE SUMMARY FOR THE MONTH OF MARCH 2015...

CLIMATE NORMAL PERIOD 1981 TO 2010
CLIMATE RECORD PERIOD 1896 TO 2015

WEATHER         OBSERVED          NORMAL  DEPART  LAST YEAR`S
                 VALUE   DATE(S)  VALUE   FROM    VALUE  DATE(S)
                                          NORMAL
................................................................
TEMPERATURE (F)
RECORD
 HIGH              91   03/21/2006
                        03/23/1935
                        03/22/1935
 LOW               20   03/02/1986
                        03/03/1980
HIGHEST            89   03/20                         83  03/31
                        03/17                             03/22
LOWEST             36   03/08                         33  03/14
                        03/07
AVG. MAXIMUM     79.0              73.8     5.2     72.2
AVG. MINIMUM     53.4              47.1     6.3     47.0
MEAN             66.2              60.4     5.8     59.6
DAYS MAX >= 90      0               0.0     0.0        0
DAYS MAX <= 32      0               0.0     0.0        0
DAYS MIN <= 32      0               2.4    -2.4        0
DAYS MIN <= 0       0               0.0     0.0        0

PRECIPITATION (INCHES)
RECORD
 MAXIMUM        16.48   1948
 MINIMUM         0.18   1908
TOTALS           3.15              5.94   -2.79    10.23
DAILY AVG.       0.10              0.19   -0.09     0.33
DAYS >= .01         8               7.9     0.1       11
DAYS >= .10         5               5.8    -0.8        9
DAYS >= .50         3               3.3    -0.3        6
DAYS >= 1.00        0               2.0    -2.0        3
GREATEST
 24 HR. TOTAL    0.95   03/22

SNOWFALL (INCHES)
RECORDS
 TOTAL              T   1996
TOTALS            0.0
SINCE 7/1         0.0               0.1    -0.1        T
SNOWDEPTH AVG.      0
DAYS >= 1.0         0               0.0     0.0        0
GREATEST
 SNOW DEPTH         0
 24 HR TOTAL      0.0

DEGREE_DAYS
HEATING TOTAL      75               181    -106      174
 SINCE 7/1       1441              1524     -83     1317
COOLING TOTAL     120                40      80       12
 SINCE 1/1        127                54      73       24
.................................................................

WIND (MPH)
AVERAGE WIND SPEED              5.5
HIGHEST WIND SPEED/DIRECTION    24/150    DATE  03/26
HIGHEST GUST SPEED/DIRECTION    31/MM     DATE   MM

SKY COVER
AVERAGE SKY COVER           0.60

AVERAGE RH (PERCENT)     69

WEATHER CONDITIONS. NUMBER OF DAYS WITH
THUNDERSTORM              0     MIXED PRECIP               0
HEAVY RAIN                3     RAIN                       5
LIGHT RAIN                9     FREEZING RAIN              0
LT FREEZING RAIN          0     HAIL                       0
HEAVY SNOW                0     SNOW                       0
LIGHT SNOW                0     SLEET                      0
FOG                      21     FOG W/VIS <= 1/4 MILE     10
HAZE                      3

-  INDICATES NEGATIVE NUMBERS.
R  INDICATES RECORD WAS SET OR TIED.
MM INDICATES DATA IS MISSING.
T  INDICATES TRACE AMOUNT.

$$
