000
CXUS52 KTAE 011340 CCA
CLMTLH

CLIMATE REPORT...CORRECTED
NATIONAL WEATHER SERVICE TALLAHASSEE FL
940 AM EDT FRI APR 1 2016

CORRECTED ISSUANCE TIME.

...................................

...THE TALLAHASSEE CLIMATE SUMMARY FOR THE MONTH OF MARCH 2016...

CLIMATE NORMAL PERIOD 1981 TO 2010
CLIMATE RECORD PERIOD 1896 TO 2016

WEATHER         OBSERVED          NORMAL  DEPART  LAST YEAR`S
                 VALUE   DATE(S)  VALUE   FROM    VALUE  DATE(S)
                                          NORMAL
................................................................
TEMPERATURE (F)
RECORD
 HIGH              91   03/21/2006
                        03/23/1935
                        03/22/1935
 LOW               20   03/02/1986
                        03/03/1980
HIGHEST            89   03/16                         89  03/20
                        03/15                             03/17
LOWEST             34   03/22                         36  03/08
                                                          03/07
AVG. MAXIMUM     77.0              73.8     3.2     79.0
AVG. MINIMUM     53.9              47.1     6.8     53.4
MEAN             65.5              60.4     5.1     66.2
DAYS MAX >= 90      0               0.0     0.0        0
DAYS MAX <= 32      0               0.0     0.0        0
DAYS MIN <= 32      0               2.4    -2.4        0
DAYS MIN <= 0       0               0.0     0.0        0

PRECIPITATION (INCHES)
RECORD
 MAXIMUM        16.48   1948
 MINIMUM         0.18   1908
TOTALS           6.50              5.94    0.56     3.15
DAILY AVG.       0.21              0.19    0.02     0.10
DAYS >= .01        10               7.9     2.1        8
DAYS >= .10         7               5.8     1.2        5
DAYS >= .50         6               3.3     2.7        3
DAYS >= 1.00        3               2.0     1.0        0
GREATEST
 24 HR. TOTAL    2.16   03/26 TO 03/27

SNOWFALL (INCHES)
RECORDS
 TOTAL            0.4   1955
TOTALS            0.0
SINCE 7/1         0.0               0.1    -0.1      0.0
SNOWDEPTH AVG.      0
DAYS >= 1.0         0               0.0     0.0        0
GREATEST
 SNOW DEPTH         0
 24 HR TOTAL      0.0

DEGREE_DAYS
HEATING TOTAL      86               181     -95       75
 SINCE 7/1        931              1524    -593     1441
COOLING TOTAL     108                40      68      120
 SINCE 1/1        111                54      57      127
.................................................................

WIND (MPH)
AVERAGE WIND SPEED              6.8
HIGHEST WIND SPEED/DIRECTION    36/310    DATE  03/24
HIGHEST GUST SPEED/DIRECTION    46/310    DATE  03/24

SKY COVER
AVERAGE SKY COVER           0.50

AVERAGE RH (PERCENT)     68

WEATHER CONDITIONS. NUMBER OF DAYS WITH
THUNDERSTORM              0     MIXED PRECIP               0
HEAVY RAIN                6     RAIN                       6
LIGHT RAIN               12     FREEZING RAIN              0
LT FREEZING RAIN          0     HAIL                       0
HEAVY SNOW                0     SNOW                       0
LIGHT SNOW                0     SLEET                      0
FOG                      19     FOG W/VIS <= 1/4 MILE      4
HAZE                      4

-  INDICATES NEGATIVE NUMBERS.
R  INDICATES RECORD WAS SET OR TIED.
MM INDICATES DATA IS MISSING.
T  INDICATES TRACE AMOUNT.

$$
