607
CXUS52 KTAE 012149
CLMTLH

CLIMATE REPORT
NATIONAL WEATHER SERVICE TALLAHASSEE FL
449 PM EST SUN JAN 1 2017

...................................

...THE TALLAHASSEE CLIMATE SUMMARY FOR THE MONTH OF DECEMBER 2016...

CLIMATE NORMAL PERIOD 1981 TO 2010
CLIMATE RECORD PERIOD 1896 TO 2016

WEATHER         OBSERVED          NORMAL  DEPART  LAST YEAR`S
                 VALUE   DATE(S)  VALUE   FROM    VALUE  DATE(S)
                                          NORMAL
................................................................
TEMPERATURE (F)
RECORD
 HIGH              84   12/07/2013
                        12/16/1971
                        12/14/1931
 LOW               10   12/13/1962
HIGHEST            82   12/26                         83  12/26
                        12/25
LOWEST             30   12/10                         31  12/20
AVG. MAXIMUM     70.9              65.3     5.6     75.4
AVG. MINIMUM     49.1              41.1     8.0     54.8
MEAN             60.0              53.2     6.8     65.1
DAYS MAX >= 90      0               0.0     0.0        0
DAYS MAX <= 32      0               0.0     0.0        0
DAYS MIN <= 32      4               7.9    -3.9        1
DAYS MIN <= 0       0               0.0     0.0        0

PRECIPITATION (INCHES)
RECORD
 MAXIMUM        12.78   1907
 MINIMUM         0.00   1889
TOTALS           4.20              3.90    0.30     4.77
DAILY AVG.       0.14              0.13    0.01     0.15
DAYS >= .01        10               8.1     1.9       10
DAYS >= .10         6               5.5     0.5        7
DAYS >= .50         2               2.5    -0.5        4
DAYS >= 1.00        1               1.1    -0.1        2
GREATEST
 24 HR. TOTAL    2.50   12/05 TO 12/06

SNOWFALL (INCHES)
RECORDS
 TOTAL            1.0   1989
TOTALS            0.0
SINCE 7/1         0.0               0.1    -0.1      0.0
SNOWDEPTH AVG.      0
DAYS >= 1.0         0               0.0     0.0        0
GREATEST
 SNOW DEPTH         0
 24 HR TOTAL      0.0

DEGREE_DAYS
HEATING TOTAL     191               379    -188       99
 SINCE 7/1        304               615    -311      144
COOLING TOTAL      43                13      30      110
 SINCE 1/1       3306              2593     713     3568
.................................................................

WIND (MPH)
AVERAGE WIND SPEED              5.8
HIGHEST WIND SPEED/DIRECTION    29/340    DATE  12/29
HIGHEST GUST SPEED/DIRECTION    42/250    DATE  12/05

SKY COVER
AVERAGE SKY COVER           0.60

AVERAGE RH (PERCENT)     74

WEATHER CONDITIONS. NUMBER OF DAYS WITH
THUNDERSTORM              0     MIXED PRECIP               0
HEAVY RAIN                4     RAIN                       7
LIGHT RAIN               10     FREEZING RAIN              0
LT FREEZING RAIN          0     HAIL                       0
HEAVY SNOW                0     SNOW                       0
LIGHT SNOW                0     SLEET                      0
FOG                      18     FOG W/VIS <= 1/4 MILE      5
HAZE                      2

-  INDICATES NEGATIVE NUMBERS.
R  INDICATES RECORD WAS SET OR TIED.
MM INDICATES DATA IS MISSING.
T  INDICATES TRACE AMOUNT.

$$
