000
CXUS52 KTAE 011248
CLMTLH

CLIMATE REPORT
NATIONAL WEATHER SERVICE TALLAHASSEE FL
835 AM EDT MON AUG 1 2016

...................................

...THE TALLAHASSEE CLIMATE SUMMARY FOR THE MONTH OF JULY 2016...

CLIMATE NORMAL PERIOD 1981 TO 2010
CLIMATE RECORD PERIOD 1896 TO 2016

WEATHER         OBSERVED          NORMAL  DEPART  LAST YEAR`S
                 VALUE   DATE(S)  VALUE   FROM    VALUE  DATE(S)
                                          NORMAL
................................................................
TEMPERATURE (F)
RECORD
 HIGH             104   07/15/1932
                        07/03/1931
 LOW               57   07/16/1967
                        07/07/1896
HIGHEST            99   07/09                        100  07/29
                                                          07/28
                                                          07/13
LOWEST             72   07/13                         68  07/01
AVG. MAXIMUM     95.5              92.1     3.4     96.1
AVG. MINIMUM     74.6              72.0     2.6     74.8
MEAN             85.0              82.0     3.0     85.4
DAYS MAX >= 90     30              23.0     7.0       30
DAYS MAX <= 32      0               0.0     0.0        0
DAYS MIN <= 32      0               0.0     0.0        0
DAYS MIN <= 0       0               0.0     0.0        0

PRECIPITATION (INCHES)
RECORD
 MAXIMUM        20.12   1964
 MINIMUM         2.33   2014
TOTALS           7.93              7.17    0.76     6.15
DAILY AVG.       0.26              0.23    0.03     0.20
DAYS >= .01        18              16.0     2.0       17
DAYS >= .10        12              11.2     0.8        9
DAYS >= .50         4               5.0    -1.0        4
DAYS >= 1.00        2               2.1    -0.1        1
GREATEST
 24 HR. TOTAL    2.50   07/03 TO 07/03
                        07/02 TO 07/03
                        07/03 TO 07/03

SNOWFALL (INCHES)
RECORDS
 TOTAL             MM   MM
TOTALS            0.0
SINCE 7/1         0.0               0.0     0.0      0.0
SNOWDEPTH AVG.      0
DAYS >= 1.0         0               0.0     0.0        0
GREATEST
 SNOW DEPTH         0
 24 HR TOTAL      0.0

DEGREE_DAYS
HEATING TOTAL       0                 0       0        0
 SINCE 7/1          0                 0       0        0
COOLING TOTAL     628               529      99      644
 SINCE 1/1       1786              1432     354     1969
.................................................................

WIND (MPH)
AVERAGE WIND SPEED              4.3
HIGHEST WIND SPEED/DIRECTION    35/280    DATE  07/14
HIGHEST GUST SPEED/DIRECTION    43/280    DATE  07/14

SKY COVER
AVERAGE SKY COVER           0.40

AVERAGE RH (PERCENT)     71

WEATHER CONDITIONS. NUMBER OF DAYS WITH
THUNDERSTORM              0     MIXED PRECIP               0
HEAVY RAIN               11     RAIN                      11
LIGHT RAIN               15     FREEZING RAIN              0
LT FREEZING RAIN          0     HAIL                       0
HEAVY SNOW                0     SNOW                       0
LIGHT SNOW                0     SLEET                      0
FOG                      21     FOG W/VIS <= 1/4 MILE      2
HAZE                      5

-  INDICATES NEGATIVE NUMBERS.
R  INDICATES RECORD WAS SET OR TIED.
MM INDICATES DATA IS MISSING.
T  INDICATES TRACE AMOUNT.

$$
