000
CXUS51 KCLE 011632
CLMTOL


CLIMATE REPORT
NATIONAL WEATHER SERVICE CLEVELAND OH
1232 PM EDT WED OCT 1 2014

...................................

...THE TOLEDO OH CLIMATE SUMMARY FOR THE MONTH OF SEPTEMBER 2014...

CLIMATE NORMAL PERIOD 1981 TO 2010
CLIMATE RECORD PERIOD 1873 TO 2014

WEATHER         OBSERVED          NORMAL  DEPART  LAST YEAR`S
                 VALUE   DATE(S)  VALUE   FROM    VALUE
                                          NORMAL
.............................................................
TEMPERATURE (F)
RECORD
 HIGH             100   09/02/1953
                        09/01/1953
                        09/15/1939
 LOW               28   09/23/1974
HIGHEST            93   09/05
LOWEST             40   09/23
AVG. MAXIMUM     73.8              75.4    -1.6     75.5
AVG. MINIMUM     51.0              52.8    -1.8     52.1
MEAN             62.4              64.1    -1.7     63.8
DAYS MAX >= 90      1               0.9     0.1        2
DAYS MAX <= 32      0               0.0     0.0        0
DAYS MIN <= 32      0               0.1    -0.1        0
DAYS MIN <= 0       0               0.0     0.0        0

PRECIPITATION (INCHES)
RECORD
 MAXIMUM         8.10   1972
 MINIMUM         0.37   1946
TOTALS           5.37              2.78    2.59     1.97
DAYS >= .01        10               9.7     0.3        9
DAYS >= .10         7               5.4     1.6        7
DAYS >= .50         2               1.7     0.3        1
DAYS >= 1.00        1               0.5     0.5        0
GREATEST
 24 HR. TOTAL    3.39   09/10 TO 09/10              0.52

SNOWFALL (INCHES)
RECORDS
 TOTAL              T   5
                        0
                        -26215
TOTALS            0.0               0.0     0.0      0.0
SINCE 7/1         0.0               0.0     0.0      0.0
DAYS >= 1.0         0               0.0     0.0        0
GREATEST
 24 HR TOTAL      0.0   09/29 TO 09/29

DEGREE_DAYS
HEATING TOTAL     125               110      15      118
 SINCE 7/1        139               124      15      147
COOLING TOTAL      56                82     -26       90
 SINCE 1/1        654               784    -130      772
..............................................................

WIND (MPH)
AVERAGE WIND SPEED              4.8
HIGHEST WIND SPEED/DIRECTION    31/240    DATE  09/20
HIGHEST GUST SPEED/DIRECTION    43/230    DATE  09/20

SKY COVER
AVERAGE SKY COVER           0.30

AVERAGE RH (PERCENT)     73

WEATHER CONDITIONS. NUMBER OF DAYS WITH
THUNDERSTORM              0     MIXED PRECIP               0
HEAVY RAIN                7     RAIN                       7
LIGHT RAIN               11     FREEZING RAIN              0
LT FREEZING RAIN          0     HAIL                       0
HEAVY SNOW                0     SNOW                       0
LIGHT SNOW                0     SLEET                      0
FOG                      23     FOG W/VIS <= 1/4 MILE      6
HAZE                      5

-  INDICATES NEGATIVE NUMBERS.
R  INDICATES RECORD WAS SET OR TIED.
MM INDICATES DATA IS MISSING.
T  INDICATES TRACE AMOUNT.

$$
