000
CXUS51 KCLE 060535
CLMTOL


CLIMATE REPORT
NATIONAL WEATHER SERVICE CLEVELAND OH
1234 AM EST TUE FEB 6 2018

...................................

...THE TOLEDO OH CLIMATE SUMMARY FOR THE MONTH OF JANUARY 2018...

CLIMATE NORMAL PERIOD 1981 TO 2010
CLIMATE RECORD PERIOD 1873 TO 2018

WEATHER         OBSERVED          NORMAL  DEPART  LAST YEAR`S
                 VALUE   DATE(S)  VALUE   FROM    VALUE
                                          NORMAL
.............................................................
TEMPERATURE (F)
RECORD
 HIGH              71   01/25/1950
                        01/13/1890
 LOW              -20   01/21/1984
HIGHEST            58   01/22
                        01/11
LOWEST             -5   01/07
                        01/06
                        01/02
AVG. MAXIMUM     32.8              32.6     0.2     37.9
AVG. MINIMUM     17.0              18.4    -1.4     24.9
MEAN             24.9              25.5    -0.6     31.4
DAYS MAX >= 90      0               0.0     0.0        0
DAYS MAX <= 32     16              15.0     1.0       12
DAYS MIN <= 32     27              27.0     0.0       21
DAYS MIN <= 0       6               2.9     3.1        1

PRECIPITATION (INCHES)
RECORD
 MAXIMUM         6.63   1913
 MINIMUM         0.27   1961
TOTALS           1.13              2.05   -0.92     4.15
DAYS >= .01        11              12.7    -1.7       21
DAYS >= .10         4               5.4    -1.4        6
DAYS >= .50         0               1.2    -1.2        4
DAYS >= 1.00        0               0.1    -0.1        1
GREATEST
 24 HR. TOTAL    0.38   01/12 TO 01/12              1.01

SNOWFALL (INCHES)
RECORDS
 TOTAL           40.2   2014
TOTALS            6.6              11.6    -5.0      2.8
SINCE 7/1        20.5              21.1    -0.6     16.0
DAYS >= 1.0         4               3.5     0.5        0
GREATEST
 24 HR TOTAL      2.1   01/15 TO 01/15

DEGREE_DAYS
HEATING TOTAL    1236              1224      12     1032
 SINCE 7/1       3471              3549     -78     3114
COOLING TOTAL       0                 0       0        0
 SINCE 1/1          0                 0       0        0
..............................................................

WIND (MPH)
AVERAGE WIND SPEED              9.7
HIGHEST WIND SPEED/DIRECTION    33/250    DATE  01/31
HIGHEST GUST SPEED/DIRECTION    43/240    DATE  01/31

SKY COVER
AVERAGE SKY COVER           0.60

AVERAGE RH (PERCENT)     78

WEATHER CONDITIONS. NUMBER OF DAYS WITH
THUNDERSTORM              0     MIXED PRECIP               0
HEAVY RAIN                0     RAIN                       1
LIGHT RAIN                8     FREEZING RAIN              0
LT FREEZING RAIN          3     HAIL                       0
HEAVY SNOW                0     SNOW                       1
LIGHT SNOW               13     SLEET                      0
FOG                      19     FOG W/VIS <= 1/4 MILE      1
HAZE                      6

-  INDICATES NEGATIVE NUMBERS.
R  INDICATES RECORD WAS SET OR TIED.
MM INDICATES DATA IS MISSING.
T  INDICATES TRACE AMOUNT.

$$
