000
CXUS51 KCLE 030041
CLMTOL


CLIMATE REPORT
NATIONAL WEATHER SERVICE CLEVELAND OH
736 PM EST MON MAR 2 2015

...................................

...THE TOLEDO OH CLIMATE SUMMARY FOR THE MONTH OF FEBRUARY 2015...

CLIMATE NORMAL PERIOD 1981 TO 2010
CLIMATE RECORD PERIOD 1873 TO 2015

WEATHER         OBSERVED          NORMAL  DEPART  LAST YEAR`S
                 VALUE   DATE(S)  VALUE   FROM    VALUE
                                          NORMAL
.............................................................
TEMPERATURE (F)
RECORD
 HIGH              71   02/26/2000
                        02/11/1999
 LOW              -19   02/20/2015
HIGHEST            46   02/08
LOWEST            -19R  02/20
AVG. MAXIMUM     22.2              36.0   -13.8     26.7
AVG. MINIMUM      2.6              20.6   -18.0      8.6
MEAN             12.4              28.3   -15.9     17.7
DAYS MAX >= 90      0               0.0     0.0        0
DAYS MAX <= 32     24               9.8    14.2       22
DAYS MIN <= 32     28              24.2     3.8       27
DAYS MIN <= 0      12               1.4    10.6        9

PRECIPITATION (INCHES)
RECORD
 MAXIMUM         6.84   1887
 MINIMUM         0.08   1877
TOTALS           1.57              2.07   -0.50     3.89
DAYS >= .01        11              10.2     0.8       11
DAYS >= .10         7               5.0     2.0        6
DAYS >= .50         1               1.1    -0.1        2
DAYS >= 1.00        0               0.3    -0.3        1
GREATEST
 24 HR. TOTAL    0.67   02/01 TO 02/01              1.74

SNOWFALL (INCHES)
RECORDS
 TOTAL           26.3   2011
TOTALS           25.3               9.4    15.9     21.6
SINCE 7/1        40.3              30.5     9.8     73.5
DAYS >= 1.0         7               3.0     4.0        6
GREATEST
 24 HR TOTAL     10.0   02/01 TO 02/01

DEGREE_DAYS
HEATING TOTAL    1463              1027     436     1317
 SINCE 7/1       5256              4576     680     5326
COOLING TOTAL       0                 0       0        0
 SINCE 1/1          0                 0       0        0
..............................................................

WIND (MPH)
AVERAGE WIND SPEED              8.3
HIGHEST WIND SPEED/DIRECTION    32/340    DATE  02/14
HIGHEST GUST SPEED/DIRECTION    40/340    DATE  02/14

SKY COVER
AVERAGE SKY COVER           0.50

AVERAGE RH (PERCENT)     72

WEATHER CONDITIONS. NUMBER OF DAYS WITH
THUNDERSTORM              0     MIXED PRECIP               0
HEAVY RAIN                0     RAIN                       0
LIGHT RAIN                2     FREEZING RAIN              0
LT FREEZING RAIN          1     HAIL                       0
HEAVY SNOW                3     SNOW                       5
LIGHT SNOW               20     SLEET                      0
FOG                      16     FOG W/VIS <= 1/4 MILE      4
HAZE                     14

-  INDICATES NEGATIVE NUMBERS.
R  INDICATES RECORD WAS SET OR TIED.
MM INDICATES DATA IS MISSING.
T  INDICATES TRACE AMOUNT.

$$
