000
CXUS51 KCLE 031853
CLMTOL


CLIMATE REPORT...CORRECTED
NATIONAL WEATHER SERVICE CLEVELAND OH
249 PM EDT FRI JUL 3 2015

...................................

...THE TOLEDO OH CLIMATE SUMMARY FOR THE MONTH OF JUNE 2015...

CLIMATE NORMAL PERIOD 1981 TO 2010
CLIMATE RECORD PERIOD 1873 TO 2015

WEATHER         OBSERVED          NORMAL  DEPART  LAST YEAR`S
                 VALUE   DATE(S)  VALUE   FROM    VALUE
                                          NORMAL
.............................................................
TEMPERATURE (F)
RECORD
 HIGH             104   06/25/1988
 LOW               32   06/11/1972
HIGHEST            88   06/10
LOWEST             45   06/02
AVG. MAXIMUM     77.3              80.7    -3.4     81.3
AVG. MINIMUM     58.7              58.3     0.4     59.9
MEAN             68.0              69.5    -1.5     70.6
DAYS MAX >= 90      0               3.7    -3.7        2
DAYS MAX <= 32      0               0.0     0.0        0
DAYS MIN <= 32      0               0.0     0.0        0
DAYS MIN <= 0       0               0.0     0.0        0

PRECIPITATION (INCHES)
RECORD
 MAXIMUM         8.48   1981
 MINIMUM         0.12   1952
TOTALS           7.22              3.57    3.65     3.98
DAYS >= .01        13              10.2     2.8       13
DAYS >= .10        10               6.2     3.8        8
DAYS >= .50         4               2.3     1.7        3
DAYS >= 1.00        3               0.8     2.2        1
GREATEST
 24 HR. TOTAL    3.42   06/26 TO 06/27              1.51

SNOWFALL (INCHES)
RECORDS
 TOTAL             MM   MM
TOTALS            0.0               0.0     0.0      0.0
SINCE 7/1        45.7              37.6     8.1     86.3
DAYS >= 1.0         0               0.0     0.0        0
GREATEST
 24 HR TOTAL      0.0   06/30 TO 06/30

DEGREE_DAYS
HEATING TOTAL      35                35       0       16
 SINCE 7/1       6896              6145     751     7132
COOLING TOTAL     133               170     -37      191
 SINCE 1/1        226               223       3      253
..............................................................

WIND (MPH)
AVERAGE WIND SPEED              8.1
HIGHEST WIND SPEED/DIRECTION    35/030    DATE  06/27
HIGHEST GUST SPEED/DIRECTION    47/030    DATE  06/27

SKY COVER
AVERAGE SKY COVER           0.50

AVERAGE RH (PERCENT)     76

WEATHER CONDITIONS. NUMBER OF DAYS WITH
THUNDERSTORM              0     MIXED PRECIP               0
HEAVY RAIN                8     RAIN                       8
LIGHT RAIN               16     FREEZING RAIN              0
LT FREEZING RAIN          0     HAIL                       0
HEAVY SNOW                0     SNOW                       0
LIGHT SNOW                0     SLEET                      0
FOG                      20     FOG W/VIS <= 1/4 MILE      1
HAZE                      6

-  INDICATES NEGATIVE NUMBERS.
R  INDICATES RECORD WAS SET OR TIED.
MM INDICATES DATA IS MISSING.
T  INDICATES TRACE AMOUNT.

$$
