000
CXUS53 KTOP 011429
CLMTOP


CLIMATE REPORT
NATIONAL WEATHER SERVICE TOPEKA KS
827 AM CST FRI DEC 1 2017

...................................

...THE TOPEKA KS CLIMATE SUMMARY FOR THE MONTH OF NOVEMBER 2017...

CLIMATE NORMAL PERIOD 1981 TO 2010
CLIMATE RECORD PERIOD 1887 TO 2017

WEATHER         OBSERVED          NORMAL  DEPART  LAST YEAR`S
                 VALUE   DATE(S)  VALUE   FROM    VALUE  DATE(S)
                                          NORMAL
................................................................
TEMPERATURE (F)
RECORD
 HIGH              85   11/08/2006
                        11/08/1980
 LOW               -5   11/27/1887
HIGHEST            79   11/24        61      18       80
LOWEST             18   11/22        27      -9       25
AVG. MAXIMUM     57.1              54.6     2.5     63.7
AVG. MINIMUM     34.4              33.0     1.4     38.7
MEAN             45.8              43.8     2.0     51.2
DAYS MAX >= 90      0               0.0     0.0        0
DAYS MAX <= 32      0               0.9    -0.9        0
DAYS MIN <= 32     13              14.2    -1.2       11
DAYS MIN <= 0       0               0.0     0.0        0

PRECIPITATION (INCHES)
RECORD
 MAXIMUM         7.07   1931
 MINIMUM            T   1989
                        1954
TOTALS           0.10              1.85   -1.75     0.19
DAILY AVG.       0.00              0.06   -0.06     0.01
DAYS >= .01         2               6.8    -4.8        4
DAYS >= .10         0               3.5    -3.5        0
DAYS >= .50         0               1.3    -1.3        0
DAYS >= 1.00        0               0.4    -0.4        0
GREATEST
 24 HR. TOTAL    0.09   11/11 TO 11/11              0.09

SNOWFALL (INCHES)
RECORDS
 TOTAL            9.8   1888
TOTALS              T               1.0    -1.0      0.0
SINCE 7/1         0.4               1.3    -0.9        T
SNOWDEPTH AVG.      0                                  0
DAYS >= 1.0         0               0.3    -0.3        0
GREATEST
 SNOW DEPTH         0   MM                             0  MM
 24 HR TOTAL        T   11/06 TO 11/06               0.0

DEGREE_DAYS
HEATING TOTAL     568               638     -70      417
 SINCE 7/1        823               994    -171      573
COOLING TOTAL       0                 2      -2       13
 SINCE 1/1       1473              1422      51     1711
.................................................................

WIND (MPH)
AVERAGE WIND SPEED              7.7
HIGHEST WIND SPEED/DIRECTION    31/350    DATE  11/21
HIGHEST GUST SPEED/DIRECTION    43/330    DATE  11/18

SKY COVER
POSSIBLE SUNSHINE (PERCENT)   MM
AVERAGE SKY COVER           0.40
NUMBER OF DAYS FAIR           15
NUMBER OF DAYS PC              9
NUMBER OF DAYS CLOUDY          6

AVERAGE RH (PERCENT)     67

WEATHER CONDITIONS. NUMBER OF DAYS WITH
THUNDERSTORM              0     MIXED PRECIP               0
HEAVY RAIN                0     RAIN                       0
LIGHT RAIN                4     FREEZING RAIN              0
LT FREEZING RAIN          0     HAIL                       0
HEAVY SNOW                0     SNOW                       0
LIGHT SNOW                1     SLEET                      0
FOG                      13     FOG W/VIS <= 1/4 MILE      3
HAZE                      3

-  INDICATES NEGATIVE NUMBERS.
R  INDICATES RECORD WAS SET OR TIED.
MM INDICATES DATA IS MISSING.
T  INDICATES TRACE AMOUNT.

$$
