000
CXUS52 KTBW 020355
CLMTPA


CLIMATE REPORT
NATIONAL WEATHER SERVICE TAMPA BAY FL
1155 PM EDT TUE JUL 1 2014

...................................

...THE TAMPA CLIMATE SUMMARY FOR THE MONTH OF JUNE 2014...

    ...4TH DRIEST JUNE SINCE RECORDS BEGAN IN 1890...

CLIMATE NORMAL PERIOD 1981 TO 2010
CLIMATE RECORD PERIOD 1890 TO 2014

WEATHER         OBSERVED          NORMAL  DEPART  LAST YEAR`S
                 VALUE   DATE(S)  VALUE   FROM    VALUE  DATE(S)
                                          NORMAL
................................................................
TEMPERATURE (F)
ALL-TIME JUNE RECORD
 HIGH              99   06/05/1985
 LOW               53   06/01/1984

JUNE 2014
HIGHEST            96   06/30        MM      MM       95  06/12
                        06/29
LOWEST             72   06/19        MM      MM       72  06/23
                        06/14                             06/22
                        06/13
AVG. MAXIMUM     89.7              89.6     0.1     89.0
AVG. MINIMUM     75.0              74.8     0.2     75.5
MEAN             82.3              82.2     0.1     82.3
DAYS MAX >= 90     11              14.4    -3.4       17
DAYS MAX <= 32      0               0.0     0.0        0
DAYS MIN <= 32      0               0.0     0.0        0
DAYS MIN <= 0       0               0.0     0.0        0

PRECIPITATION (INCHES)
ALL-TIME JUNE RECORD
 MAXIMUM        18.66   2012
 MINIMUM         1.26   1918

JUNE 2014
TOTALS           1.77              6.68   -4.91    11.30
DAILY AVG.       0.06              0.22   -0.16     0.38
DAYS >= .01        11              12.7    -1.7       17
DAYS >= .10         5               9.2    -4.2        9
DAYS >= .50         1               4.2    -3.2        5
DAYS >= 1.00        0               2.2    -2.2        3
GREATEST
 24 HR. TOTAL    0.50   06/15 TO 06/15

DEGREE_DAYS
HEATING TOTAL       0                 0       0        0
 SINCE 7/1        444               538     -94      400
COOLING TOTAL     526               516      10      523
 SINCE 1/1       1349              1393     -44     1498
.................................................................

WIND (MPH)
AVERAGE WIND SPEED              6.4
HIGHEST WIND SPEED/DIRECTION    28/350    DATE  06/30
HIGHEST GUST SPEED/DIRECTION    36/030    DATE  06/30

SKY COVER
POSSIBLE SUNSHINE (PERCENT)   MM
AVERAGE SKY COVER           0.60
NUMBER OF DAYS FAIR            2
NUMBER OF DAYS PC             24
NUMBER OF DAYS CLOUDY          4

AVERAGE RH (PERCENT)     67

WEATHER CONDITIONS. NUMBER OF DAYS WITH
THUNDERSTORM             11     MIXED PRECIP               0
HEAVY RAIN                0     RAIN                       6
LIGHT RAIN               13     FREEZING RAIN              0
LT FREEZING RAIN          0     HAIL                       0
HEAVY SNOW                0     SNOW                       0
LIGHT SNOW                0     SLEET                      0
FOG                       5     FOG W/VIS <= 1/4 MILE      0
HAZE                      3
................................................................

REMARKS
THE JUNE 2014 RAINFALL TOTAL OF 1.77 INCHES RANKS AS THE 4TH
DRIEST JUNE SINCE RECORDS BEGAN IN 1890. THE DRIEST JUNE HAD A
RAINFALL TOTAL OF 1.26 INCHES WHICH OCCURRED IN 1918.

-  INDICATES NEGATIVE NUMBERS.
R  INDICATES RECORD WAS SET OR TIED.
MM INDICATES DATA IS MISSING.
T  INDICATES TRACE AMOUNT.

$$
