000
CXUS52 KTBW 051355
CLMTPA


CLIMATE REPORT
NATIONAL WEATHER SERVICE TAMPA BAY FL
855 AM EST TUE DEC 5 2017

...................................

...THE TAMPA CLIMATE SUMMARY FOR THE MONTH OF NOVEMBER 2017...

...9TH WARMEST AND 10TH DRIEST NOVEMBER SINCE RECORDS BEGAN IN 1890...

CLIMATE NORMAL PERIOD 1981 TO 2010
CLIMATE RECORD PERIOD 1890 TO 2017

WEATHER         OBSERVED          NORMAL  DEPART  LAST YEAR`S
                 VALUE   DATE(S)  VALUE   FROM    VALUE  DATE(S)
                                          NORMAL
................................................................
TEMPERATURE (F)
ALL-TIME NOVEMBER RECORD
 HIGH              92   11/04/2015
 LOW               23   11/25/1970

NOVEMBER 2017
HIGHEST            86   11/13        MM      MM       88  11/02
                        11/07
                        11/04
LOWEST             51   11/20        MM      MM       44  11/21
AVG. MAXIMUM     81.4              78.0     3.4     80.7
AVG. MINIMUM     62.7              60.3     2.4     61.5
MEAN             72.1              69.1     3.0     71.1
DAYS MAX >= 90      0               0.0     0.0        0
DAYS MAX <= 32      0               0.0     0.0        0
DAYS MIN <= 32      0               0.0     0.0        0
DAYS MIN <= 0       0               0.0     0.0        0

PRECIPITATION (INCHES)
ALL-TIME NOVEMBER RECORD
 MAXIMUM         6.12   1963
 MINIMUM            T   1960

NOVEMBER 2017
TOTALS           0.12              1.55   -1.43     0.01
DAILY AVG.       0.00              0.05   -0.05     0.00
DAYS >= .01         5               5.1    -0.1        1
DAYS >= .10         0               2.7    -2.7        0
DAYS >= .50         0               0.9    -0.9        0
DAYS >= 1.00        0               0.4    -0.4        0
GREATEST
 24 HR. TOTAL    0.04   11/24 TO 11/24

DEGREE_DAYS
HEATING TOTAL       0                40     -40       15
 SINCE 7/1          8                44     -36       15
COOLING TOTAL     221               164      57      205
 SINCE 1/1       4285              3530     755     3973
.................................................................

WIND (MPH)
AVERAGE WIND SPEED              6.2
HIGHEST WIND SPEED/DIRECTION    21/190    DATE  11/23
HIGHEST GUST SPEED/DIRECTION    29/190    DATE  11/23

SKY COVER
POSSIBLE SUNSHINE (PERCENT)   MM
AVERAGE SKY COVER           0.40
NUMBER OF DAYS FAIR           18
NUMBER OF DAYS PC              8
NUMBER OF DAYS CLOUDY          4

AVERAGE RH (PERCENT)     69

WEATHER CONDITIONS. NUMBER OF DAYS WITH
THUNDERSTORM              1     MIXED PRECIP               0
HEAVY RAIN                0     RAIN                       0
LIGHT RAIN                6     FREEZING RAIN              0
LT FREEZING RAIN          0     HAIL                       0
HEAVY SNOW                0     SNOW                       0
LIGHT SNOW                0     SLEET                      0
FOG                      12     FOG W/VIS <= 1/4 MILE      0
HAZE                      4
.................................................................

REMARKS
THE NOVEMBER 2017 MONTHLY AVERAGE TEMPERATURE OF 72.1 DEGREES
RANKS AS THE 9TH WARMEST NOVEMBER SINCE RECORDS BEGAN IN 1890.
THE WARMEST NOVEMBER HAD AN AVERAGE TEMPERATURE OF 76.3 DEGREES
WHICH OCCURRED IN 1986.

THE NOVEMBER 2017 MONTHLY RAINFALL TOTAL OF 0.12 INCHES TIES
WITH 1974 AS THE 10TH DRIEST NOVEMBER SINCE RECORDS BEGAN IN
1890.


-  INDICATES NEGATIVE NUMBERS.
R  INDICATES RECORD WAS SET OR TIED.
MM INDICATES DATA IS MISSING.
T  INDICATES TRACE AMOUNT.

$$
