000
CXUS55 KLKN 022249
CLMTPH


CLIMATE REPORT
NATIONAL WEATHER SERVICE ELKO NV
239 PM PDT TUE AUG 2 2016

...................................

...THE TONOPAH AIRPORT NV CLIMATE SUMMARY FOR THE MONTH OF JULY 2016...

CLIMATE NORMAL PERIOD 1981 TO 2010
CLIMATE RECORD PERIOD 1954 TO 2016

WEATHER         OBSERVED          NORMAL  DEPART  LAST YEAR`S
                 VALUE   DATE(S)  VALUE   FROM    VALUE  DATE(S)
                                          NORMAL
................................................................
TEMPERATURE (F)
RECORD
 HIGH             104   07/28/2016
                        07/18/1960
                        07/18/1998
 LOW               40   07/01/1997
                        07/22/1987
HIGHEST           104R  07/28       100       4       98  07/01
LOWEST             51   07/11        49       2       50  07/10
AVG. MAXIMUM     94.9              91.9     3.0     88.4
AVG. MINIMUM     59.1              57.5     1.6     58.5
MEAN             77.0              74.7     2.3     73.5
DAYS MAX >= 90     28              20.9     7.1       12
DAYS MAX <= 32      0               0.0     0.0        0
DAYS MIN <= 32      0               0.0     0.0        0
DAYS MIN <= 0       0               0.0     0.0        0

PRECIPITATION (INCHES)
RECORD
 MAXIMUM         2.49   1985
 MINIMUM         0.00   2000
                        1994
                        1993
TOTALS           0.08              0.45   -0.37     0.11
DAILY AVG.       0.00              0.01   -0.01     0.00
DAYS >= .01         2               3.1    -1.1        6
DAYS >= .10         0               1.2    -1.2        0
DAYS >= .50         0               0.2    -0.2        0
DAYS >= 1.00        0               0.1    -0.1        0
GREATEST
 24 HR. TOTAL    0.08   06/30 TO 07/01              0.08

DEGREE_DAYS
HEATING TOTAL       0                 2      -2        0
 SINCE 7/1          0                 2      -2        0
COOLING TOTAL     379               303      76      269
 SINCE 1/1        657               475     182      583
.................................................................

WIND (MPH)
AVERAGE WIND SPEED              9.1
HIGHEST WIND SPEED/DIRECTION    45/030    DATE  07/01
HIGHEST GUST SPEED/DIRECTION    59/030    DATE  07/01

AVERAGE RH (PERCENT)     20

WEATHER CONDITIONS. NUMBER OF DAYS WITH
THUNDERSTORM              0     MIXED PRECIP               0
HEAVY RAIN                0     RAIN                       1
LIGHT RAIN                4     FREEZING RAIN              0
LT FREEZING RAIN          0     HAIL                       0
HEAVY SNOW                0     SNOW                       0
LIGHT SNOW                0     SLEET                      0
FOG                       0     FOG W/VIS <= 1/4 MILE      0
HAZE                      0

-  INDICATES NEGATIVE NUMBERS.
R  INDICATES RECORD WAS SET OR TIED.
MM INDICATES DATA IS MISSING.
T  INDICATES TRACE AMOUNT.

&&

=====================================================================

...11TH WARMEST JULY ON RECORD IN TONOPAH...
...14TH DRIEST JULY ON RECORD IN TONOPAH...

THE AVERAGE TEMPERATURE IN TONOPAH DURING JULY 2016 WAS 77.0
DEGREES...WHICH IS 2.3 DEGREES ABOVE THE 1981-2010 CLIMATOLOGICAL
NORMAL OF 74.7 DEGREES. THIS MAKES JULY 2016 THE 11TH WARMEST
JULY ON RECORD. THE TOTAL PRECIPITATION WAS 0.08 INCHES...WHICH
IS 0.37 INCHES BELOW OR 18 PERCENT OF THE 1981-2010 CLIMATOLOGICAL
NORMAL OF 0.45 INCHES. THIS MAKES JULY 2016 THE 14 DRIEST JULY ON
RECORD.

A RECORD DAILY RAINFALL OF 0.01 INCHES WAS SET ON JULY 2ND.
A RECORD HIGH OF 101 DEGREES WAS SET ON JULY 27TH.
A RECORD HIGH OF 104 DEGREES WAS SET ON JULY 28TH.
A RECORD HIGH OF 102 DEGREES WAS SET ON JULY 29TH.

$$

NWS ELKO CLIMATE TEAM
