000
CXUS55 KLKN 040250
CLMTPH


CLIMATE REPORT
NATIONAL WEATHER SERVICE ELKO NV
633 PM PST MON NOV 3 2014

...................................

...THE TONOPAH AIRPORT NV CLIMATE SUMMARY FOR THE MONTH OF OCTOBER 2014...

CLIMATE NORMAL PERIOD 1981 TO 2010
CLIMATE RECORD PERIOD 1954 TO 2014

WEATHER         OBSERVED          NORMAL  DEPART  LAST YEAR`S
                 VALUE   DATE(S)  VALUE   FROM    VALUE  DATE(S)
                                          NORMAL
................................................................
TEMPERATURE (F)
RECORD
 HIGH              89   10/08/1996
                        10/04/1980
 LOW               13   10/10/2000
                        10/18/1984
                        10/30/1971
HIGHEST            83   10/04        81       2       76  10/01
LOWEST             32   10/28        25       7       26  10/30
AVG. MAXIMUM     73.3              68.1     5.2     64.4
AVG. MINIMUM     41.3              37.5     3.8     35.0
MEAN             57.3              52.8     4.5     49.7
DAYS MAX >= 90      0               0.0     0.0        0
DAYS MAX <= 32      0               0.0     0.0        0
DAYS MIN <= 32      1               5.4    -4.4        9
DAYS MIN <= 0       0               0.0     0.0        0

PRECIPITATION (INCHES)
RECORD
 MAXIMUM         2.16   1974
 MINIMUM         0.00   1999
                        1995
                        1980
TOTALS           0.00R             0.34   -0.34     0.15
DAILY AVG.       0.00              0.01   -0.01     0.00
DAYS >= .01         0               2.2    -2.2        4
DAYS >= .10         0               1.1    -1.1        1
DAYS >= .50         0               0.1    -0.1        0
DAYS >= 1.00        0               0.0     0.0        0
GREATEST
 24 HR. TOTAL       T   09/30 TO 10/01              0.10

DEGREE_DAYS
HEATING TOTAL     233               381    -148      465
 SINCE 7/1        276               472    -196      562
COOLING TOTAL       0                 2      -2        0
 SINCE 1/1       1004               783     221     1042
.................................................................

WIND (MPH)
AVERAGE WIND SPEED              9.5
HIGHEST WIND SPEED/DIRECTION    32/170    DATE  10/31
HIGHEST GUST SPEED/DIRECTION    40/200    DATE  10/25

AVERAGE RH (PERCENT)     27

WEATHER CONDITIONS. NUMBER OF DAYS WITH
THUNDERSTORM              0     MIXED PRECIP               0
HEAVY RAIN                0     RAIN                       0
LIGHT RAIN                0     FREEZING RAIN              0
LT FREEZING RAIN          0     HAIL                       0
HEAVY SNOW                0     SNOW                       0
LIGHT SNOW                0     SLEET                      0
FOG                       0     FOG W/VIS <= 1/4 MILE      0
HAZE                      0

-  INDICATES NEGATIVE NUMBERS.
R  INDICATES RECORD WAS SET OR TIED.
MM INDICATES DATA IS MISSING.
T  INDICATES TRACE AMOUNT.

&&

=================================================================

...4TH WARMEST OCTOBER ON RECORD AT TONOPAH AIRPORT...
...DRIEST OCTOBER ON RECORD AT TONOPAH AIRPORT...

THE AVERAGE TEMPERATURE AT TONOPAH AIRPORT DURING OCTOBER 2014
WAS 57.3 DEGREES...WHICH IS 4.5 DEGREES ABOVE THE 1981-2010
CLIMATOLOGICAL NORMAL OF 52.8 DEGREES. THIS MAKES OCTOBER 2014
THE 4TH WARMEST ON RECORD. NO PRECIPITATION FELL...WHICH IS 0.34
INCHES OR 100 PERCENT BELOW THE 1981-2010 CLIMATOLOGICAL NORMAL
OF 0.34 INCHES. THIS MAKES OCTOBER 2014 THE DRIEST ON RECORD...
THOUGH IT TIES SEVERAL OTHER YEARS.

NO DAILY RECORDS WERE SET AT TONOPAH AIRPORT DURING OCTOBER 2014.

$$

RCM
