000
CXUS55 KLKN 011653
CLMTPH


CLIMATE REPORT
NATIONAL WEATHER SERVICE ELKO NV
944 AM PDT MON MAY 1 2017

...................................

...THE TONOPAH AIRPORT NV CLIMATE SUMMARY FOR THE MONTH OF APRIL 2017...

CLIMATE NORMAL PERIOD 1981 TO 2010
CLIMATE RECORD PERIOD 1954 TO 2017

WEATHER         OBSERVED          NORMAL  DEPART  LAST YEAR`S
                 VALUE   DATE(S)  VALUE   FROM    VALUE  DATE(S)
                                          NORMAL
................................................................
TEMPERATURE (F)
RECORD
 HIGH              88   04/30/1981
 LOW                9   04/02/1958
HIGHEST            75   04/30        79      -4       77  04/21
                                                          04/20
LOWEST             25   04/09        23       2       32  04/16
AVG. MAXIMUM     65.0              64.4     0.6     65.8
AVG. MINIMUM     36.4              34.6     1.8     38.2
MEAN             50.7              49.5     1.2     52.0
DAYS MAX >= 90      0               0.0     0.0        0
DAYS MAX <= 32      0               0.0     0.0        0
DAYS MIN <= 32      7              10.7    -3.7        1
DAYS MIN <= 0       0               0.0     0.0        0

PRECIPITATION (INCHES)
RECORD
 MAXIMUM         2.13   1988
 MINIMUM         0.00   2008
                        1997
                        1993
TOTALS           0.17              0.42   -0.25     0.34
DAILY AVG.       0.01              0.01    0.00     0.01
DAYS >= .01         2               3.5    -1.5        5
DAYS >= .10         1               1.4    -0.4        1
DAYS >= .50         0               0.1    -0.1        0
DAYS >= 1.00        0               0.0     0.0        0
GREATEST
 24 HR. TOTAL    0.14   04/07 TO 04/07              0.22

DEGREE_DAYS
HEATING TOTAL     422               466     -44      382
 SINCE 7/1       4818              5193    -375     4906
COOLING TOTAL       0                 1      -1        0
 SINCE 1/1          0                 1      -1        0
.................................................................

WIND (MPH)
AVERAGE WIND SPEED              12.8
HIGHEST WIND SPEED/DIRECTION    40/350    DATE  04/27
HIGHEST GUST SPEED/DIRECTION    52/210    DATE  04/13

AVERAGE RH (PERCENT)     40

WEATHER CONDITIONS. NUMBER OF DAYS WITH
THUNDERSTORM              0     MIXED PRECIP               0
HEAVY RAIN                0     RAIN                       0
LIGHT RAIN                4     FREEZING RAIN              0
LT FREEZING RAIN          0     HAIL                       0
HEAVY SNOW                0     SNOW                       0
LIGHT SNOW                0     SLEET                      0
FOG                       0     FOG W/VIS <= 1/4 MILE      0
HAZE                      0

-  INDICATES NEGATIVE NUMBERS.
R  INDICATES RECORD WAS SET OR TIED.
MM INDICATES DATA IS MISSING.
T  INDICATES TRACE AMOUNT.

$$

DS
