000
CXUS55 KLKN 011856
CLMTPH


CLIMATE REPORT
NATIONAL WEATHER SERVICE ELKO NV
1145 AM PDT FRI SEP 1 2017

...................................

...THE TONOPAH AIRPORT NV CLIMATE SUMMARY FOR THE MONTH OF AUGUST 2017...

CLIMATE NORMAL PERIOD 1981 TO 2010
CLIMATE RECORD PERIOD 1954 TO 2017

WEATHER         OBSERVED          NORMAL  DEPART  LAST YEAR`S
                 VALUE   DATE(S)  VALUE   FROM    VALUE  DATE(S)
                                          NORMAL
................................................................
TEMPERATURE (F)
RECORD
 HIGH             103   08/12/1971
 LOW               37   08/25/1963
                        08/24/1963
                        08/30/1957
HIGHEST           100   08/02        98       2       98  08/02
LOWEST             55   08/31        46       9       50  08/10
                        08/11
AVG. MAXIMUM     91.6              89.7     1.9     92.0
AVG. MINIMUM     60.3              55.4     4.9     57.3
MEAN             76.0              72.5     3.5     74.7
DAYS MAX >= 90     23              15.9     7.1       24
DAYS MAX <= 32      0               0.0     0.0        0
DAYS MIN <= 32      0               0.0     0.0        0
DAYS MIN <= 0       0               0.0     0.0        0

PRECIPITATION (INCHES)
RECORD
 MAXIMUM         2.74   2000
 MINIMUM         0.00   2006
                        2002
                        1985
TOTALS           0.51              0.51    0.00        T
DAILY AVG.       0.02              0.02    0.00        T
DAYS >= .01         6               2.9     3.1        0
DAYS >= .10         2               1.4     0.6        0
DAYS >= .50         0               0.2    -0.2        0
DAYS >= 1.00        0               0.0     0.0        0
GREATEST
 24 HR. TOTAL    0.25   08/31 TO 08/31                 T

DEGREE_DAYS
HEATING TOTAL       0                 4      -4        0
 SINCE 7/1          0                 6      -6        0
COOLING TOTAL     347               238     109      306
 SINCE 1/1       1105               713     392      963
.................................................................

WIND (MPH)
AVERAGE WIND SPEED              8.3
HIGHEST WIND SPEED/DIRECTION    45/030    DATE  08/04
HIGHEST GUST SPEED/DIRECTION    53/020    DATE  08/04

AVERAGE RH (PERCENT)     33

WEATHER CONDITIONS. NUMBER OF DAYS WITH
THUNDERSTORM              0     MIXED PRECIP               0
HEAVY RAIN                1     RAIN                       2
LIGHT RAIN               10     FREEZING RAIN              0
LT FREEZING RAIN          0     HAIL                       0
HEAVY SNOW                0     SNOW                       0
LIGHT SNOW                0     SLEET                      0
FOG                       0     FOG W/VIS <= 1/4 MILE      0
HAZE                      0

-  INDICATES NEGATIVE NUMBERS.
R  INDICATES RECORD WAS SET OR TIED.
MM INDICATES DATA IS MISSING.
T  INDICATES TRACE AMOUNT.

&&

=====================================================================

...2ND WARMEST AUGUST ON RECORD IN TONOPAH...

A RECORD DAILY MAXIMUM TEMP OF 96 DEGREES WAS TIED ON THE 27TH.
A RECORD DAILY MAXIMUM TEMP OF 97 DEGREES WAS TIED ON THE 28TH.
A RECORD DAILY MAXIMUM TEMP OF 97 DEGREES WAS TIED ON THE 29TH.
A RECORD DAILY PRECIPITATION OF 0.25 INCHES WAS SET ON THE 31ST.

$$

DS
