434
CXUS55 KLKN 032001
CLMTPH


CLIMATE REPORT
NATIONAL WEATHER SERVICE ELKO NV
1246 PM PDT MON JUL 3 2017

...................................

...THE TONOPAH AIRPORT NV CLIMATE SUMMARY FOR THE MONTH OF JUNE 2017...

CLIMATE NORMAL PERIOD 1981 TO 2010
CLIMATE RECORD PERIOD 1954 TO 2017

WEATHER         OBSERVED          NORMAL  DEPART  LAST YEAR`S
                 VALUE   DATE(S)  VALUE   FROM    VALUE  DATE(S)
                                          NORMAL
................................................................
TEMPERATURE (F)
RECORD
 HIGH             103   06/30/2013
 LOW               27   06/01/1971
HIGHEST           102   06/20        96       6      100  06/20
LOWEST             34   06/12        39      -5       43  06/17
AVG. MAXIMUM     90.1              84.8     5.3     90.7
AVG. MINIMUM     56.6              51.5     5.1     56.3
MEAN             73.4              68.1     5.3     73.5
DAYS MAX >= 90     19               9.4     9.6       20
DAYS MAX <= 32      0               0.0     0.0        0
DAYS MIN <= 32      0               0.1    -0.1        0
DAYS MIN <= 0       0               0.0     0.0        0

PRECIPITATION (INCHES)
RECORD
 MAXIMUM         1.67   1998
                        1969
 MINIMUM         0.00   2012
                        2010
                        2008
TOTALS              T              0.28   -0.28     0.11
DAILY AVG.          T              0.01   -0.01     0.00
DAYS >= .01         0               2.3    -2.3        3
DAYS >= .10         0               0.7    -0.7        0
DAYS >= .50         0               0.1    -0.1        0
DAYS >= 1.00        0               0.0     0.0        0
GREATEST
 24 HR. TOTAL       T   06/19 TO 06/19              0.06
                        06/12 TO 06/12

DEGREE_DAYS
HEATING TOTAL      31                50     -19       10
 SINCE 7/1       5010              5461    -451     5148
COOLING TOTAL     287               145     142      270
 SINCE 1/1        320               172     148      278
.................................................................

WIND (MPH)
AVERAGE WIND SPEED              10.9
HIGHEST WIND SPEED/DIRECTION    45/330    DATE  06/11
HIGHEST GUST SPEED/DIRECTION    53/320    DATE  06/11

AVERAGE RH (PERCENT)     22

WEATHER CONDITIONS. NUMBER OF DAYS WITH
THUNDERSTORM              0     MIXED PRECIP               0
HEAVY RAIN                0     RAIN                       0
LIGHT RAIN                2     FREEZING RAIN              0
LT FREEZING RAIN          0     HAIL                       0
HEAVY SNOW                0     SNOW                       0
LIGHT SNOW                0     SLEET                      0
FOG                       0     FOG W/VIS <= 1/4 MILE      0
HAZE                      2

-  INDICATES NEGATIVE NUMBERS.
R  INDICATES RECORD WAS SET OR TIED.
MM INDICATES DATA IS MISSING.
T  INDICATES TRACE AMOUNT.

&&

=====================================================================

...3RD WARMEST JUNE ON RECORD IN TONOPAH...
...TIED 6TH DRIEST JUNE ON RECORD IN TONOPAH...

RECORD DAILY LOW TEMP 34 SET ON JUNE 12TH.
RECORD DAILY HIGH TEMP 101 SET ON JUNE 19TH.
RECORD DAILY HIGH TEMP 102 SET ON JUNE 20TH.
RECORD DAILY HIGH TEMP 98 TIED ON JUNE 24TH.

$$

DS
