000
CXUS54 KMRX 011709
CLMTRI


CLIMATE REPORT
NATIONAL WEATHER SERVICE MORRISTOWN TN
1209 PM EST THU FEB 1 2018

...................................

...THE TRI-CITIES      ASOS CLIMATE SUMMARY FOR THE MONTH OF JANUARY 2018...

CLIMATE NORMAL PERIOD 1981 TO 2010
CLIMATE RECORD PERIOD 1934 TO 2018

WEATHER         OBSERVED          NORMAL  DEPART
                 VALUE   DATE(S)  VALUE   FROM
                                          NORMAL
................................................
TEMPERATURE (F)
HIGHEST            69   01/11
LOWEST              2   01/06
AVG. MAXIMUM     43.5              45.3    -1.8
AVG. MINIMUM     20.1              25.0    -4.9
MEAN             31.8              35.2    -3.4
DAYS MAX >= 90      0
DAYS MAX <= 32      9
DAYS MIN <= 32     23
DAYS MIN <= 0       0

PRECIPITATION (INCHES)
RECORD
 MAXIMUM         9.99   2013
 MINIMUM         1.06   1940
TOTALS           1.57              3.37   -1.80
DAYS >= .01        11
DAYS >= .10         5
DAYS >= .50         1
DAYS >= 1.00        0
GREATEST
 24 HR. TOTAL    0.72   01/12 TO 01/12

SNOWFALL (INCHES)
TOTALS            2.3               4.7    -2.4
SINCE 7/1         3.8
SNOWDEPTH AVG.      0
DAYS >= TRACE       8
GREATEST
 SNOW DEPTH         2   01/18

DEGREE_DAYS
HEATING TOTAL    1021               925      96
 SINCE 7/1       2613              2654     -41
COOLING TOTAL       0                 0       0
 SINCE 1/1          0                 0       0
.................................................



-  INDICATES NEGATIVE NUMBERS.
R  INDICATES RECORD WAS SET OR TIED.
MM INDICATES DATA IS MISSING.
T  INDICATES TRACE AMOUNT.

$$
