000
CXUS54 KMRX 011729
CLMTRI

CLIMATE REPORT NATIONAL WEATHER SERVICE MORRISTOWN TN
129 PM EDT MON JUN 1 2015

...................................

...THE TRI-CITIES CLIMATE SUMMARY FOR THE MONTH OF MAY 2015...

CLIMATE NORMAL PERIOD 1981 TO 2010
CLIMATE RECORD PERIOD 1934 TO 2015

WEATHER         OBSERVED          NORMAL  DEPART
                 VALUE   DATE(S)  VALUE   FROM
                                          NORMAL
................................................
TEMPERATURE (F)
HIGHEST            89   05/28
                        05/11
LOWEST             39   05/03
                        05/02
AVG. MAXIMUM     82.8              75.9     6.9
AVG. MINIMUM     54.1              51.1     3.0
MEAN             68.5              63.5     5.0
DAYS MAX >= 90      0
DAYS MAX <= 32      0
DAYS MIN <= 32      0
DAYS MIN <= 0       0

PRECIPITATION (INCHES)
RECORD
 MAXIMUM         9.71   1950
 MINIMUM         0.76   2007
TOTALS           0.70R             3.80   -3.10
DAYS >= .01         8
DAYS >= .10         3
DAYS >= .50         0
DAYS >= 1.00        0
GREATEST
 24 HR. TOTAL    0.30   05/07 TO 05/07

SNOWFALL (INCHES)
TOTALS            0.0               0.0     0.0
SINCE 7/1        15.5
SNOWDEPTH AVG.      0
DAYS >= TRACE       0
GREATEST
 SNOW DEPTH         0   0

DEGREE_DAYS
HEATING TOTAL      41               109     -68
 SINCE 7/1       4376              4363      13
COOLING TOTAL     156                62      94
 SINCE 1/1        166                73      93
.................................................



-  INDICATES NEGATIVE NUMBERS.
R  INDICATES RECORD WAS SET OR TIED.
MM INDICATES DATA IS MISSING.
T  INDICATES TRACE AMOUNT.

$$
