000
CXUS54 KMRX 012256
CLMTRI

CLIMATE REPORT
NATIONAL WEATHER SERVICE MORRISTOWN TN
556 PM EST SUN JAN 1 2017

...................................

...THE TRI-CITIES      ASOS CLIMATE SUMMARY FOR THE MONTH OF DECEMBER 2016...

CLIMATE NORMAL PERIOD 1981 TO 2010
CLIMATE RECORD PERIOD 1934 TO 2016

WEATHER         OBSERVED          NORMAL  DEPART
                 VALUE   DATE(S)  VALUE   FROM
                                          NORMAL
................................................
TEMPERATURE (F)
HIGHEST            68   12/26
LOWEST             14   12/10
AVG. MAXIMUM     48.9              48.0     0.9
AVG. MINIMUM     30.4              27.6     2.8
MEAN             39.7              37.8     1.9
DAYS MAX >= 90      0
DAYS MAX <= 32      0
DAYS MIN <= 32     18
DAYS MIN <= 0       0

PRECIPITATION (INCHES)
RECORD
 MAXIMUM         6.75   1961
 MINIMUM         0.21   1965
TOTALS           5.36              3.37    1.99
DAYS >= .01        11
DAYS >= .10        10
DAYS >= .50         5
DAYS >= 1.00        2
GREATEST
 24 HR. TOTAL    2.24   11/30 TO 12/01

SNOWFALL (INCHES)
TOTALS              T               2.4    -2.4
SINCE 7/1           T
SNOWDEPTH AVG.      0
DAYS >= TRACE       2
GREATEST
 SNOW DEPTH         0   MM

DEGREE_DAYS
HEATING TOTAL     778               843     -65
 SINCE 7/1       1397              1729    -332
COOLING TOTAL       0                 0       0
 SINCE 1/1       1492               981     511
.................................................



-  INDICATES NEGATIVE NUMBERS.
R  INDICATES RECORD WAS SET OR TIED.
MM INDICATES DATA IS MISSING.
T  INDICATES TRACE AMOUNT.

$$
