000
CXUS56 KSGX 021421
CLMTRM


CLIMATE REPORT
NATIONAL WEATHER SERVICE SAN DIEGO, CA
721 AM PDT SUN AUG 2 2015

...................................

...THE THERMAL AIRPORT CA CLIMATE SUMMARY FOR THE MONTH OF JULY 2015...

CLIMATE NORMAL PERIOD 1981 TO 2010
CLIMATE RECORD PERIOD 1950 TO 2015

WEATHER         OBSERVED          NORMAL  DEPART  LAST YEAR`S
                 VALUE   DATE(S)  VALUE   FROM    VALUE  DATE(S)
                                          NORMAL
................................................................
TEMPERATURE (F)
RECORD
 HIGH             126   07/28/1995
 LOW               57   07/06/1994
HIGHEST           111   07/25       108       3      119  07/23
                        07/04
                        07/03
LOWEST             66   07/16        75      -9       69  07/18
                        07/15                             07/11
AVG. MAXIMUM    104.5             107.0    -2.5    108.6
AVG. MINIMUM     77.0              73.7     3.3     80.0
MEAN             90.8              90.3     0.5     94.3
DAYS MAX >= 90     30              31.0    -1.0       31
DAYS MAX <= 32      0               0.0     0.0        0
DAYS MAX >= 100    24                                 31
DAYS MAX >= 110     5                                 10
DAYS MIN <= 32      0               0.0     0.0        0

PRECIPITATION (INCHES)
RECORD
 MAXIMUM         2.01   1979
 MINIMUM         0.00   2007
                        2006
                        2005
TOTALS           0.88              0.14    0.74        T
DAILY AVG.       0.03              0.00    0.03        T
DAYS >= .01         4               0.6     3.4        0
DAYS >= .10         3               0.2     2.8        0
DAYS >= .50         1               0.1     0.9        0
DAYS >= 1.00        0               0.0     0.0        0
DAYS >= 1.50        0                                  0
DAYS >= 2.00        0                                  0
GREATEST
 24 HR. TOTAL    0.65   07/17 TO 07/18           07/25 TO 07/25
                                                          07/04 TO 07/05
                                                          07/05 TO 07/05
 STORM TOTAL       MM                                 MM
 (MM/DD(HH))            MM                    07/25(00) TO 07/25(00)
                                                 07/05(00) TO 07/05(00)5
                                                 07/05(00) TO 07/05(00)5

DEGREE_DAYS
HEATING TOTAL       0                 0       0        0
 SINCE 7/1          0                 0       0        0
COOLING TOTAL     805               786      19      916
 SINCE 1/1       2232              2067     165     2422

FREEZE DATES
RECORD
 EARLIEST     10/30/1971
 LATEST       04/10/1999
EARLIEST                        12/02
LATEST                          02/06
......................................................

WIND (MPH)
AVERAGE WIND SPEED              8.3
RESULTANT WIND SPEED/DIRECTION   3/343
HIGHEST WIND SPEED/DIRECTION    28/340    DATE  07/08
HIGHEST GUST SPEED/DIRECTION    38/190    DATE  07/17

SKY COVER
POSSIBLE SUNSHINE (PERCENT)   MM
AVERAGE SKY COVER           0.00
NUMBER OF DAYS FAIR           30
NUMBER OF DAYS PC              1
NUMBER OF DAYS CLOUDY          0

AVERAGE RH (PERCENT)     36

WEATHER CONDITIONS. NUMBER OF DAYS WITH
THUNDERSTORM              0     MIXED PRECIP               0
HEAVY RAIN                3     RAIN                       3
LIGHT RAIN                4     FREEZING RAIN              0
LT FREEZING RAIN          0     HAIL                       0
HEAVY SNOW                0     SNOW                       0
LIGHT SNOW                0     SLEET                      0
FOG                       2     FOG W/VIS <= 1/4 MILE      0
HAZE                      6

-  INDICATES NEGATIVE NUMBERS.
R  INDICATES RECORD WAS SET OR TIED.
MM INDICATES DATA IS MISSING.
T  INDICATES TRACE AMOUNT.

$$
