000
CXUS56 KSGX 011433
CLMTRM


CLIMATE REPORT
NATIONAL WEATHER SERVICE SAN DIEGO, CA
633 AM PST SUN MAR 1 2015

...................................

...THE THERMAL AIRPORT CA CLIMATE SUMMARY FOR THE MONTH OF FEBRUARY 2015...

CLIMATE NORMAL PERIOD 1981 TO 2010
CLIMATE RECORD PERIOD 1950 TO 2015

WEATHER         OBSERVED          NORMAL  DEPART  LAST YEAR`S
                 VALUE   DATE(S)  VALUE   FROM    VALUE  DATE(S)
                                          NORMAL
................................................................
TEMPERATURE (F)
RECORD
 HIGH             100   02/27/1986
 LOW               19   02/03/2011
HIGHEST            90   02/14        76      14       88  02/14
                        02/09
LOWEST             35   02/25        43      -8       29  02/02
AVG. MAXIMUM     82.3              74.8     7.5     78.6
AVG. MINIMUM     45.6              41.3     4.3     43.2
MEAN             63.9              58.1     5.8     60.9
DAYS MAX >= 90      2               0.6     1.4        0
DAYS MAX <= 32      0               0.0     0.0        0
DAYS MAX >= 100     0                                  0
DAYS MAX >= 110     0                                  0
DAYS MIN <= 32      0               3.0    -3.0        1

PRECIPITATION (INCHES)
RECORD
 MAXIMUM         3.40   1980
 MINIMUM         0.00   2002
                        1991
TOTALS           0.04              0.66   -0.62     0.08
DAILY AVG.       0.00              0.02   -0.02     0.00
DAYS >= .01         1               3.2    -2.2        1
DAYS >= .10         0               1.6    -1.6        0
DAYS >= .50         0               0.4    -0.4        0
DAYS >= 1.00        0               0.1    -0.1        0
DAYS >= 1.50        0                                  0
DAYS >= 2.00        0                                  0
GREATEST
 24 HR. TOTAL    0.04   02/23 TO 02/23           02/28 TO 02/28
                        02/22 TO 02/23                    02/28 TO 02/28
                        02/23 TO 02/23                    02/28 TO 02/28
 STORM TOTAL       MM                                 MM
 (MM/DD(HH))            MM                    02/28(00) TO 02/28(00)
                                                 02/28(00) TO 02/28(00)8
                                                 02/28(00) TO 02/28(00)8

SNOWFALL (INCHES)
TOTALS            0.0
SINCE 7/1         0.0

DEGREE_DAYS
HEATING TOTAL      46               205    -159      116
 SINCE 7/1        705              1065    -360      789
COOLING TOTAL      22                10      12       10
 SINCE 1/1         22                12      10       10

FREEZE DATES
RECORD
 EARLIEST     10/30/1971
 LATEST       04/10/1999
EARLIEST                        12/02
LATEST                          02/06
.........................................................

WIND (MPH)
AVERAGE WIND SPEED              5.5
RESULTANT WIND SPEED/DIRECTION   2/333
HIGHEST WIND SPEED/DIRECTION    30/290    DATE  02/28
HIGHEST GUST SPEED/DIRECTION    40/280    DATE  02/28

SKY COVER
POSSIBLE SUNSHINE (PERCENT)   MM
AVERAGE SKY COVER           0.00
NUMBER OF DAYS FAIR           27
NUMBER OF DAYS PC              1
NUMBER OF DAYS CLOUDY          0

AVERAGE RH (PERCENT)     43

WEATHER CONDITIONS. NUMBER OF DAYS WITH
THUNDERSTORM              0     MIXED PRECIP               0
HEAVY RAIN                0     RAIN                       0
LIGHT RAIN                2     FREEZING RAIN              0
LT FREEZING RAIN          0     HAIL                       0
HEAVY SNOW                0     SNOW                       0
LIGHT SNOW                0     SLEET                      0
FOG                       1     FOG W/VIS <= 1/4 MILE      0
HAZE                      7

-  INDICATES NEGATIVE NUMBERS.
R  INDICATES RECORD WAS SET OR TIED.
MM INDICATES DATA IS MISSING.
T  INDICATES TRACE AMOUNT.

$$
