000
CXUS56 KSGX 011435
CLMTRM


CLIMATE REPORT
NATIONAL WEATHER SERVICE SAN DIEGO, CA
735 AM PDT WED OCT 1 2014

...................................

...THE THERMAL AIRPORT CA CLIMATE SUMMARY FOR THE MONTH OF SEPTEMBER 2014...

CLIMATE NORMAL PERIOD 1981 TO 2010
CLIMATE RECORD PERIOD 1950 TO 2014

WEATHER         OBSERVED          NORMAL  DEPART  LAST YEAR`S
                 VALUE   DATE(S)  VALUE   FROM    VALUE  DATE(S)
                                          NORMAL
................................................................
TEMPERATURE (F)
RECORD
 HIGH             123   09/01/1950
 LOW               48   09/25/1993
HIGHEST           113   09/15       101      12      111  09/16
                                                          09/06
LOWEST             56   09/30        68     -12       52  09/29
                                                          09/28
AVG. MAXIMUM    102.7             101.3     1.4    101.1
AVG. MINIMUM     72.4              66.4     6.0     69.1
MEAN             87.5              83.9     3.6     85.1
DAYS MAX >= 90     29              28.3     0.7       28
DAYS MAX <= 32      0               0.0     0.0        0
DAYS MAX >= 100    23                                 17
DAYS MAX >= 110     3                                  2
DAYS MIN <= 32      0               0.0     0.0        0

PRECIPITATION (INCHES)
RECORD
 MAXIMUM         5.24   1976
 MINIMUM         0.00   2006
                        2003
                        2001
TOTALS           0.13              0.24   -0.11     0.14
DAILY AVG.       0.00              0.01   -0.01     0.00
DAYS >= .01         2               1.3     0.7        1
DAYS >= .10         0               0.7    -0.7        1
DAYS >= .50         0               0.1    -0.1        0
DAYS >= 1.00        0               0.0     0.0        0
DAYS >= 1.50        0                                  0
DAYS >= 2.00        0                                  0
GREATEST
 24 HR. TOTAL    0.13   09/07 TO 09/08           09/09 TO 09/09
                                                          09/30 TO 09/30
                                                          09/30 TO 09/30
 STORM TOTAL       MM                                 MM
 (MM/DD(HH))            MM                    09/09(00) TO 09/09(00)
                                                 09/30(00) TO 09/30(00)0
                                                 09/30(00) TO 09/30(00)0

SNOWFALL (INCHES)
TOTALS            0.0
SINCE 7/1         0.0

DEGREE_DAYS
HEATING TOTAL       0                 0       0        0
 SINCE 7/1          0                 0       0        0
COOLING TOTAL     683               565     118      612
 SINCE 1/1       3880              3398     482     3896

FREEZE DATES
RECORD
 EARLIEST     10/30/1971
 LATEST       04/10/1999
EARLIEST                        12/02
LATEST                          02/06
.................................................

WIND (MPH)
AVERAGE WIND SPEED              6.3
RESULTANT WIND SPEED/DIRECTION   1/037
HIGHEST WIND SPEED/DIRECTION    25/340    DATE  09/18
HIGHEST GUST SPEED/DIRECTION    32/340    DATE  09/20

SKY COVER
POSSIBLE SUNSHINE (PERCENT)   MM
AVERAGE SKY COVER           0.00
NUMBER OF DAYS FAIR           30
NUMBER OF DAYS PC              0
NUMBER OF DAYS CLOUDY          0

AVERAGE RH (PERCENT)     41

WEATHER CONDITIONS. NUMBER OF DAYS WITH
THUNDERSTORM              0     MIXED PRECIP               0
HEAVY RAIN                1     RAIN                       0
LIGHT RAIN                2     FREEZING RAIN              0
LT FREEZING RAIN          0     HAIL                       0
HEAVY SNOW                0     SNOW                       0
LIGHT SNOW                0     SLEET                      0
FOG                       2     FOG W/VIS <= 1/4 MILE      0
HAZE                      8

-  INDICATES NEGATIVE NUMBERS.
R  INDICATES RECORD WAS SET OR TIED.
MM INDICATES DATA IS MISSING.
T  INDICATES TRACE AMOUNT.

$$
