000
CXUS56 KPQR 011630
CLMTTD


CLIMATE REPORT
NATIONAL WEATHER SERVICE PORTLAND OREGON
930 AM PDT FRI JUL 1 2016

...................................

...THE TROUTDALE OR CLIMATE SUMMARY FOR THE MONTH OF JUNE 2016...

CLIMATE NORMAL PERIOD 1981 TO 2010
CLIMATE RECORD PERIOD 1948 TO 2016

WEATHER         OBSERVED          NORMAL  DEPART  LAST YEAR`S
                 VALUE   DATE(S)  VALUE   FROM    VALUE  DATE(S)
                                          NORMAL
................................................................
TEMPERATURE (F)
HIGHEST            99                                 98  06/26
LOWEST             45                                 46  06/14
                                                          06/13
AVG. MAXIMUM     77.1              74.2     2.9     83.4
AVG. MINIMUM     54.3              50.6     3.7     55.7
MEAN             65.7              62.4     3.3     69.5
DAYS MAX >= 90      6               1.6     4.4        9
DAYS MAX <= 32      0               0.0     0.0        0
DAYS MIN <= 32      0               0.0     0.0        0
DAYS MIN <= 0       0               0.0     0.0        0

PRECIPITATION (INCHES)
RECORD
 MAXIMUM           MM   MM
 MINIMUM           MM   MM
TOTALS           2.40              2.42   -0.02     0.63
DAYS >= .01        12               9.1     2.9        3
DAYS >= .10         4               6.5    -2.5        2
DAYS >= .50         1               1.3    -0.3        0
DAYS >= 1.00        1               0.5     0.5        0
GREATEST
 24 HR. TOTAL    1.50   06/23 TO 06/24

DEGREE_DAYS
HEATING TOTAL      73               120     -47       20
 SINCE 7/1       3492              4642   -1150     3371
COOLING TOTAL     101                42      59      164
 SINCE 1/1        157                59              183
.................................................................

WIND (MPH)
AVERAGE WIND SPEED              4.0
RESULTANT WIND SPEED/DIRECTION   1/161
HIGHEST WIND SPEED/DIRECTION    21/190    DATE  06/14
HIGHEST GUST SPEED/DIRECTION    29/220    DATE  06/10

SKY COVER
POSSIBLE SUNSHINE (PERCENT)   MM
AVERAGE SKY COVER           0.40
NUMBER OF DAYS FAIR           14
NUMBER OF DAYS PC              7
NUMBER OF DAYS CLOUDY          9

AVERAGE RH (PERCENT)     63

WEATHER CONDITIONS. NUMBER OF DAYS WITH
THUNDERSTORM              0     MIXED PRECIP               0
HEAVY RAIN                1     RAIN                       2
LIGHT RAIN               11     FREEZING RAIN              0
LT FREEZING RAIN          0     HAIL                       0
HEAVY SNOW                0     SNOW                       0
LIGHT SNOW                0     SLEET                      0
FOG                       5     FOG W/VIS <= 1/4 MILE      0
HAZE                      1

-  INDICATES NEGATIVE NUMBERS.
R  INDICATES RECORD WAS SET OR TIED.
MM INDICATES DATA IS MISSING.
T  INDICATES TRACE AMOUNT.

$$
