000
CXUS56 KPQR 011426
CLMTTD


CLIMATE REPORT
NATIONAL WEATHER SERVICE PORTLAND OREGON
726 AM PDT TUE AUG 1 2017

...................................

...THE TROUTDALE OR CLIMATE SUMMARY FOR THE MONTH OF JULY 2017...

CLIMATE NORMAL PERIOD 1981 TO 2010
CLIMATE RECORD PERIOD 1948 TO 2017

WEATHER         OBSERVED          NORMAL  DEPART  LAST YEAR`S
                 VALUE   DATE(S)  VALUE   FROM    VALUE  DATE(S)
                                          NORMAL
................................................................
TEMPERATURE (F)
HIGHEST            93                                 95  07/29
                                                          07/28
LOWEST             51                                 53  07/24
                                                          07/14
                                                          07/06
AVG. MAXIMUM     83.9              81.4     2.5     79.5
AVG. MINIMUM     55.9              54.0     1.9     58.0
MEAN             69.9              67.7     2.2     68.8
DAYS MAX >= 90      6               5.6     0.4        2
DAYS MAX <= 32      0               0.0     0.0        0
DAYS MIN <= 32      0               0.0     0.0        0
DAYS MIN <= 0       0               0.0     0.0        0

PRECIPITATION (INCHES)
RECORD
 MAXIMUM           MM   MM
 MINIMUM           MM   MM
TOTALS              T              0.74   -0.74     0.76
DAYS >= .01         0               3.9    -3.9        6
DAYS >= .10         0               2.3    -2.3        3
DAYS >= .50         0               0.5    -0.5        0
DAYS >= 1.00        0               0.0     0.0        0
GREATEST
 24 HR. TOTAL       T   07/20 TO 07/20

DEGREE_DAYS
HEATING TOTAL       0                33     -33        6
 SINCE 7/1          0                33     -33        6
COOLING TOTAL     161               116      45      130
 SINCE 1/1        292               175              287
.................................................................

WIND (MPH)
AVERAGE WIND SPEED              4.0
RESULTANT WIND SPEED/DIRECTION   0/304
HIGHEST WIND SPEED/DIRECTION    17/310    DATE  07/15
HIGHEST GUST SPEED/DIRECTION    25/320    DATE  07/15

SKY COVER
POSSIBLE SUNSHINE (PERCENT)   MM
AVERAGE SKY COVER           0.10
NUMBER OF DAYS FAIR           24
NUMBER OF DAYS PC              7
NUMBER OF DAYS CLOUDY          0

AVERAGE RH (PERCENT)     58

WEATHER CONDITIONS. NUMBER OF DAYS WITH
THUNDERSTORM              0     MIXED PRECIP               0
HEAVY RAIN                0     RAIN                       0
LIGHT RAIN                1     FREEZING RAIN              0
LT FREEZING RAIN          0     HAIL                       0
HEAVY SNOW                0     SNOW                       0
LIGHT SNOW                0     SLEET                      0
FOG                       0     FOG W/VIS <= 1/4 MILE      0
HAZE                      1

-  INDICATES NEGATIVE NUMBERS.
R  INDICATES RECORD WAS SET OR TIED.
MM INDICATES DATA IS MISSING.
T  INDICATES TRACE AMOUNT.

$$
