000
CXUS56 KPQR 011743
CLMTTD


CLIMATE REPORT
NATIONAL WEATHER SERVICE PORTLAND OREGON
943 AM PST MON FEB 1 2016

...................................

...THE TROUTDALE OR CLIMATE SUMMARY FOR THE MONTH OF JANUARY 2016...

CLIMATE NORMAL PERIOD 1981 TO 2010
CLIMATE RECORD PERIOD 1948 TO 2016

WEATHER         OBSERVED          NORMAL  DEPART  LAST YEAR`S
                 VALUE   DATE(S)  VALUE   FROM    VALUE  DATE(S)
                                          NORMAL
................................................................
TEMPERATURE (F)
HIGHEST            59                                 63  01/24
LOWEST             27                                 27  01/01
AVG. MAXIMUM     46.4              45.8     0.6     50.1
AVG. MINIMUM     38.9              33.8     5.1     39.4
MEAN             42.6              39.8     2.8     44.8
DAYS MAX >= 90      0               0.0     0.0        0
DAYS MAX <= 32      1               0.8     0.2        0
DAYS MIN <= 32      5              10.4    -5.4        3
DAYS MIN <= 0       0               0.0     0.0        0

PRECIPITATION (INCHES)
RECORD
 MAXIMUM           MM   MM
 MINIMUM           MM   MM
TOTALS           4.50              6.18   -1.68     2.74
DAYS >= .01        22              17.4     4.6       10
DAYS >= .10        13              13.3    -0.3        5
DAYS >= .50         2               4.1    -2.1        1
DAYS >= 1.00        0               1.1    -1.1        1
GREATEST
 24 HR. TOTAL    0.69   01/12 TO 01/13

DEGREE_DAYS
HEATING TOTAL     684               781     -97      620
 SINCE 7/1       2166              2690    -524     2024
COOLING TOTAL       0                 0       0        0
 SINCE 1/1          0                 0                0
.................................................................

WIND (MPH)
AVERAGE WIND SPEED              16.2
RESULTANT WIND SPEED/DIRECTION  16/092
HIGHEST WIND SPEED/DIRECTION    44/090    DATE  01/02
HIGHEST GUST SPEED/DIRECTION    54/090    DATE  01/02

SKY COVER
POSSIBLE SUNSHINE (PERCENT)   MM
AVERAGE SKY COVER           0.70
NUMBER OF DAYS FAIR            5
NUMBER OF DAYS PC              5
NUMBER OF DAYS CLOUDY         21

AVERAGE RH (PERCENT)     75

WEATHER CONDITIONS. NUMBER OF DAYS WITH
THUNDERSTORM              0     MIXED PRECIP               0
HEAVY RAIN                0     RAIN                       6
LIGHT RAIN               23     FREEZING RAIN              2
LT FREEZING RAIN          1     HAIL                       0
HEAVY SNOW                0     SNOW                       0
LIGHT SNOW                1     SLEET                      0
FOG                      18     FOG W/VIS <= 1/4 MILE      0
HAZE                      4

-  INDICATES NEGATIVE NUMBERS.
R  INDICATES RECORD WAS SET OR TIED.
MM INDICATES DATA IS MISSING.
T  INDICATES TRACE AMOUNT.

$$
