987
CXUS54 KTSA 011220
CLMTUL

CLIMATE REPORT
NATIONAL WEATHER SERVICE TULSA OK
721 AM CDT TUE AUG 1 2017

...................................

...THE TULSA OKLAHOMA CLIMATE SUMMARY FOR THE MONTH OF JULY 2017...

CLIMATE NORMAL PERIOD 1981 TO 2010
CLIMATE RECORD PERIOD 1882 TO 2017

WEATHER         OBSERVED          NORMAL  DEPART  LAST YEAR`S
                 VALUE   DATE(S)  VALUE   FROM    VALUE  DATE(S)
                                          NORMAL
................................................................
TEMPERATURE (F)
RECORD
 HIGH             113   07/19/1936
                        07/18/1936
 LOW               49   07/06/2015
HIGHEST           101   07/22        94       7      101  07/24
                        07/21                             07/22
LOWEST             65   07/30        73      -8       67  07/14
AVG. MAXIMUM     93.4              93.1     0.3     94.7
AVG. MINIMUM     73.8              72.7     1.1     75.7
MEAN             83.6              82.9     0.7     85.2
DAYS MAX >= 90     25              22.6     2.4       27
DAYS MAX <= 32      0               0.0     0.0        0
DAYS MIN <= 32      0               0.0     0.0        0
DAYS MIN <= 0       0               0.0     0.0        0

PRECIPITATION (INCHES)
RECORD
 MAXIMUM        11.39   1994
 MINIMUM            T   1935
TOTALS           2.23              3.36   -1.13     3.76
DAILY AVG.       0.07              0.11   -0.04     0.12
DAYS >= .01         7               6.4     0.6        7
DAYS >= .10         5               4.2     0.8        5
DAYS >= .50         1               2.4    -1.4        4
DAYS >= 1.00        0               1.1    -1.1        2
GREATEST
 24 HR. TOTAL    1.15   06/30 TO 07/01
                        07/01 TO 07/01
                        07/01 TO 07/02

DEGREE_DAYS
COOLING TOTAL     586               555      31      637
 SINCE 1/1       1273              1168     105     1374
.................................................................

WIND (MPH)
AVERAGE WIND SPEED              8.0
HIGHEST WIND SPEED/DIRECTION    32/240    DATE  07/02
HIGHEST GUST SPEED/DIRECTION    45/010    DATE  07/08

SKY COVER
POSSIBLE SUNSHINE (PERCENT)   MM
AVERAGE SKY COVER           0.40
NUMBER OF DAYS FAIR           16
NUMBER OF DAYS PC             11
NUMBER OF DAYS CLOUDY          4

AVERAGE RH (PERCENT)     69

WEATHER CONDITIONS. NUMBER OF DAYS WITH
THUNDERSTORM              0     MIXED PRECIP               0
HEAVY RAIN                4     RAIN                       5
LIGHT RAIN                6     FREEZING RAIN              0
LT FREEZING RAIN          0     HAIL                       0
HEAVY SNOW                0     SNOW                       0
LIGHT SNOW                0     SLEET                      0
FOG                       9     FOG W/VIS <= 1/4 MILE      0
HAZE                      1

-  INDICATES NEGATIVE NUMBERS.
R  INDICATES RECORD WAS SET OR TIED.
MM INDICATES DATA IS MISSING.
T  INDICATES TRACE AMOUNT.

$$
