000
CXUS54 KTSA 011120
CLMTUL

CLIMATE REPORT
NATIONAL WEATHER SERVICE TULSA OK
620 AM CDT SAT AUG 1 2015

...................................

...THE TULSA OKLAHOMA CLIMATE SUMMARY FOR THE MONTH OF JULY 2015...

CLIMATE NORMAL PERIOD 1981 TO 2010
CLIMATE RECORD PERIOD 1882 TO 2015

WEATHER         OBSERVED          NORMAL  DEPART  LAST YEAR`S
                 VALUE   DATE(S)  VALUE   FROM    VALUE  DATE(S)
                                          NORMAL
................................................................
TEMPERATURE (F)
RECORD
 HIGH             113   07/19/1936
                        07/18/1936
 LOW               53   07/05/1915
HIGHEST            99   07/24        94       5      101  07/13
LOWEST             67   07/08        73      -6       57  07/03
                        07/07
AVG. MAXIMUM     93.1              93.1     0.0     88.4
AVG. MINIMUM     75.3              72.7     2.6     67.9
MEAN             84.2              82.9     1.3     78.2
DAYS MAX >= 90     27              22.6     4.4       19
DAYS MAX <= 32      0               0.0     0.0        0
DAYS MIN <= 32      0               0.0     0.0        0
DAYS MIN <= 0       0               0.0     0.0        0

PRECIPITATION (INCHES)
RECORD
 MAXIMUM        11.39   1994
 MINIMUM            T   1935
TOTALS           6.72              3.36    3.36     4.42
DAILY AVG.       0.22              0.11    0.11     0.14
DAYS >= .01         9               6.4     2.6        6
DAYS >= .10         8               4.2     3.8        5
DAYS >= .50         4               2.4     1.6        2
DAYS >= 1.00        2               1.1     0.9        2
GREATEST
 24 HR. TOTAL    2.82   07/07 TO 07/08

DEGREE_DAYS
COOLING TOTAL     601               555      46      418
 SINCE 1/1       1288              1168     120     1092
.................................................................

WIND (MPH)
AVERAGE WIND SPEED              9.0
HIGHEST WIND SPEED/DIRECTION    29/180    DATE  07/02
HIGHEST GUST SPEED/DIRECTION    39/200    DATE  07/02

SKY COVER
POSSIBLE SUNSHINE (PERCENT)   MM
AVERAGE SKY COVER           0.50
NUMBER OF DAYS FAIR            9
NUMBER OF DAYS PC             14
NUMBER OF DAYS CLOUDY          8

AVERAGE RH (PERCENT)     69

WEATHER CONDITIONS. NUMBER OF DAYS WITH
THUNDERSTORM              0     MIXED PRECIP               0
HEAVY RAIN                6     RAIN                      10
LIGHT RAIN               11     FREEZING RAIN              0
LT FREEZING RAIN          0     HAIL                       0
HEAVY SNOW                0     SNOW                       0
LIGHT SNOW                0     SLEET                      0
FOG                      10     FOG W/VIS <= 1/4 MILE      2
HAZE                      3

-  INDICATES NEGATIVE NUMBERS.
R  INDICATES RECORD WAS SET OR TIED.
MM INDICATES DATA IS MISSING.
T  INDICATES TRACE AMOUNT.

&&
-------------------------------------------------------------------
 YEARLY PRECIPITATION (INCHES):
 TOTAL.....................36.39
 DEPARTURE FROM NORMAL.....+11.81
$$
