000
CXUS54 KTSA 011225
CLMTUL

CLIMATE REPORT
NATIONAL WEATHER SERVICE TULSA OK
447 AM CST THU DEC 1 2016

...................................

...THE TULSA OKLAHOMA CLIMATE SUMMARY FOR THE MONTH OF NOVEMBER 2016...

CLIMATE NORMAL PERIOD 1981 TO 2010
CLIMATE RECORD PERIOD 1882 TO 2016

WEATHER         OBSERVED          NORMAL  DEPART  LAST YEAR`S
                 VALUE   DATE(S)  VALUE   FROM    VALUE  DATE(S)
                                          NORMAL
................................................................
TEMPERATURE (F)
RECORD
 HIGH              89   11/02/1909
 LOW               10   11/29/1976
HIGHEST            85   11/02        60      25       78  11/11
LOWEST             28   11/26        39     -11       27  11/22
AVG. MAXIMUM     67.7              60.9     6.8     63.5
AVG. MINIMUM     44.7              39.6     5.1     41.7
MEAN             56.2              50.3     5.9     52.6
DAYS MAX >= 90      0               0.0     0.0        0
DAYS MAX <= 32      0               0.2    -0.2        0
DAYS MIN <= 32      6               7.1    -1.1        2
DAYS MIN <= 0       0               0.0     0.0        0

PRECIPITATION (INCHES)
RECORD
 MAXIMUM         8.29   1931
 MINIMUM            T   1910
TOTALS           1.88              2.81   -0.93     7.21
DAILY AVG.       0.06              0.09   -0.03     0.24
DAYS >= .01         4               6.8    -2.8       10
DAYS >= .10         3               4.3    -1.3        7
DAYS >= .50         1               1.9    -0.9        6
DAYS >= 1.00        1               0.8     0.2        2
GREATEST
 24 HR. TOTAL    1.56   11/07 TO 11/08

SNOWFALL (INCHES)
RECORDS
 TOTAL           10.5   2006
TOTALS            0.0               0.7    -0.7        T
SINCE 7/1         0.0               0.7    -0.7        T
SNOWDEPTH AVG.      0                MM      MM        0
DAYS >= 1.0         0               0.1    -0.1        0
GREATEST
 SNOW DEPTH         0   MM                             0  MM
 24 HR TOTAL      0.0   11/30 TO 11/30

DEGREE_DAYS
HEATING TOTAL     289               450    -161      368
 SINCE 7/1        339               636    -297      475
.................................................................

WIND (MPH)
AVERAGE WIND SPEED              8.6
HIGHEST WIND SPEED/DIRECTION    35/180    DATE  11/17
HIGHEST GUST SPEED/DIRECTION    43/180    DATE  11/17

SKY COVER
POSSIBLE SUNSHINE (PERCENT)   MM
AVERAGE SKY COVER           0.50
NUMBER OF DAYS FAIR           13
NUMBER OF DAYS PC             10
NUMBER OF DAYS CLOUDY          7

AVERAGE RH (PERCENT)     67

WEATHER CONDITIONS. NUMBER OF DAYS WITH
THUNDERSTORM              0     MIXED PRECIP               0
HEAVY RAIN                2     RAIN                       2
LIGHT RAIN                4     FREEZING RAIN              0
LT FREEZING RAIN          0     HAIL                       0
HEAVY SNOW                0     SNOW                       0
LIGHT SNOW                0     SLEET                      0
FOG                      13     FOG W/VIS <= 1/4 MILE      3
HAZE                      1

-  INDICATES NEGATIVE NUMBERS.
R  INDICATES RECORD WAS SET OR TIED.
MM INDICATES DATA IS MISSING.
T  INDICATES TRACE AMOUNT.

&&
-------------------------------------------------------------------
 YEARLY PRECIPITATION (INCHES):
 TOTAL.....................27.75
 DEPARTURE FROM NORMAL.....-10.73
$$
