000
CXUS54 KTSA 011349
CLMTUL

CLIMATE REPORT
NATIONAL WEATHER SERVICE TULSA OK
746 AM CST SUN JAN 1 2017

...................................

...THE TULSA OKLAHOMA CLIMATE SUMMARY FOR THE MONTH OF DECEMBER 2016...

CLIMATE NORMAL PERIOD 1981 TO 2010
CLIMATE RECORD PERIOD 1882 TO 2016

WEATHER         OBSERVED          NORMAL  DEPART  LAST YEAR`S
                 VALUE   DATE(S)  VALUE   FROM    VALUE  DATE(S)
                                          NORMAL
................................................................
TEMPERATURE (F)
RECORD
 HIGH              77   12/01/2012
 LOW                0   12/09/2005
                        12/09/2005
HIGHEST            71   12/25        50      21       73  12/12
                                                          12/10
LOWEST              3   12/18        29     -26       25  12/18
                                                          12/17
AVG. MAXIMUM     50.7              49.3     1.4     58.0
AVG. MINIMUM     28.1              29.6    -1.5     35.5
MEAN             39.4              39.5    -0.1     46.7
DAYS MAX >= 90      0               0.0     0.0        0
DAYS MAX <= 32      1               2.6    -1.6        1
DAYS MIN <= 32     19              18.8     0.2       15
DAYS MIN <= 0       0               0.2    -0.2        0

PRECIPITATION (INCHES)
RECORD
 MAXIMUM         8.70   1984
 MINIMUM         0.00   1889
                        1900
TOTALS           0.44              2.49   -2.05     8.60
DAILY AVG.       0.01              0.08   -0.07     0.28
DAYS >= .01         5               7.0    -2.0        6
DAYS >= .10         2               4.1    -2.1        5
DAYS >= .50         0               1.8    -1.8        4
DAYS >= 1.00        0               0.8    -0.8        3
GREATEST
 24 HR. TOTAL    0.22   12/25 TO 12/25
                        12/24 TO 12/25
                        12/25 TO 12/25

SNOWFALL (INCHES)
RECORDS
 TOTAL           11.4   2000
TOTALS            0.5               2.3    -1.8      0.5
SINCE 7/1         0.5               3.0    -2.5      0.5
SNOWDEPTH AVG.      0                MM      MM        0
DAYS >= 1.0         0               0.8    -0.8        0
GREATEST
 SNOW DEPTH         T   12/17                          0  MM
 24 HR TOTAL      0.5   12/17 TO 12/17

DEGREE_DAYS
HEATING TOTAL     784               792      -8      561
 SINCE 7/1       1123              1428    -305     1036
.................................................................

WIND (MPH)
AVERAGE WIND SPEED              8.7
HIGHEST WIND SPEED/DIRECTION    29/260    DATE  12/25
HIGHEST GUST SPEED/DIRECTION    41/170    DATE  12/11

SKY COVER
POSSIBLE SUNSHINE (PERCENT)   MM
AVERAGE SKY COVER           0.60
NUMBER OF DAYS FAIR            7
NUMBER OF DAYS PC              9
NUMBER OF DAYS CLOUDY         15

AVERAGE RH (PERCENT)     63

WEATHER CONDITIONS. NUMBER OF DAYS WITH
THUNDERSTORM              0     MIXED PRECIP               0
HEAVY RAIN                1     RAIN                       0
LIGHT RAIN               10     FREEZING RAIN              1
LT FREEZING RAIN          2     HAIL                       0
HEAVY SNOW                0     SNOW                       1
LIGHT SNOW                3     SLEET                      1
FOG                      11     FOG W/VIS <= 1/4 MILE      2
HAZE                      1

-  INDICATES NEGATIVE NUMBERS.
R  INDICATES RECORD WAS SET OR TIED.
MM INDICATES DATA IS MISSING.
T  INDICATES TRACE AMOUNT.

&&
-------------------------------------------------------------------
 YEARLY PRECIPITATION (INCHES):
 TOTAL.....................28.19
 DEPARTURE FROM NORMAL.....-12.78
$$
