000
CXUS54 KTSA 011217
CLMTUL

CLIMATE REPORT
NATIONAL WEATHER SERVICE TULSA OK
617 AM CST MON DEC 1 2014

...................................

...THE TULSA OKLAHOMA CLIMATE SUMMARY FOR THE MONTH OF NOVEMBER 2014...

CLIMATE NORMAL PERIOD 1981 TO 2010
CLIMATE RECORD PERIOD 1882 TO 2014

WEATHER         OBSERVED          NORMAL  DEPART  LAST YEAR`S
                 VALUE   DATE(S)  VALUE   FROM    VALUE  DATE(S)
                                          NORMAL
................................................................
TEMPERATURE (F)
RECORD
 HIGH              89   11/02/1909
 LOW               10   11/29/1976
HIGHEST            79   11/10        60      19       74  11/17
                                                          11/16
LOWEST             14   11/18        39     -25       18  11/27
AVG. MAXIMUM     56.6              60.9    -4.3     57.9
AVG. MINIMUM     33.7              39.6    -5.9     36.8
MEAN             45.1              50.3    -5.2     47.3
DAYS MAX >= 90      0               0.0     0.0        0
DAYS MAX <= 32      0               0.2    -0.2        1
DAYS MIN <= 32     13               7.1     5.9       11
DAYS MIN <= 0       0               0.0     0.0        0

PRECIPITATION (INCHES)
RECORD
 MAXIMUM         8.29   1931
 MINIMUM            T   1910
TOTALS           2.10              2.81   -0.71     1.91
DAILY AVG.       0.07              0.09   -0.02     0.06
DAYS >= .01         6               6.8    -0.8        7
DAYS >= .10         3               4.3    -1.3        4
DAYS >= .50         1               1.9    -0.9        1
DAYS >= 1.00        1               0.8     0.2        1
GREATEST
 24 HR. TOTAL    1.60   11/03 TO 11/04

SNOWFALL (INCHES)
RECORDS
 TOTAL           10.5   2006
TOTALS            0.4               0.7    -0.3      0.0
SINCE 7/1         0.4               0.7    -0.3      0.0
SNOWDEPTH AVG.      0                MM      MM        0
DAYS >= 1.0         0               0.1    -0.1        0
GREATEST
 SNOW DEPTH         0   MM                             0  MM
 24 HR TOTAL      0.4   MM

DEGREE_DAYS
HEATING TOTAL     591               450     141      518
 SINCE 7/1        701               636      65      701
.................................................................

WIND (MPH)
AVERAGE WIND SPEED              11.0
HIGHEST WIND SPEED/DIRECTION    35/170    DATE  11/22
HIGHEST GUST SPEED/DIRECTION    43/170    DATE  11/22

SKY COVER
POSSIBLE SUNSHINE (PERCENT)   MM
AVERAGE SKY COVER           0.50
NUMBER OF DAYS FAIR           10
NUMBER OF DAYS PC             11
NUMBER OF DAYS CLOUDY          9

AVERAGE RH (PERCENT)     60

WEATHER CONDITIONS. NUMBER OF DAYS WITH
THUNDERSTORM              0     MIXED PRECIP               0
HEAVY RAIN                3     RAIN                       2
LIGHT RAIN                6     FREEZING RAIN              0
LT FREEZING RAIN          0     HAIL                       0
HEAVY SNOW                0     SNOW                       1
LIGHT SNOW                1     SLEET                      1
FOG                       5     FOG W/VIS <= 1/4 MILE      0
HAZE                      1

-  INDICATES NEGATIVE NUMBERS.
R  INDICATES RECORD WAS SET OR TIED.
MM INDICATES DATA IS MISSING.
T  INDICATES TRACE AMOUNT.

&&
-------------------------------------------------------------------
 YEARLY PRECIPITATION (INCHES):
 TOTAL.....................27.63
 DEPARTURE FROM NORMAL.....-10.85
$$
