000
CXUS54 KMEG 161929
CLMTUP


CLIMATE REPORT...REISSUED
NATIONAL WEATHER SERVICE MEMPHIS TN
227 PM CDT THU JUL 16 2015

...................................

...THE TUPELO CLIMATE SUMMARY FOR THE MONTH OF JUNE 2015...

CLIMATE NORMAL PERIOD 1981 TO 2010
CLIMATE RECORD PERIOD 1930 TO 2015

WEATHER         OBSERVED          NORMAL  DEPART  LAST YEAR`S
                 VALUE   DATE(S)  VALUE   FROM    VALUE  DATE(S)
                                          NORMAL
................................................................
TEMPERATURE (F)
RECORD
 HIGH             108   06/20/1936
 LOW               43   06/08/1977
                        06/01/1972
                        06/03/1969
HIGHEST            95   06/23        88       7       94  06/21
                                                          06/20
                                                          06/19
LOWEST             58   06/03        67      -9       62  06/14
AVG. MAXIMUM     88.9              88.7     0.2     87.8
AVG. MINIMUM     69.5              67.6     1.9     69.8
MEAN             79.2              78.1     1.1     78.8
DAYS MAX >= 90     18              13.5     4.5       12
DAYS MAX <= 32      0               0.0     0.0        0
DAYS MIN <= 32      0               0.0     0.0        0
DAYS MIN <= 0       0               0.0     0.0        0

PRECIPITATION (INCHES)
RECORD
 MAXIMUM        11.37   1997
 MINIMUM         0.17   1988
                        1968
TOTALS           3.38              4.52   -1.14     8.34
DAILY AVG.       0.11              0.15   -0.04     0.28
DAYS >= .01        10               9.8     0.2       15
DAYS >= .10         8               6.7     1.3       12
DAYS >= .50         1               3.1    -2.1        6
DAYS >= 1.00        0               1.3    -1.3        3
GREATEST
 24 HR. TOTAL    2.11   05/31 TO 06/01

SNOWFALL (INCHES)
RECORDS
 TOTAL             MM   MM
TOTALS            0.0               0.0     0.0      0.0
SINCE 7/1         7.4               2.1     5.3      0.5
SNOWDEPTH AVG.      0                MM      MM        0
DAYS >= 1.0         0               0.0     0.0        0
GREATEST
 SNOW DEPTH         0   MM                             0  MM
 24 HR TOTAL      0.0   06/30 TO 06/30

DEGREE_DAYS
HEATING TOTAL       0                 0       0        0
 SINCE 7/1       3153              2956     197     3465
COOLING TOTAL     433               395      38      420
 SINCE 1/1        738               672      66      694
.................................................................

WIND (MPH)
AVERAGE WIND SPEED              5.0
HIGHEST WIND SPEED/DIRECTION    36/220    DATE  06/13
HIGHEST GUST SPEED/DIRECTION    50/210    DATE  06/13

SKY COVER
POSSIBLE SUNSHINE (PERCENT)   MM
AVERAGE SKY COVER           0.20
NUMBER OF DAYS FAIR           24
NUMBER OF DAYS PC              5
NUMBER OF DAYS CLOUDY          1

AVERAGE RH (PERCENT)     71

WEATHER CONDITIONS. NUMBER OF DAYS WITH
THUNDERSTORM              0     MIXED PRECIP               0
HEAVY RAIN                7     RAIN                       5
LIGHT RAIN                8     FREEZING RAIN              0
LT FREEZING RAIN          0     HAIL                       0
HEAVY SNOW                0     SNOW                       0
LIGHT SNOW                0     SLEET                      0
FOG                      15     FOG W/VIS <= 1/4 MILE      0
HAZE                      4

-  INDICATES NEGATIVE NUMBERS.
R  INDICATES RECORD WAS SET OR TIED.
MM INDICATES DATA IS MISSING.
T  INDICATES TRACE AMOUNT.

$$
