000
CXUS54 KMEG 011718
CLMTUP


CLIMATE REPORT
NATIONAL WEATHER SERVICE MEMPHIS TN
1216 PM CDT SAT APR 1 2017

...................................

...THE TUPELO CLIMATE SUMMARY FOR THE MONTH OF MARCH 2017...

CLIMATE NORMAL PERIOD 1981 TO 2010
CLIMATE RECORD PERIOD 1930 TO 2017

WEATHER         OBSERVED          NORMAL  DEPART  LAST YEAR`S
                 VALUE   DATE(S)  VALUE   FROM    VALUE  DATE(S)
                                          NORMAL
................................................................
TEMPERATURE (F)
RECORD
 HIGH              89   03/15/2016
 LOW                7   03/03/1980
HIGHEST            87   03/21        64      23       89  03/15
LOWEST             27   03/15        43     -16       32  03/02
AVG. MAXIMUM     67.6              65.5     2.1     69.8
AVG. MINIMUM     45.2              42.5     2.7     46.7
MEAN             56.4              54.0     2.4     58.3
DAYS MAX >= 90      0               0.0     0.0        0
DAYS MAX <= 32      0               0.0     0.0        0
DAYS MIN <= 32      5               4.0     1.0        1
DAYS MIN <= 0       0               0.0     0.0        0

PRECIPITATION (INCHES)
RECORD
 MAXIMUM        17.20   1980
 MINIMUM         1.80   1966
TOTALS           4.11              4.82   -0.71     7.89
DAILY AVG.       0.13              0.16   -0.03     0.25
DAYS >= .01        13              10.1     2.9       12
DAYS >= .10        11               6.9     4.1       10
DAYS >= .50         2               3.3    -1.3        5
DAYS >= 1.00        1               1.5    -0.5        2
GREATEST
 24 HR. TOTAL    1.05   03/07 TO 03/07

SNOWFALL (INCHES)
RECORDS
 TOTAL            6.0   1968
TOTALS              T               0.3    -0.3      0.0
SINCE 7/1           T               2.1    -2.1        T
SNOWDEPTH AVG.      0                MM      MM        0
DAYS >= 1.0         0               0.1    -0.1        0
GREATEST
 SNOW DEPTH         0   MM                             0  MM
 24 HR TOTAL        T   03/11 TO 03/11

DEGREE_DAYS
HEATING TOTAL     290               355     -65      230
 SINCE 7/1       1908              2786    -878     2167
COOLING TOTAL      34                14      20       29
 SINCE 1/1         46                16      30       29
.................................................................

WIND (MPH)
AVERAGE WIND SPEED              8.2
HIGHEST WIND SPEED/DIRECTION    39/130    DATE  03/30
HIGHEST GUST SPEED/DIRECTION    49/140    DATE  03/30

SKY COVER
POSSIBLE SUNSHINE (PERCENT)   MM
AVERAGE SKY COVER           0.40
NUMBER OF DAYS FAIR           14
NUMBER OF DAYS PC             10
NUMBER OF DAYS CLOUDY          7

AVERAGE RH (PERCENT)     61

WEATHER CONDITIONS. NUMBER OF DAYS WITH
THUNDERSTORM              0     MIXED PRECIP               0
HEAVY RAIN                1     RAIN                       6
LIGHT RAIN                8     FREEZING RAIN              0
LT FREEZING RAIN          0     HAIL                       0
HEAVY SNOW                0     SNOW                       0
LIGHT SNOW                1     SLEET                      0
FOG                      10     FOG W/VIS <= 1/4 MILE      0
HAZE                      9

-  INDICATES NEGATIVE NUMBERS.
R  INDICATES RECORD WAS SET OR TIED.
MM INDICATES DATA IS MISSING.
T  INDICATES TRACE AMOUNT.

$$
