000
CXUS54 KMEG 030202
CLMTUP


CLIMATE REPORT
NATIONAL WEATHER SERVICE MEMPHIS TN
853 PM CDT SAT JUL 2 2016

...................................

...THE TUPELO CLIMATE SUMMARY FOR THE MONTH OF JUNE 2016...

CLIMATE NORMAL PERIOD 1981 TO 2010
CLIMATE RECORD PERIOD 1930 TO 2016

WEATHER         OBSERVED          NORMAL  DEPART  LAST YEAR`S
                 VALUE   DATE(S)  VALUE   FROM    VALUE  DATE(S)
                                          NORMAL
................................................................
TEMPERATURE (F)
RECORD
 HIGH             108   06/20/1936
 LOW               43   06/08/1977
                        06/01/1972
                        06/03/1969
HIGHEST            98   06/26        88      10       95  06/23
                        06/25
LOWEST             60   06/08        67      -7       58  06/03
AVG. MAXIMUM     91.7              88.7     3.0     88.9
AVG. MINIMUM     69.9              67.6     2.3     69.5
MEAN             80.8              78.1     2.7     79.2
DAYS MAX >= 90     21              13.5     7.5       18
DAYS MAX <= 32      0               0.0     0.0        0
DAYS MIN <= 32      0               0.0     0.0        0
DAYS MIN <= 0       0               0.0     0.0        0

PRECIPITATION (INCHES)
RECORD
 MAXIMUM        11.37   1997
 MINIMUM         0.17   1988
                        1968
TOTALS           6.06              4.52    1.54     3.38
DAILY AVG.       0.20              0.15    0.05     0.11
DAYS >= .01        11               9.8     1.2       10
DAYS >= .10         7               6.7     0.3        8
DAYS >= .50         3               3.1    -0.1        1
DAYS >= 1.00        2               1.3     0.7        0
GREATEST
 24 HR. TOTAL    3.23   06/03 TO 06/04

SNOWFALL (INCHES)
RECORDS
 TOTAL             MM   MM
TOTALS            0.0               0.0     0.0      0.0
SINCE 7/1           T               2.1    -2.1      7.4
SNOWDEPTH AVG.      0                MM      MM        0
DAYS >= 1.0         0               0.0     0.0        0
GREATEST
 SNOW DEPTH         0   MM                             0  MM
 24 HR TOTAL      0.0   06/30 TO 06/30

DEGREE_DAYS
HEATING TOTAL       0                 0       0        0
 SINCE 7/1       2282              2956    -674     3153
COOLING TOTAL     483               395      88      433
 SINCE 1/1        769               672      97      738
.................................................................

WIND (MPH)
AVERAGE WIND SPEED              4.6
HIGHEST WIND SPEED/DIRECTION    29/340    DATE  06/17
HIGHEST GUST SPEED/DIRECTION    38/330    DATE  06/17

SKY COVER
POSSIBLE SUNSHINE (PERCENT)   MM
AVERAGE SKY COVER           0.20
NUMBER OF DAYS FAIR           24
NUMBER OF DAYS PC              6
NUMBER OF DAYS CLOUDY          0

AVERAGE RH (PERCENT)     66

WEATHER CONDITIONS. NUMBER OF DAYS WITH
THUNDERSTORM              0     MIXED PRECIP               0
HEAVY RAIN                6     RAIN                       4
LIGHT RAIN               11     FREEZING RAIN              0
LT FREEZING RAIN          0     HAIL                       0
HEAVY SNOW                0     SNOW                       0
LIGHT SNOW                0     SLEET                      0
FOG                       7     FOG W/VIS <= 1/4 MILE      1
HAZE                      0

-  INDICATES NEGATIVE NUMBERS.
R  INDICATES RECORD WAS SET OR TIED.
MM INDICATES DATA IS MISSING.
T  INDICATES TRACE AMOUNT.

$$
