902
CXUS54 KMEG 011355
CLMTUP


CLIMATE REPORT
NATIONAL WEATHER SERVICE MEMPHIS TN
854 AM CDT SUN MAY 1 2016

...................................

...THE TUPELO CLIMATE SUMMARY FOR THE MONTH OF APRIL 2016...

CLIMATE NORMAL PERIOD 1981 TO 2010
CLIMATE RECORD PERIOD 1930 TO 2016

WEATHER         OBSERVED          NORMAL  DEPART  LAST YEAR`S
                 VALUE   DATE(S)  VALUE   FROM    VALUE  DATE(S)
                                          NORMAL
................................................................
TEMPERATURE (F)
RECORD
 HIGH              93   04/18/2006
 LOW               30   04/08/2007
                        04/07/2007
                        04/01/1926
HIGHEST            86   04/28        74      12       85  04/09
LOWEST             38   04/09        51     -13       38  04/05
AVG. MAXIMUM     74.5              74.1     0.4     74.8
AVG. MINIMUM     52.7              50.2     2.5     54.1
MEAN             63.6              62.1     1.5     64.5
DAYS MAX >= 90      0               0.4    -0.4        0
DAYS MAX <= 32      0               0.0     0.0        0
DAYS MIN <= 32      0               0.8    -0.8        0
DAYS MIN <= 0       0               0.0     0.0        0

PRECIPITATION (INCHES)
RECORD
 MAXIMUM        12.16   1991
 MINIMUM         0.46   1986
TOTALS           5.85              4.78    1.07     7.74
DAILY AVG.       0.19              0.16    0.03     0.26
DAYS >= .01        11               9.5     1.5       16
DAYS >= .10         7               6.6     0.4       10
DAYS >= .50         4               3.2     0.8        5
DAYS >= 1.00        3               1.6     1.4        3
GREATEST
 24 HR. TOTAL    3.14   03/31 TO 04/01

SNOWFALL (INCHES)
RECORDS
 TOTAL            0.4   1987
TOTALS            0.0                 T     0.0      0.0
SINCE 7/1           T               2.1    -2.1      7.4
SNOWDEPTH AVG.      0                MM      MM        0
DAYS >= 1.0         0               0.0     0.0        0
GREATEST
 SNOW DEPTH         0   MM                             0  MM
 24 HR TOTAL      0.0   04/30 TO 04/30

DEGREE_DAYS
HEATING TOTAL      94               146     -52       81
 SINCE 7/1       2261              2932    -671     3132
COOLING TOTAL      61                60       1       73
 SINCE 1/1         90                76      14       76
.................................................................

WIND (MPH)
AVERAGE WIND SPEED              6.8
HIGHEST WIND SPEED/DIRECTION    30/160    DATE  04/06
HIGHEST GUST SPEED/DIRECTION    38/200    DATE  04/06

SKY COVER
POSSIBLE SUNSHINE (PERCENT)   MM
AVERAGE SKY COVER           0.30
NUMBER OF DAYS FAIR           21
NUMBER OF DAYS PC              6
NUMBER OF DAYS CLOUDY          3

AVERAGE RH (PERCENT)     62

WEATHER CONDITIONS. NUMBER OF DAYS WITH
THUNDERSTORM              0     MIXED PRECIP               0
HEAVY RAIN                4     RAIN                       4
LIGHT RAIN               11     FREEZING RAIN              0
LT FREEZING RAIN          0     HAIL                       0
HEAVY SNOW                0     SNOW                       0
LIGHT SNOW                0     SLEET                      0
FOG                      11     FOG W/VIS <= 1/4 MILE      1
HAZE                      1

-  INDICATES NEGATIVE NUMBERS.
R  INDICATES RECORD WAS SET OR TIED.
MM INDICATES DATA IS MISSING.
T  INDICATES TRACE AMOUNT.

$$
