000
CXUS54 KMEG 040102
CLMTUP


CLIMATE REPORT
NATIONAL WEATHER SERVICE MEMPHIS TN
654 PM CST SUN DEC 3 2017

...................................

...THE TUPELO CLIMATE SUMMARY FOR THE MONTH OF NOVEMBER 2017...

CLIMATE NORMAL PERIOD 1981 TO 2010
CLIMATE RECORD PERIOD 1930 TO 2017

WEATHER         OBSERVED          NORMAL  DEPART  LAST YEAR`S
                 VALUE   DATE(S)  VALUE   FROM    VALUE  DATE(S)
                                          NORMAL
................................................................
TEMPERATURE (F)
RECORD
 HIGH              88   11/01/2016
 LOW                8   11/25/1950
HIGHEST            81   11/05        64      17       88  11/01
LOWEST             24   11/23        42     -18       25  11/27
AVG. MAXIMUM     66.4              64.1     2.3     70.6
AVG. MINIMUM     41.6              41.7    -0.1     42.5
MEAN             54.0              52.9     1.1     56.5
DAYS MAX >= 90      0               0.0     0.0        0
DAYS MAX <= 32      0               0.0     0.0        0
DAYS MIN <= 32      9               5.8     3.2        5
DAYS MIN <= 0       0               0.0     0.0        0

PRECIPITATION (INCHES)
RECORD
 MAXIMUM        14.89   1957
 MINIMUM         0.66   1953
TOTALS           1.61              4.70   -3.09     4.65
DAILY AVG.       0.05              0.16   -0.11     0.16
DAYS >= .01         8               9.0    -1.0        7
DAYS >= .10         4               6.5    -2.5        5
DAYS >= .50         1               3.2    -2.2        2
DAYS >= 1.00        0               1.4    -1.4        2
GREATEST
 24 HR. TOTAL    0.78   11/03 TO 11/03

SNOWFALL (INCHES)
RECORDS
 TOTAL            1.5   1938
TOTALS            0.0               0.0     0.0      0.0
SINCE 7/1         0.0               0.0     0.0      0.0
SNOWDEPTH AVG.      0                MM      MM        0
DAYS >= 1.0         0               0.0     0.0        0
GREATEST
 SNOW DEPTH         0   MM                             0  MM
 24 HR TOTAL      0.0   11/30 TO 11/30

DEGREE_DAYS
HEATING TOTAL     352               374     -22      272
 SINCE 7/1        490               522     -32      294
COOLING TOTAL      29                11      18       25
 SINCE 1/1       2133              2044      89     2539
.................................................................

WIND (MPH)
AVERAGE WIND SPEED              6.3
HIGHEST WIND SPEED/DIRECTION    25/290    DATE  11/18
HIGHEST GUST SPEED/DIRECTION    44/280    DATE  11/18

SKY COVER
POSSIBLE SUNSHINE (PERCENT)   MM
AVERAGE SKY COVER           0.30
NUMBER OF DAYS FAIR           18
NUMBER OF DAYS PC              6
NUMBER OF DAYS CLOUDY          6

AVERAGE RH (PERCENT)     68

WEATHER CONDITIONS. NUMBER OF DAYS WITH
THUNDERSTORM              0     MIXED PRECIP               0
HEAVY RAIN                2     RAIN                       3
LIGHT RAIN                9     FREEZING RAIN              0
LT FREEZING RAIN          0     HAIL                       0
HEAVY SNOW                0     SNOW                       0
LIGHT SNOW                0     SLEET                      0
FOG                      11     FOG W/VIS <= 1/4 MILE      2
HAZE                      2

-  INDICATES NEGATIVE NUMBERS.
R  INDICATES RECORD WAS SET OR TIED.
MM INDICATES DATA IS MISSING.
T  INDICATES TRACE AMOUNT.

$$
