000
CXUS54 KMEG 031522
CLMTUP


CLIMATE REPORT
NATIONAL WEATHER SERVICE MEMPHIS TN
921 AM CST WED FEB 3 2016

...................................

...THE TUPELO CLIMATE SUMMARY FOR THE MONTH OF JANUARY 2016...

CLIMATE NORMAL PERIOD 1981 TO 2010
CLIMATE RECORD PERIOD 1930 TO 2016

WEATHER         OBSERVED          NORMAL  DEPART  LAST YEAR`S
                 VALUE   DATE(S)  VALUE   FROM    VALUE  DATE(S)
                                          NORMAL
................................................................
TEMPERATURE (F)
RECORD
 HIGH              80   01/24/1972
 LOW              -14   01/27/1940
HIGHEST            73   01/31        49      24       68  01/29
LOWEST             17   01/19        31     -14        8  01/08
                        01/11
AVG. MAXIMUM     51.0              51.7    -0.7     51.4
AVG. MINIMUM     30.5              31.7    -1.2     30.1
MEAN             40.7              41.7    -1.0     40.8
DAYS MAX >= 90      0               0.0     0.0        0
DAYS MAX <= 32      0               1.1    -1.1        1
DAYS MIN <= 32     20              16.4     3.6       19
DAYS MIN <= 0       0               0.1    -0.1        0

PRECIPITATION (INCHES)
RECORD
 MAXIMUM        15.24   1949
 MINIMUM         0.30   1986
TOTALS           3.84              4.48   -0.64     4.24
DAILY AVG.       0.12              0.14   -0.02     0.14
DAYS >= .01         7              10.0    -3.0       10
DAYS >= .10         7               6.9     0.1        7
DAYS >= .50         2               3.2    -1.2        3
DAYS >= 1.00        1               1.3    -0.3        2
GREATEST
 24 HR. TOTAL    1.95   01/21 TO 01/22

SNOWFALL (INCHES)
RECORDS
 TOTAL            9.2   1940
TOTALS              T               0.9    -0.9        T
SINCE 7/1           T               1.2    -1.2        T
SNOWDEPTH AVG.      0                MM      MM        0
DAYS >= 1.0         0               0.3    -0.3        0
GREATEST
 SNOW DEPTH         0   MM                             0  MM
 24 HR TOTAL        T   01/22 TO 01/22

DEGREE_DAYS
HEATING TOTAL     746               723      23      740
 SINCE 7/1       1449              1896    -447     1937
COOLING TOTAL       0                 1      -1        0
 SINCE 1/1          0                 0       0        0
.................................................................

WIND (MPH)
AVERAGE WIND SPEED              7.5
HIGHEST WIND SPEED/DIRECTION    25/020    DATE  01/23
HIGHEST GUST SPEED/DIRECTION    33/030    DATE  01/23

SKY COVER
POSSIBLE SUNSHINE (PERCENT)   MM
AVERAGE SKY COVER           0.40
NUMBER OF DAYS FAIR           16
NUMBER OF DAYS PC              9
NUMBER OF DAYS CLOUDY          6

AVERAGE RH (PERCENT)     67

WEATHER CONDITIONS. NUMBER OF DAYS WITH
THUNDERSTORM              0     MIXED PRECIP               0
HEAVY RAIN                2     RAIN                       6
LIGHT RAIN                7     FREEZING RAIN              0
LT FREEZING RAIN          0     HAIL                       0
HEAVY SNOW                0     SNOW                       0
LIGHT SNOW                2     SLEET                      0
FOG                       8     FOG W/VIS <= 1/4 MILE      1
HAZE                      1

-  INDICATES NEGATIVE NUMBERS.
R  INDICATES RECORD WAS SET OR TIED.
MM INDICATES DATA IS MISSING.
T  INDICATES TRACE AMOUNT.

$$
