000
CXUS54 KMEG 021625
CLMTUP


CLIMATE REPORT
NATIONAL WEATHER SERVICE MEMPHIS TN
1022 AM CST THU FEB 2 2017

...................................

...THE TUPELO CLIMATE SUMMARY FOR THE MONTH OF JANUARY 2017...

CLIMATE NORMAL PERIOD 1981 TO 2010
CLIMATE RECORD PERIOD 1930 TO 2017

WEATHER         OBSERVED          NORMAL  DEPART  LAST YEAR`S
                 VALUE   DATE(S)  VALUE   FROM    VALUE  DATE(S)
                                          NORMAL
................................................................
TEMPERATURE (F)
RECORD
 HIGH              80   01/24/1972
 LOW              -14   01/27/1940
HIGHEST            77   01/14        49      28       73  01/31
LOWEST             12   01/08        31     -19       17  01/19
                                                          01/11
AVG. MAXIMUM     59.6              51.7     7.9     51.0
AVG. MINIMUM     41.9              31.7    10.2     30.5
MEAN             50.8              41.7     9.1     40.7
DAYS MAX >= 90      0               0.0     0.0        0
DAYS MAX <= 32      2               1.1     0.9        0
DAYS MIN <= 32      9              16.4    -7.4       20
DAYS MIN <= 0       0               0.1    -0.1        0

PRECIPITATION (INCHES)
RECORD
 MAXIMUM        15.24   1949
 MINIMUM         0.30   1986
TOTALS           5.77              4.48    1.29     3.84
DAILY AVG.       0.19              0.14    0.05     0.12
DAYS >= .01        12              10.0     2.0        7
DAYS >= .10         5               6.9    -1.9        7
DAYS >= .50         4               3.2     0.8        2
DAYS >= 1.00        2               1.3     0.7        1
GREATEST
 24 HR. TOTAL    2.20   01/18 TO 01/19

SNOWFALL (INCHES)
RECORDS
 TOTAL            9.2   1940
TOTALS              T               0.9    -0.9        T
SINCE 7/1           T               1.2    -1.2        T
SNOWDEPTH AVG.      0                MM      MM        0
DAYS >= 1.0         0               0.3    -0.3        0
GREATEST
 SNOW DEPTH         0   MM                             0  MM
 24 HR TOTAL        T   01/08 TO 01/08

DEGREE_DAYS
HEATING TOTAL     443               723    -280      746
 SINCE 7/1       1313              1896    -583     1449
COOLING TOTAL       8                 1       7        0
 SINCE 1/1          8                 0       8        0
.................................................................

WIND (MPH)
AVERAGE WIND SPEED              7.5
HIGHEST WIND SPEED/DIRECTION    32/150    DATE  01/11
HIGHEST GUST SPEED/DIRECTION    40/150    DATE  01/11

SKY COVER
POSSIBLE SUNSHINE (PERCENT)   MM
AVERAGE SKY COVER           0.50
NUMBER OF DAYS FAIR           10
NUMBER OF DAYS PC              8
NUMBER OF DAYS CLOUDY         13

AVERAGE RH (PERCENT)     69

WEATHER CONDITIONS. NUMBER OF DAYS WITH
THUNDERSTORM              0     MIXED PRECIP               0
HEAVY RAIN                2     RAIN                       3
LIGHT RAIN               15     FREEZING RAIN              0
LT FREEZING RAIN          0     HAIL                       0
HEAVY SNOW                0     SNOW                       0
LIGHT SNOW                4     SLEET                      0
FOG                      12     FOG W/VIS <= 1/4 MILE      4
HAZE                      4

-  INDICATES NEGATIVE NUMBERS.
R  INDICATES RECORD WAS SET OR TIED.
MM INDICATES DATA IS MISSING.
T  INDICATES TRACE AMOUNT.

$$
