076
CXUS55 KTWC 011605
CLMTUS

CLIMATE REPORT
NATIONAL WEATHER SERVICE TUCSON AZ
900 AM MST THU DEC 1 2016

...................................

...THE TUCSON AZ CLIMATE SUMMARY FOR THE MONTH OF NOVEMBER 2016...

CLIMATE NORMAL PERIOD 1981 TO 2010
CLIMATE RECORD PERIOD 1895 TO 2016

WEATHER         OBSERVED          NORMAL  DEPART  LAST YEAR`S
                 VALUE   DATE(S)  VALUE   FROM    VALUE  DATE(S)
                                          NORMAL
................................................................
TEMPERATURE (F)
RECORD
 HIGH              93   11/03/2009
                        11/06/1999
                        11/06/1934
 LOW               19   11/19/1921
HIGHEST            89   11/15        85       4       84  11/02
LOWEST             29   11/30        32      -3       30  11/30
AVG. MAXIMUM     77.3              73.5     3.8     73.3
AVG. MINIMUM     50.7              46.1     4.6     44.9
MEAN             64.0              59.8     4.2     59.1
DAYS MAX >= 90      0               0.3    -0.3        0
DAYS MAX <= 32      0               0.0     0.0        0
DAYS MIN <= 32      1               1.0     0.0        2
DAYS MIN <= 0       0               0.0     0.0        0

PRECIPITATION (INCHES)
RECORD
 MAXIMUM         4.61   1905
 MINIMUM         0.00   2014
                        2005
                        1999
TOTALS           0.50              0.57   -0.07     0.16
DAILY AVG.       0.02              0.02    0.00     0.01
DAYS >= .01         5               2.7     2.3        4
DAYS >= .10         1               1.5    -0.5        0
DAYS >= .50         0               0.3    -0.3        0
DAYS >= 1.00        0               0.1    -0.1        0
GREATEST
 24 HR. TOTAL    0.41   11/02 TO 11/03           11/15 TO 11/16
                                                          11/30 TO 11/30
                                                          11/30 TO 11/30

DEGREE_DAYS
HEATING TOTAL      94               182     -88      185
 SINCE 7/1         94               206    -112      195
.................................................

WIND (MPH)
AVERAGE WIND SPEED              8.3
HIGHEST WIND SPEED/DIRECTION    35/120    DATE  11/09
HIGHEST GUST SPEED/DIRECTION    44/130    DATE  11/09

AVERAGE RH (PERCENT)     36

WEATHER CONDITIONS. NUMBER OF DAYS WITH
THUNDERSTORM              0     MIXED PRECIP               0
HEAVY RAIN                1     RAIN                       2
LIGHT RAIN                6     FREEZING RAIN              0
LT FREEZING RAIN          0     HAIL                       0
HEAVY SNOW                0     SNOW                       0
LIGHT SNOW                0     SLEET                      0
FOG                       1     FOG W/VIS <= 1/4 MILE      0
HAZE                      0

-  INDICATES NEGATIVE NUMBERS.
R  INDICATES RECORD WAS SET OR TIED.
MM INDICATES DATA IS MISSING.
T  INDICATES TRACE AMOUNT.

$$
