000
CXUS55 KTWC 011722
CLMTUS

CLIMATE REPORT
NATIONAL WEATHER SERVICE TUCSON AZ
1022 AM MST SUN MAY 1 2016

...................................

...THE TUCSON AZ CLIMATE SUMMARY FOR THE MONTH OF APRIL 2016...

CLIMATE NORMAL PERIOD 1981 TO 2010
CLIMATE RECORD PERIOD 1895 TO 2016

WEATHER         OBSERVED          NORMAL  DEPART  LAST YEAR`S
                 VALUE   DATE(S)  VALUE   FROM    VALUE  DATE(S)
                                          NORMAL
................................................................
TEMPERATURE (F)
RECORD
 HIGH             104   04/21/1989
                        04/20/1989
 LOW               27   04/04/1945
HIGHEST            95   04/21        94       1       95  04/30
LOWEST             44   04/01        39       5       44  04/17
AVG. MAXIMUM     82.9              82.1     0.8     83.9
AVG. MINIMUM     54.3              52.0     2.3     54.2
MEAN             68.6              67.0     1.6     69.0
DAYS MAX >= 100     0               0.0     0.0        0
DAYS MAX <= 32      0               0.0     0.0        0
DAYS MIN <= 32      0               0.0     0.0        0
DAYS MIN <= 0       0               0.0     0.0        0

PRECIPITATION (INCHES)
RECORD
 MAXIMUM         3.53   1905
 MINIMUM         0.00   2002
                        1993
                        1991
TOTALS           0.71              0.31    0.40     0.16
DAILY AVG.       0.02              0.01    0.01     0.01
DAYS >= .01         4               2.0     2.0        1
DAYS >= .10         2               0.9     1.1        1
DAYS >= .50         0               0.1    -0.1        0
DAYS >= 1.00        0               0.0     0.0        0
GREATEST
 24 HR. TOTAL    0.45   04/10 TO 04/10           04/26 TO 04/26
                                                          04/30 TO 04/30
                                                          04/30 TO 04/30

DEGREE_DAYS
HEATING TOTAL      22                60     -38       13
 SINCE 7/1       1217              1506    -289      902
COOLING TOTAL     137               121      16      142
 SINCE 1/1        249               154      95      243
.................................................

WIND (MPH)
AVERAGE WIND SPEED              7.6
HIGHEST WIND SPEED/DIRECTION    36/170    DATE  04/10
HIGHEST GUST SPEED/DIRECTION    48/180    DATE  04/10

AVERAGE RH (PERCENT)     27

WEATHER CONDITIONS. NUMBER OF DAYS WITH
THUNDERSTORM              0     MIXED PRECIP               0
HEAVY RAIN                0     RAIN                       1
LIGHT RAIN                4     FREEZING RAIN              0
LT FREEZING RAIN          0     HAIL                       0
HEAVY SNOW                0     SNOW                       0
LIGHT SNOW                0     SLEET                      0
FOG                       2     FOG W/VIS <= 1/4 MILE      0
HAZE                      0

-  INDICATES NEGATIVE NUMBERS.
R  INDICATES RECORD WAS SET OR TIED.
MM INDICATES DATA IS MISSING.
T  INDICATES TRACE AMOUNT.

$$
