000
CXUS55 KTWC 011624
CLMTUS

CLIMATE REPORT
NATIONAL WEATHER SERVICE TUCSON AZ
915 AM MST TUE JUL 1 2014

...................................

...THE TUCSON AZ CLIMATE SUMMARY FOR THE MONTH OF JUNE 2014...

CLIMATE NORMAL PERIOD 1981 TO 2010
CLIMATE RECORD PERIOD 1895 TO 2014

WEATHER         OBSERVED          NORMAL  DEPART  LAST YEAR`S
                 VALUE   DATE(S)  VALUE   FROM    VALUE  DATE(S)
                                          NORMAL
................................................................
TEMPERATURE (F)
RECORD
 HIGH             117   06/26/1990
 LOW               43   06/04/1908
HIGHEST           108   06/04       108       0      112  06/29
                        06/02
LOWEST             67   06/06        58       9       68  06/06
AVG. MAXIMUM    103.8             100.3     3.5    105.4
AVG. MINIMUM     74.1              69.3     4.8     73.5
MEAN             88.9              84.8     4.1     89.4
DAYS MAX >= 100    29                17      12       30
DAYS MAX <= 32      0               0.0     0.0        0
DAYS MIN <= 32      0               0.0     0.0        0
DAYS MIN <= 0       0               0.0     0.0        0

PRECIPITATION (INCHES)
RECORD
 MAXIMUM         2.07   1938
 MINIMUM         0.00   2010
                        2002
                        1998
TOTALS           0.00R             0.20   -0.20     0.03
DAILY AVG.       0.00              0.01   -0.01     0.00
DAYS >= .01         0               1.7    -1.7        1
DAYS >= .10         0               0.6    -0.6        0
DAYS >= .50         0               0.1    -0.1        0
DAYS >= 1.00        0               0.0     0.0        0
GREATEST
 24 HR. TOTAL    0.00   MM                       06/30 TO 06/30
                                                          06/29 TO 06/30
                                                          06/30 TO 06/30

DEGREE_DAYS
COOLING TOTAL     725               594     131      741
 SINCE 1/1       1328              1096     232     1452
.................................................

WIND (MPH)
AVERAGE WIND SPEED              7.7
HIGHEST WIND SPEED/DIRECTION    26/250    DATE  06/18
HIGHEST GUST SPEED/DIRECTION    37/240    DATE  06/15

AVERAGE RH (PERCENT)     17

WEATHER CONDITIONS. NUMBER OF DAYS WITH
THUNDERSTORM              0     MIXED PRECIP               0
HEAVY RAIN                0     RAIN                       0
LIGHT RAIN                1     FREEZING RAIN              0
LT FREEZING RAIN          0     HAIL                       0
HEAVY SNOW                0     SNOW                       0
LIGHT SNOW                0     SLEET                      0
FOG                       0     FOG W/VIS <= 1/4 MILE      0
HAZE                      6

-  INDICATES NEGATIVE NUMBERS.
R  INDICATES RECORD WAS SET OR TIED.
MM INDICATES DATA IS MISSING.
T  INDICATES TRACE AMOUNT.

$$
