000
CXUS55 KTWC 011601
CLMTUS

CLIMATE REPORT
NATIONAL WEATHER SERVICE TUCSON AZ
856 AM MST SUN MAR 1 2015

...................................

...THE TUCSON AZ CLIMATE SUMMARY FOR THE MONTH OF FEBRUARY 2015...

CLIMATE NORMAL PERIOD 1981 TO 2010
CLIMATE RECORD PERIOD 1895 TO 2015

WEATHER         OBSERVED          NORMAL  DEPART  LAST YEAR`S
                 VALUE   DATE(S)  VALUE   FROM    VALUE  DATE(S)
                                          NORMAL
................................................................
TEMPERATURE (F)
RECORD
 HIGH              92   02/14/1957
 LOW               17   02/07/1899
HIGHEST            84   02/09        82       2       88  02/15
                        02/06
                        02/05
LOWEST             38   02/25        31       7       34  02/04
AVG. MAXIMUM     75.2              68.5     6.7     75.1
AVG. MINIMUM     49.0              42.2     6.8     46.2
MEAN             62.1              55.3     6.8     60.7
DAYS MAX >= 90      0               0.0     0.0        0
DAYS MAX <= 32      0               0.0     0.0        0
DAYS MIN <= 32      0               1.3    -1.3        0
DAYS MIN <= 0       0               0.0     0.0        0

PRECIPITATION (INCHES)
RECORD
 MAXIMUM         4.15   1905
 MINIMUM         0.00   1984
                        1972
                        1898
TOTALS           0.41              0.86   -0.45     0.01
DAILY AVG.       0.01              0.03   -0.02     0.00
DAYS >= .01         3               4.1    -1.1        1
DAYS >= .10         2               2.4    -0.4        0
DAYS >= .50         0               0.4    -0.4        0
DAYS >= 1.00        0               0.0     0.0        0
GREATEST
 24 HR. TOTAL    0.76   01/31 TO 02/01           02/03 TO 02/03
                                                          02/28 TO 02/28
                                                          02/28 TO 02/28

DEGREE_DAYS
HEATING TOTAL      84               273    -189      138
 SINCE 7/1        842              1267    -425      833
.........................................................

WIND (MPH)
AVERAGE WIND SPEED              7.2
HIGHEST WIND SPEED/DIRECTION    30/130    DATE  02/12
HIGHEST GUST SPEED/DIRECTION    40/080    DATE  02/12

AVERAGE RH (PERCENT)     45

WEATHER CONDITIONS. NUMBER OF DAYS WITH
THUNDERSTORM              0     MIXED PRECIP               0
HEAVY RAIN                1     RAIN                       2
LIGHT RAIN                3     FREEZING RAIN              0
LT FREEZING RAIN          0     HAIL                       0
HEAVY SNOW                0     SNOW                       0
LIGHT SNOW                0     SLEET                      0
FOG                       2     FOG W/VIS <= 1/4 MILE      1
HAZE                      2

-  INDICATES NEGATIVE NUMBERS.
R  INDICATES RECORD WAS SET OR TIED.
MM INDICATES DATA IS MISSING.
T  INDICATES TRACE AMOUNT.

$$
SHERWOOD
