000
CXUS53 KAPX 062353
CLMTVC


CLIMATE REPORT
NATIONAL WEATHER SERVICE GAYLORD MI
653 PM EST SAT DEC 6 2014

...................................

...THE TRAVERSE CITY MI CLIMATE SUMMARY FOR THE MONTH OF NOVEMBER 2014...

CLIMATE NORMAL PERIOD 1981 TO 2010
CLIMATE RECORD PERIOD 1896 TO 2014

WEATHER         OBSERVED          NORMAL  DEPART  LAST YEAR`S
                 VALUE   DATE(S)  VALUE   FROM    VALUE  DATE(S)
                                          NORMAL
................................................................
TEMPERATURE (F)
RECORD
 HIGH              77   11/02/1938
 LOW               -5   11/25/1950
                        11/24/1950
HIGHEST            58   11/04        MM      MM       64  11/17
LOWEST             16   11/21        MM      MM        8  11/29
                        11/20
AVG. MAXIMUM     38.2              44.1    -5.9     42.5
AVG. MINIMUM     27.4              30.4    -3.0     30.2
MEAN             32.8              37.3    -4.5     36.4
DAYS MAX >= 90      0               0.0     0.0        0
DAYS MAX <= 32     13               3.2     9.8        6
DAYS MIN <= 32     24              18.7     5.3       14
DAYS MIN <= 0       0               0.0     0.0        0

PRECIPITATION (INCHES)
RECORD
 MAXIMUM           MM   MM
 MINIMUM           MM   MM
TOTALS           3.05              2.70    0.35     4.72
DAILY AVG.       0.10              0.09    0.01     0.16
DAYS >= .01        20              14.9     5.1       19
DAYS >= .10        10               7.3     2.7        8
DAYS >= .50         1               1.1    -0.1        2
DAYS >= 1.00        0               0.4    -0.4        1
GREATEST
 24 HR. TOTAL    0.74   11/24 TO 11/24
 STORM TOTAL       MM
 (MM/DD(HH))            MM

SNOWFALL (INCHES)
RECORDS
 TOTAL             MM   MM
TOTALS             MM               9.0      MM       MM
SINCE 7/1          MM               9.2      MM       MM
SNOWDEPTH AVG.     MM                MM      MM       MM
DAYS >= TRACE       0               5.8    -5.8        0
DAYS >= 1.0         0               3.5    -3.5        0
GREATEST
 SNOW DEPTH        MM                                 MM  MM
 24 HR TOTAL       MM                                 MM

DEGREE_DAYS
HEATING TOTAL     959               832     127
 SINCE 7/1       1679              1619      60

FREEZE DATES
RECORD
 EARLIEST     MM
 LATEST       MM
EARLIEST                        MM
LATEST                          MM
.................................................................

WIND (MPH)
AVERAGE WIND SPEED              7.3
HIGHEST WIND SPEED/DIRECTION    25/MM     DATE   MM
HIGHEST GUST SPEED/DIRECTION    35/280    DATE  11/18

SKY COVER
POSSIBLE SUNSHINE (PERCENT)   MM
AVERAGE SKY COVER           0.90
NUMBER OF DAYS FAIR            0
NUMBER OF DAYS PC              3
NUMBER OF DAYS CLOUDY         27

AVERAGE RH (PERCENT)     74

WEATHER CONDITIONS. NUMBER OF DAYS WITH
THUNDERSTORM              0     MIXED PRECIP               0
HEAVY RAIN                0     RAIN                       3
LIGHT RAIN               13     FREEZING RAIN              0
LT FREEZING RAIN          0     HAIL                       0
HEAVY SNOW                2     SNOW                       8
LIGHT SNOW               22     SLEET                      1
FOG                      19     FOG W/VIS <= 1/4 MILE      2
HAZE                      4

-  INDICATES NEGATIVE NUMBERS.
R  INDICATES RECORD WAS SET OR TIED.
MM INDICATES DATA IS MISSING.
T  INDICATES TRACE AMOUNT.

$$
