000
CXUS53 KAPX 010732
CLMTVC


CLIMATE REPORT
NATIONAL WEATHER SERVICE GAYLORD MI
332 AM EDT SUN MAY 1 2016

...................................

...THE TRAVERSE CITY MI CLIMATE SUMMARY FOR THE MONTH OF APRIL 2016...

CLIMATE NORMAL PERIOD 1981 TO 2010
CLIMATE RECORD PERIOD 1896 TO 2016

WEATHER         OBSERVED          NORMAL  DEPART  LAST YEAR`S
                 VALUE   DATE(S)  VALUE   FROM    VALUE  DATE(S)
                                          NORMAL
................................................................
TEMPERATURE (F)
RECORD
 HIGH              90   04/29/1970
 LOW                1   04/02/1965
HIGHEST            80   04/17        MM      MM       72  04/12
LOWEST             14   04/05        MM      MM       18  04/04
AVG. MAXIMUM     50.6              53.8    -3.2     53.3
AVG. MINIMUM     31.9              32.1    -0.2     32.8
MEAN             41.3              43.0    -1.7     43.0
DAYS MAX >= 90      0               0.0     0.0        0
DAYS MAX <= 32      4               0.7     3.3        0
DAYS MIN <= 32     16              15.8     0.2       14
DAYS MIN <= 0       0               0.0     0.0        0

PRECIPITATION (INCHES)
RECORD
 MAXIMUM           MM   MM
 MINIMUM           MM   MM
TOTALS           1.74              2.78   -1.04     1.41
DAILY AVG.       0.06              0.09   -0.03     0.05
DAYS >= .01        11              10.8     0.2       10
DAYS >= .10         5               6.1    -1.1        4
DAYS >= .50         1               1.9    -0.9        1
DAYS >= 1.00        0               0.3    -0.3        0
GREATEST
 24 HR. TOTAL    1.15   03/31 TO 04/01
 STORM TOTAL       MM
 (MM/DD(HH))            MM

SNOWFALL (INCHES)
RECORDS
 TOTAL             MM   MM
TOTALS             MM               2.6      MM       MM
SINCE 7/1          MM             101.3      MM       MM
SNOWDEPTH AVG.     MM                MM      MM       MM
DAYS >= TRACE       0               2.5    -2.5        0
DAYS >= 1.0         0               0.8    -0.8        0
GREATEST
 SNOW DEPTH        MM                                 MM  MM
 24 HR TOTAL       MM                                 MM

DEGREE_DAYS
HEATING TOTAL     704               665      39
 SINCE 7/1       5869              7067   -1198
COOLING TOTAL       0                 3      -3
 SINCE 1/1          0                 3      -3

FREEZE DATES
RECORD
 EARLIEST     MM
 LATEST       MM
EARLIEST                        MM
LATEST                          MM
.................................................................

WIND (MPH)
AVERAGE WIND SPEED              6.6
HIGHEST WIND SPEED/DIRECTION    31/280    DATE  04/01
HIGHEST GUST SPEED/DIRECTION    39/280    DATE  04/01

SKY COVER
POSSIBLE SUNSHINE (PERCENT)   MM
AVERAGE SKY COVER           0.70
NUMBER OF DAYS FAIR            6
NUMBER OF DAYS PC             11
NUMBER OF DAYS CLOUDY         13

AVERAGE RH (PERCENT)     62

WEATHER CONDITIONS. NUMBER OF DAYS WITH
THUNDERSTORM              0     MIXED PRECIP               0
HEAVY RAIN                1     RAIN                       2
LIGHT RAIN                6     FREEZING RAIN              0
LT FREEZING RAIN          1     HAIL                       1
HEAVY SNOW                0     SNOW                       5
LIGHT SNOW               12     SLEET                      0
FOG                      12     FOG W/VIS <= 1/4 MILE      0
HAZE                      9

-  INDICATES NEGATIVE NUMBERS.
R  INDICATES RECORD WAS SET OR TIED.
MM INDICATES DATA IS MISSING.
T  INDICATES TRACE AMOUNT.

$$
