000
CXUS53 KAPX 010541
CLMTVC


CLIMATE REPORT
NATIONAL WEATHER SERVICE GAYLORD MI
141 AM EDT FRI AUG 1 2014

...................................

...THE TRAVERSE CITY MI CLIMATE SUMMARY FOR THE MONTH OF JULY 2014...

CLIMATE NORMAL PERIOD 1981 TO 2010
CLIMATE RECORD PERIOD 1896 TO 2014

WEATHER         OBSERVED          NORMAL  DEPART  LAST YEAR`S
                 VALUE   DATE(S)  VALUE   FROM    VALUE  DATE(S)
                                          NORMAL
................................................................
TEMPERATURE (F)
RECORD
 HIGH             105   07/07/1936
 LOW               31   07/06/1965
HIGHEST            88   07/22        MM      MM       96  07/18
                                                          07/17
LOWEST             44   07/03        MM      MM       46  07/02
AVG. MAXIMUM     76.2              80.2    -4.0     81.5
AVG. MINIMUM     55.6              57.8    -2.2     59.6
MEAN             65.9              69.0    -3.1     70.5
DAYS MAX >= 90      0               2.3    -2.3        6
DAYS MAX <= 32      0               0.0     0.0        0
DAYS MIN <= 32      0               0.0     0.0        0
DAYS MIN <= 0       0               0.0     0.0        0

PRECIPITATION (INCHES)
RECORD
 MAXIMUM           MM   MM
 MINIMUM           MM   MM
TOTALS           2.10              3.02   -0.92     2.83
DAILY AVG.       0.07              0.10   -0.03     0.09
DAYS >= .01        12               8.9     3.1        9
DAYS >= .10         6               5.1     0.9        5
DAYS >= .50         1               2.0    -1.0        2
DAYS >= 1.00        0               0.8    -0.8        1
GREATEST
 24 HR. TOTAL    0.70   07/26 TO 07/27
 STORM TOTAL       MM
 (MM/DD(HH))            MM

DEGREE_DAYS
COOLING TOTAL      91               152     -61
 SINCE 1/1        207               253     -46

FREEZE DATES
RECORD
 EARLIEST     MM
 LATEST       MM
EARLIEST                        MM
LATEST                          MM
.................................................................

WIND (MPH)
AVERAGE WIND SPEED              5.6
HIGHEST WIND SPEED/DIRECTION    23/270    DATE  07/07
HIGHEST GUST SPEED/DIRECTION    31/MM     DATE   MM

SKY COVER
POSSIBLE SUNSHINE (PERCENT)   MM
AVERAGE SKY COVER           0.50
NUMBER OF DAYS FAIR            9
NUMBER OF DAYS PC             17
NUMBER OF DAYS CLOUDY          5

AVERAGE RH (PERCENT)     67

WEATHER CONDITIONS. NUMBER OF DAYS WITH
THUNDERSTORM              0     MIXED PRECIP               0
HEAVY RAIN                2     RAIN                       5
LIGHT RAIN               11     FREEZING RAIN              0
LT FREEZING RAIN          0     HAIL                       1
HEAVY SNOW                0     SNOW                       0
LIGHT SNOW                0     SLEET                      0
FOG                      10     FOG W/VIS <= 1/4 MILE      1
HAZE                      3

-  INDICATES NEGATIVE NUMBERS.
R  INDICATES RECORD WAS SET OR TIED.
MM INDICATES DATA IS MISSING.
T  INDICATES TRACE AMOUNT.

$$
