000
CXUS53 KAPX 010530
CLMTVC


CLIMATE REPORT
NATIONAL WEATHER SERVICE GAYLORD MI
1228 AM EST THU DEC 1 2016

...................................

...THE TRAVERSE CITY MI CLIMATE SUMMARY FOR THE MONTH OF NOVEMBER 2016...

CLIMATE NORMAL PERIOD 1981 TO 2010
CLIMATE RECORD PERIOD 1896 TO 2016

WEATHER         OBSERVED          NORMAL  DEPART  LAST YEAR`S
                 VALUE   DATE(S)  VALUE   FROM    VALUE  DATE(S)
                                          NORMAL
................................................................
TEMPERATURE (F)
RECORD
 HIGH              77   11/02/1938
 LOW               -5   11/25/1950
                        11/24/1950
HIGHEST            73   11/18        MM      MM       76  11/04
LOWEST             27   11/22        MM      MM       20  11/29
AVG. MAXIMUM     54.3              44.1    10.2     52.6
AVG. MINIMUM     37.7              30.4     7.3     35.5
MEAN             46.0              37.3     8.7     44.0
DAYS MAX >= 90      0               0.0     0.0        0
DAYS MAX <= 32      0               3.2    -3.2        1
DAYS MIN <= 32      6              18.7   -12.7       13
DAYS MIN <= 0       0               0.0     0.0        0

PRECIPITATION (INCHES)
RECORD
 MAXIMUM           MM   MM
 MINIMUM           MM   MM
TOTALS           0.83              2.70   -1.87     3.37
DAILY AVG.       0.03              0.09   -0.06     0.11
DAYS >= .01        10              14.9    -4.9       14
DAYS >= .10         2               7.3    -5.3        9
DAYS >= .50         0               1.1    -1.1        2
DAYS >= 1.00        0               0.4    -0.4        0
GREATEST
 24 HR. TOTAL    0.55   11/28 TO 11/29
 STORM TOTAL       MM
 (MM/DD(HH))            MM

SNOWFALL (INCHES)
RECORDS
 TOTAL             MM   MM
TOTALS             MM               9.0      MM       MM
SINCE 7/1          MM               9.2      MM       MM
SNOWDEPTH AVG.     MM                MM      MM       MM
DAYS >= TRACE       0               5.8    -5.8        0
DAYS >= 1.0         0               3.5    -3.5        0
GREATEST
 SNOW DEPTH        MM                                 MM  MM
 24 HR TOTAL       MM                                 MM

DEGREE_DAYS
HEATING TOTAL     563               832    -269
 SINCE 7/1        959              1619    -660

FREEZE DATES
RECORD
 EARLIEST     MM
 LATEST       MM
EARLIEST                        MM
LATEST                          MM
.................................................................

WIND (MPH)
AVERAGE WIND SPEED              6.7
HIGHEST WIND SPEED/DIRECTION    38/310    DATE  11/19
HIGHEST GUST SPEED/DIRECTION    48/310    DATE  11/19

SKY COVER
POSSIBLE SUNSHINE (PERCENT)   MM
AVERAGE SKY COVER           0.60
NUMBER OF DAYS FAIR            6
NUMBER OF DAYS PC             14
NUMBER OF DAYS CLOUDY         10

AVERAGE RH (PERCENT)     71

WEATHER CONDITIONS. NUMBER OF DAYS WITH
THUNDERSTORM              0     MIXED PRECIP               0
HEAVY RAIN                0     RAIN                       1
LIGHT RAIN               12     FREEZING RAIN              0
LT FREEZING RAIN          0     HAIL                       0
HEAVY SNOW                0     SNOW                       2
LIGHT SNOW                3     SLEET                      1
FOG                      16     FOG W/VIS <= 1/4 MILE      1
HAZE                      6

-  INDICATES NEGATIVE NUMBERS.
R  INDICATES RECORD WAS SET OR TIED.
MM INDICATES DATA IS MISSING.
T  INDICATES TRACE AMOUNT.

$$
