000
CXUS53 KAPX 011223
CLMTVC


CLIMATE REPORT
NATIONAL WEATHER SERVICE GAYLORD MI
823 AM EDT TUE APR 1 2014

...................................

...THE TRAVERSE CITY MI CLIMATE SUMMARY FOR THE MONTH OF MARCH 2014...

CLIMATE NORMAL PERIOD 1981 TO 2010
CLIMATE RECORD PERIOD 1896 TO 2014

WEATHER         OBSERVED          NORMAL  DEPART  LAST YEAR`S
                 VALUE   DATE(S)  VALUE   FROM    VALUE  DATE(S)
                                          NORMAL
................................................................
TEMPERATURE (F)
RECORD
 HIGH              87   03/21/2012
 LOW              -30   03/03/1943
HIGHEST            59   03/31        MM      MM       51  03/30
LOWEST            -18   03/03        MM      MM        6  03/05
AVG. MAXIMUM     32.7              39.9    -7.2     35.8
AVG. MINIMUM     10.9              21.6   -10.7     22.0
MEAN             21.8              30.8    -9.0     28.9
DAYS MAX >= 90      0               0.0     0.0        0
DAYS MAX <= 32     16               7.2     8.8       13
DAYS MIN <= 32     31              26.3     4.7       30
DAYS MIN <= 0       7               1.5     5.5        0

PRECIPITATION (INCHES)
RECORD
 MAXIMUM           MM   MM
 MINIMUM           MM   MM
TOTALS           0.92              1.86   -0.94     1.57
DAILY AVG.       0.03              0.06   -0.03     0.05
DAYS >= .01         8              11.5    -3.5       12
DAYS >= .10         4               5.0    -1.0        3
DAYS >= .50         0               0.9    -0.9        1
DAYS >= 1.00        0               0.1    -0.1        0
GREATEST
 24 HR. TOTAL    0.47   03/27 TO 03/27
 STORM TOTAL       MM
 (MM/DD(HH))            MM

SNOWFALL (INCHES)
RECORDS
 TOTAL             MM   MM
TOTALS             MM              10.7      MM      0.0
SINCE 7/1          MM              98.7      MM      0.0
SNOWDEPTH AVG.     MM                 4      MM       MM
DAYS >= TRACE       0               7.2    -7.2        0
DAYS >= 1.0         0               3.5    -3.5        0
GREATEST
 SNOW DEPTH        MM                                 MM  MM
 24 HR TOTAL       MM                                0.0

DEGREE_DAYS
HEATING TOTAL    1331              1062     269
 SINCE 7/1       7053              6402     651
COOLING TOTAL       0                 0       0
 SINCE 1/1          0                 0       0

FREEZE DATES
RECORD
 EARLIEST     MM
 LATEST       MM
EARLIEST      03/01             MM
LATEST                          MM
.................................................................

WIND (MPH)
AVERAGE WIND SPEED              6.6
HIGHEST WIND SPEED/DIRECTION    23/320    DATE  03/15
HIGHEST GUST SPEED/DIRECTION    32/330    DATE  03/15

SKY COVER
POSSIBLE SUNSHINE (PERCENT)   MM
AVERAGE SKY COVER           0.60
NUMBER OF DAYS FAIR            7
NUMBER OF DAYS PC             17
NUMBER OF DAYS CLOUDY          7

AVERAGE RH (PERCENT)     67

WEATHER CONDITIONS. NUMBER OF DAYS WITH
THUNDERSTORM              0     MIXED PRECIP               0
HEAVY RAIN                0     RAIN                       1
LIGHT RAIN                5     FREEZING RAIN              0
LT FREEZING RAIN          0     HAIL                       0
HEAVY SNOW                1     SNOW                       4
LIGHT SNOW               17     SLEET                      1
FOG                      11     FOG W/VIS <= 1/4 MILE      0
HAZE                      8

-  INDICATES NEGATIVE NUMBERS.
R  INDICATES RECORD WAS SET OR TIED.
MM INDICATES DATA IS MISSING.
T  INDICATES TRACE AMOUNT.

$$
