000
CXUS55 KREV 010914
CLMTVL

RNOCLMTVL 000
TTAA00 KREV 010904


CLIMATE REPORT
NATIONAL WEATHER SERVICE RENO NV
101 AM PST MON DEC 1 2014

...................................

...THE SOUTH LAKE TAHOE CA CLIMATE SUMMARY FOR THE MONTH OF NOVEMBER 2014...

THE AVERAGE TEMPERATURE FOR NOVEMBER 2014 AT SOUTH LAKE TAHOE WAS
42.2 DEGREES.  THIS IS 5.9 DEGREES ABOVE NORMAL.  THE WARMEST
TEMPERATURE FOR THE MONTH WAS 69 DEGREES WHICH WAS RECORDED ON BOTH
THE 9TH AND 10TH.  THE LOWEST READING FOR NOVEMBER WAS 17 DEGREES
WHICH OCCURRED ON THE 17TH.

FOR NOVEMBER 2014 SOUTH LAKE TAHOE RECORDED A TOTAL OF 1.02 INCHES
OF PRECIPITATION.  THIS IS 2.22 INCHES BELOW NORMAL.  A TOTAL OF 2.5
INCHES OF SNOWFALL WAS REPORTED FOR NOVEMBER.

THE AVERAGE WIND SPEED FOR THE MONTH WAS 4.9 MPH.  THE HIGHEST WIND
GUST FOR THE MONTH WAS 44 MPH FROM THE SOUTH WHICH OCCURRED ON THE
28TH.

CLIMATE NORMAL PERIOD 1981 TO 2010
CLIMATE RECORD PERIOD 1968 TO 2014

WEATHER         OBSERVED          NORMAL  DEPART
                 VALUE   DATE(S)  VALUE   FROM
                                          NORMAL
................................................
TEMPERATURE (F)
RECORD
 HIGH              70   11/07/1999
                        11/18/1995
 LOW               -6   11/29/1975
HIGHEST            69   11/10        70      -1
                        11/09
LOWEST             17   11/17        -6      23
AVG. MAXIMUM     56.2              50.5     5.7
AVG. MINIMUM     28.2              22.1     6.1
MEAN             42.2              36.3     5.9
DAYS MAX >= 90      0               0.0     0.0
DAYS MAX <= 32      0               0.6    -0.6
DAYS MIN <= 32     25              26.9    -1.9
DAYS MIN <= 0       0               0.4    -0.4

PRECIPITATION (INCHES)
RECORD
 MAXIMUM           MM   MM
 MINIMUM           MM   MM
TOTALS           1.02              3.24   -2.22
DAILY AVG.       0.03              0.11   -0.08
DAYS >= .01         7                MM      MM
DAYS >= .10         4                MM      MM
DAYS >= .50         0                MM      MM
DAYS >= 1.00        0                MM      MM
GREATEST
 24 HR. TOTAL    0.44   11/22 TO 11/22
                        11/21 TO 11/22
                        11/22 TO 11/22
 STORM TOTAL       MM
 (MM/DD(HH))            MM

SNOWFALL (INCHES)
 LIQUID EQUIV    0.25                MM      MM
 LIQUID 7/1      0.25
GREATEST
 SNOW DEPTH         T   11/29

DEGREE_DAYS
HEATING TOTAL     677               861    -184
 SINCE 7/1       1438              2093    -655
COOLING TOTAL       0                 0       0
 SINCE 1/1         99                31      68

FREEZE DATES
RECORD
 EARLIEST     MM
 LATEST       MM
EARLIEST                        09/16
LATEST                          05/18
.................................................

WIND (MPH)
AVERAGE WIND SPEED              4.9
HIGHEST WIND SPEED/DIRECTION    28/200    DATE  11/28
HIGHEST GUST SPEED/DIRECTION    44/190    DATE  11/28

AVERAGE RH (PERCENT)     51

WEATHER CONDITIONS. NUMBER OF DAYS WITH
THUNDERSTORM              0     MIXED PRECIP               0
HEAVY RAIN                0     RAIN                       3
LIGHT RAIN                8     FREEZING RAIN              0
LT FREEZING RAIN          0     HAIL                       0
HEAVY SNOW                0     SNOW                       1
LIGHT SNOW                4     SLEET                      0
FOG                       5     FOG W/VIS <= 1/4 MILE      2
HAZE                      5

-  INDICATES NEGATIVE NUMBERS.
R  INDICATES RECORD WAS SET OR TIED.
MM INDICATES DATA IS MISSING.
T  INDICATES TRACE AMOUNT.

$$
