000
CXUS55 KREV 030849
CLMTVL

RNOCLMTVL 000
TTAA00 KREV 020028


CLIMATE REPORT
NATIONAL WEATHER SERVICE RENO NV
528 PM PDT WED OCT 1 2014

...................................

...THE SOUTH LAKE TAHOE CA CLIMATE SUMMARY FOR THE MONTH OF SEPTEMBER 2014...

THE AVERAGE TEMPERATURE FOR SEPTEMBER 2014 AT SOUTH LAKE TAHOE WAS
57.8 DEGREES.  THIS IS 3.8 DEGREES ABOVE NORMAL.  THE WARMEST
TEMPERATURE FOR THE MONTH WAS 85 DEGREES WHICH WAS RECORDED ON THE
1ST.  THE LOWEST READING FOR SEPTEMBER WAS 33 DEGREES WHICH OCCURRED
ON THE 29TH.

FOR SEPTEMBER 2014 SOUTH LAKE TAHOE RECORDED A TOTAL OF 1.83 INCHES OF
PRECIPITATION.  THIS IS 1.16 INCHES ABOVE NORMAL.

THE AVERAGE WIND SPEED FOR THE MONTH WAS 4.7 MPH.  THE HIGHEST WIND
GUST FOR THE MONTH WAS 51 MPH FROM THE SOUTH WHICH OCCURRED ON THE
25TH.

CLIMATE NORMAL PERIOD 1981 TO 2010
CLIMATE RECORD PERIOD 1968 TO 2014

WEATHER         OBSERVED          NORMAL  DEPART
                 VALUE   DATE(S)  VALUE   FROM
                                          NORMAL
................................................
TEMPERATURE (F)
RECORD
 HIGH              94   09/05/1988
                        09/04/1988
 LOW               19   09/25/1984
HIGHEST            85   09/01        94      -9
LOWEST             33   09/29        19      14
AVG. MAXIMUM     75.3              73.6     1.7
AVG. MINIMUM     40.3              34.5     5.8
MEAN             57.8              54.0     3.8
DAYS MAX >= 90      0               0.1    -0.1
DAYS MAX <= 32      0               0.0     0.0
DAYS MIN <= 32      0              10.9   -10.9
DAYS MIN <= 0       0               0.0     0.0

PRECIPITATION (INCHES)
RECORD
 MAXIMUM           MM   MM
 MINIMUM           MM   MM
TOTALS           1.83              0.67    1.16
DAILY AVG.       0.06              0.02    0.04
DAYS >= .01         6                MM      MM
DAYS >= .10         4                MM      MM
DAYS >= .50         2                MM      MM
DAYS >= 1.00        0                MM      MM
GREATEST
 24 HR. TOTAL    1.29   09/26 TO 09/27
 STORM TOTAL       MM
 (MM/DD(HH))            MM

SNOWFALL (INCHES)
 LIQUID EQUIV    0.00                MM      MM
 LIQUID 7/1      0.00
GREATEST
 SNOW DEPTH         0   MM

DEGREE_DAYS
HEATING TOTAL     211               330    -119
 SINCE 7/1        314               626    -312
COOLING TOTAL       3                 1       2
 SINCE 1/1         99                31      68

FREEZE DATES
RECORD
 EARLIEST     MM
 LATEST       MM
EARLIEST                        09/16
LATEST                          05/18
.................................................

WIND (MPH)
AVERAGE WIND SPEED              4.7
HIGHEST WIND SPEED/DIRECTION    38/190    DATE  09/25
HIGHEST GUST SPEED/DIRECTION    51/190    DATE  09/25

AVERAGE RH (PERCENT)     48

WEATHER CONDITIONS. NUMBER OF DAYS WITH
THUNDERSTORM              1     MIXED PRECIP               0
HEAVY RAIN                2     RAIN                       4
LIGHT RAIN                8     FREEZING RAIN              0
LT FREEZING RAIN          0     HAIL                       0
HEAVY SNOW                0     SNOW                       0
LIGHT SNOW                0     SLEET                      0
FOG                       4     FOG W/VIS <= 1/4 MILE      1
HAZE                      4

-  INDICATES NEGATIVE NUMBERS.
R  INDICATES RECORD WAS SET OR TIED.
MM INDICATES DATA IS MISSING.
T  INDICATES TRACE AMOUNT.

$$
