000
CXUS55 KREV 010919
CLMTVL

CLIMATE REPORT
NATIONAL WEATHER SERVICE RENO NV
212 AM PDT WED NOV 1 2017

...................................

...THE SOUTH LAKE TAHOE CA CLIMATE SUMMARY FOR THE MONTH OF OCTOBER
2017...

THE AVERAGE TEMPERATURE FOR OCTOBER 2017 AT SOUTH LAKE TAHOE WAS
44.7 DEGREES WHICH IS 0.8 DEGREES BELOW NORMAL. THE HIGHEST
TEMPERATURE FOR OCTOBER WAS 73 DEGREES WHICH OCCURRED ON THE 7TH.
THE LOWEST TEMPERATURE FOR THE MONTH WAS 20 DEGREES WHICH WAS
RECORDED ON THE 13TH.

FOR OCTOBER 2017 0.47 INCHES OF PRECIPITATION WERE RECORDED AT SOUTH
LAKE TAHOE. THIS IS 1.33 INCHES BELOW NORMAL.

THE AVERAGE WIND SPEED FOR THE MONTH WAS 3.6 MPH. THE PEAK WIND GUST
FOR THE MONTH WAS 48 MPH FROM THE SOUTH WHICH OCCURRED ON THE 19TH.

CLIMATE NORMAL PERIOD 1981 TO 2010
CLIMATE RECORD PERIOD 1968 TO 2017

WEATHER         OBSERVED          NORMAL  DEPART
                 VALUE   DATE(S)  VALUE   FROM
                                          NORMAL
................................................
TEMPERATURE (F)
RECORD
 HIGH              84   10/02/1988
 LOW               11   10/28/2004
                        10/29/1971
HIGHEST            73   10/07        84     -11
LOWEST             20   10/13        11       9
AVG. MAXIMUM     63.1              62.8     0.3
AVG. MINIMUM     26.3              28.1    -1.8
MEAN             44.7              45.5    -0.8
DAYS MAX >= 90      0               0.0     0.0
DAYS MAX <= 32      0               0.0     0.0
DAYS MIN <= 32     31              24.7     6.3
DAYS MIN <= 0       0               0.0     0.0

PRECIPITATION (INCHES)
RECORD
 MAXIMUM           MM   MM
 MINIMUM           MM   MM
TOTALS           0.47              1.80   -1.33
DAILY AVG.       0.02              0.06   -0.04
DAYS >= .01         2                MM      MM
DAYS >= .10         1                MM      MM
DAYS >= .50         0                MM      MM
DAYS >= 1.00        0                MM      MM
GREATEST
 24 HR. TOTAL    0.45   10/20 TO 10/20
 STORM TOTAL       MM
 (MM/DD(HH))            MM

SNOWFALL (INCHES)
 LIQUID EQUIV    0.00                MM      MM
 LIQUID 7/1        MM
GREATEST
 SNOW DEPTH         0   MM

DEGREE_DAYS
HEATING TOTAL     622               606      16
 SINCE 7/1       1066              1232    -166
COOLING TOTAL       0                 0       0
 SINCE 1/1         81                31      50

FREEZE DATES
RECORD
 EARLIEST     MM
 LATEST       MM
EARLIEST                        09/16
LATEST                          05/18
.................................................

WIND (MPH)
AVERAGE WIND SPEED              3.6
HIGHEST WIND SPEED/DIRECTION    33/200    DATE  10/19
HIGHEST GUST SPEED/DIRECTION    48/180    DATE  10/19

AVERAGE RH (PERCENT)     54

WEATHER CONDITIONS. NUMBER OF DAYS WITH
THUNDERSTORM              0     MIXED PRECIP               0
HEAVY RAIN                1     RAIN                       1
LIGHT RAIN                2     FREEZING RAIN              0
LT FREEZING RAIN          0     HAIL                       0
HEAVY SNOW                0     SNOW                       0
LIGHT SNOW                1     SLEET                      0
FOG                       1     FOG W/VIS <= 1/4 MILE      0
HAZE                      3

-  INDICATES NEGATIVE NUMBERS.
R  INDICATES RECORD WAS SET OR TIED.
MM INDICATES DATA IS MISSING.
T  INDICATES TRACE AMOUNT.

$$
