000
CXUS54 KJAN 011606
CLMTVR


CLIMATE REPORT
NATIONAL WEATHER SERVICE JACKSON MS
1104 AM CDT TUE JUL 1 2014

...................................

...THE VICKSBURG CLIMATE SUMMARY FOR THE MONTH OF JUNE 2014...

CLIMATE NORMAL PERIOD 1981 TO 2010
CLIMATE RECORD PERIOD 1948 TO 2014

WEATHER         OBSERVED          NORMAL  DEPART  LAST YEAR`S
                 VALUE   DATE(S)  VALUE   FROM    VALUE
                                          NORMAL
.............................................................
TEMPERATURE (F)
RECORD
 HIGH             102   06/28/2009
 LOW               47   06/03/1956
HIGHEST            92   06/22        MM      MM       94
                        06/21
                        06/20
LOWEST             62   06/12        MM      MM       62
AVG. MAXIMUM     88.5              89.8    -1.3     89.9
AVG. MINIMUM     69.3              68.1     1.2     69.1
MEAN             78.9              78.9     0.0     79.5
DAYS MAX >= 90     13              15.4    -2.4       19
DAYS MAX <= 32      0               0.0     0.0        0
DAYS MIN <= 32      0               0.0     0.0        0
DAYS MIN <= 0       0               0.0     0.0        0

PRECIPITATION (INCHES)
RECORD
 MAXIMUM        12.53   2004
 MINIMUM         0.44   1952
TOTALS           6.55              3.99    2.56     5.33
DAILY AVG.       0.22              0.13    0.09     0.18
DAYS >= .01        13                MM      MM       10
DAYS >= .10        12                MM      MM        8
DAYS >= .50         6                MM      MM        4
DAYS >= 1.00        1                MM      MM        2
GREATEST
 24 HR. TOTAL    1.97   06/09 TO 06/10              3.09

SNOWFALL (INCHES)
TOTALS            0.0

DEGREE_DAYS
HEATING TOTAL       0                 0       0        0
 SINCE 7/1       2890              2351     539     2332
COOLING TOTAL     424               418       6      441
 SINCE 1/1        774               788     -14      771
..............................................................

WIND (MPH)
AVERAGE WIND SPEED              4.4
HIGHEST WIND SPEED/DIRECTION    29/140    DATE  06/01
HIGHEST GUST SPEED/DIRECTION    43/220    DATE  06/22

SKY COVER
POSSIBLE SUNSHINE (PERCENT)   MM
AVERAGE SKY COVER           0.30
NUMBER OF DAYS FAIR           21
NUMBER OF DAYS PC              9
NUMBER OF DAYS CLOUDY          0

AVERAGE RH (PERCENT)     77

WEATHER CONDITIONS. NUMBER OF DAYS WITH
THUNDERSTORM              2     MIXED PRECIP               0
HEAVY RAIN               11     RAIN                       8
LIGHT RAIN               16     FREEZING RAIN              0
LT FREEZING RAIN          0     HAIL                       0
HEAVY SNOW                0     SNOW                       0
LIGHT SNOW                0     SLEET                      0
FOG                      29     FOG W/VIS <= 1/4 MILE      3
HAZE                      0

-  INDICATES NEGATIVE NUMBERS.
R  INDICATES RECORD WAS SET OR TIED.
MM INDICATES DATA IS MISSING.
T  INDICATES TRACE AMOUNT.

$$
