000
CXUS54 KJAN 011916
CLMTVR


CLIMATE REPORT
NATIONAL WEATHER SERVICE JACKSON MS
213 PM CDT SUN MAY 1 2016

...................................

...THE VICKSBURG CLIMATE SUMMARY FOR THE MONTH OF APRIL 2016...

CLIMATE NORMAL PERIOD 1981 TO 2010
CLIMATE RECORD PERIOD 1948 TO 2016

WEATHER         OBSERVED          NORMAL  DEPART  LAST YEAR`S
                 VALUE   DATE(S)  VALUE   FROM    VALUE
                                          NORMAL
.............................................................
TEMPERATURE (F)
RECORD
 HIGH              92   04/19/2006
                        04/28/2002
                        04/25/1999
 LOW               28   04/04/1987
                        04/15/1950
HIGHEST            91   04/28        MM      MM       88
LOWEST             47   04/09        MM      MM       44
                        04/03
AVG. MAXIMUM     77.3              76.0     1.3     77.3
AVG. MINIMUM     60.2              53.1     7.1     58.4
MEAN             68.8              64.5     4.3     67.8
DAYS MAX >= 90      1               0.4     0.6        0
DAYS MAX <= 32      0               0.0     0.0        0
DAYS MIN <= 32      0               0.1    -0.1        0
DAYS MIN <= 0       0               0.0     0.0        0

PRECIPITATION (INCHES)
RECORD
 MAXIMUM        17.16   1991
 MINIMUM         0.59   1981
TOTALS          10.44              4.97    5.47     6.04
DAILY AVG.       0.35              0.17    0.18     0.20
DAYS >= .01         9                MM      MM       17
DAYS >= .10         5                MM      MM        9
DAYS >= .50         5                MM      MM        6
DAYS >= 1.00        2                MM      MM        2
GREATEST
 24 HR. TOTAL    5.37   04/10 TO 04/11              2.14

SNOWFALL (INCHES)
TOTALS            0.0

DEGREE_DAYS
HEATING TOTAL      21               100     -79       38
 SINCE 7/1       1507              2341    -834     2519
COOLING TOTAL     141                86      55      132
 SINCE 1/1        228               118     110      154
..............................................................

WIND (MPH)
AVERAGE WIND SPEED              7.0
HIGHEST WIND SPEED/DIRECTION    26/010    DATE  04/01
HIGHEST GUST SPEED/DIRECTION    33/180    DATE  04/29

SKY COVER
POSSIBLE SUNSHINE (PERCENT)   MM
AVERAGE SKY COVER           0.40
NUMBER OF DAYS FAIR           16
NUMBER OF DAYS PC              8
NUMBER OF DAYS CLOUDY          6

AVERAGE RH (PERCENT)     69

WEATHER CONDITIONS. NUMBER OF DAYS WITH
THUNDERSTORM              6     MIXED PRECIP               0
HEAVY RAIN                6     RAIN                       8
LIGHT RAIN               13     FREEZING RAIN              0
LT FREEZING RAIN          0     HAIL                       0
HEAVY SNOW                0     SNOW                       0
LIGHT SNOW                0     SLEET                      0
FOG                      13     FOG W/VIS <= 1/4 MILE      1
HAZE                      0

-  INDICATES NEGATIVE NUMBERS.
R  INDICATES RECORD WAS SET OR TIED.
MM INDICATES DATA IS MISSING.
T  INDICATES TRACE AMOUNT.

$$
