000
CXUS54 KJAN 012236
CLMTVR


CLIMATE REPORT
NATIONAL WEATHER SERVICE JACKSON MS
532 PM CDT SAT AUG 1 2015

...................................

...THE VICKSBURG CLIMATE SUMMARY FOR THE MONTH OF JULY 2015...

CLIMATE NORMAL PERIOD 1981 TO 2010
CLIMATE RECORD PERIOD 1948 TO 2015

WEATHER         OBSERVED          NORMAL  DEPART  LAST YEAR`S
                 VALUE   DATE(S)  VALUE   FROM    VALUE
                                          NORMAL
.............................................................
TEMPERATURE (F)
RECORD
 HIGH             104   07/16/1954
 LOW               54   07/15/1967
HIGHEST           100   07/30        MM      MM       94
                        07/25
LOWEST             68   07/06        MM      MM       58
                        07/05
AVG. MAXIMUM     94.1              92.0     2.1     88.7
AVG. MINIMUM     73.6              70.9     2.7     67.0
MEAN             83.8              81.4     2.4     77.9
DAYS MAX >= 90     28              22.1     5.9       18
DAYS MAX <= 32      0               0.0     0.0        0
DAYS MIN <= 32      0               0.0     0.0        0
DAYS MIN <= 0       0               0.0     0.0        0

PRECIPITATION (INCHES)
RECORD
 MAXIMUM         8.88   2009
 MINIMUM         0.05   2008
TOTALS           1.72              3.63   -1.91     2.93
DAILY AVG.       0.06              0.12   -0.06     0.09
DAYS >= .01         5                MM      MM       10
DAYS >= .10         4                MM      MM        4
DAYS >= .50         2                MM      MM        2
DAYS >= 1.00        0                MM      MM        2
GREATEST
 24 HR. TOTAL    0.65   07/04 TO 07/05              1.27

SNOWFALL (INCHES)
TOTALS            0.0

DEGREE_DAYS
HEATING TOTAL       0                 0       0        0
 SINCE 7/1          0                 0       0        0
COOLING TOTAL     593               510      83      407
 SINCE 1/1       1523              1298     225     1181
..............................................................

WIND (MPH)
AVERAGE WIND SPEED              3.7
HIGHEST WIND SPEED/DIRECTION    33/360    DATE  07/25
HIGHEST GUST SPEED/DIRECTION    47/360    DATE  07/25

SKY COVER
POSSIBLE SUNSHINE (PERCENT)   MM
AVERAGE SKY COVER           0.10
NUMBER OF DAYS FAIR           30
NUMBER OF DAYS PC              1
NUMBER OF DAYS CLOUDY          0

AVERAGE RH (PERCENT)     72

WEATHER CONDITIONS. NUMBER OF DAYS WITH
THUNDERSTORM              7     MIXED PRECIP               0
HEAVY RAIN                4     RAIN                       2
LIGHT RAIN                5     FREEZING RAIN              0
LT FREEZING RAIN          0     HAIL                       0
HEAVY SNOW                0     SNOW                       0
LIGHT SNOW                0     SLEET                      0
FOG                      22     FOG W/VIS <= 1/4 MILE      2
HAZE                      1

-  INDICATES NEGATIVE NUMBERS.
R  INDICATES RECORD WAS SET OR TIED.
MM INDICATES DATA IS MISSING.
T  INDICATES TRACE AMOUNT.

$$
