000
CXUS54 KJAN 020316
CLMTVR


CLIMATE REPORT
NATIONAL WEATHER SERVICE JACKSON MS
915 PM CST SUN FEB 1 2015

...................................

...THE VICKSBURG CLIMATE SUMMARY FOR THE MONTH OF JANUARY 2015...

CLIMATE NORMAL PERIOD 1981 TO 2010
CLIMATE RECORD PERIOD 1948 TO 2015

WEATHER         OBSERVED          NORMAL  DEPART  LAST YEAR`S
                 VALUE   DATE(S)  VALUE   FROM    VALUE
                                          NORMAL
.............................................................
TEMPERATURE (F)
RECORD
 HIGH              82   01/31/2002
                        01/23/2002
 LOW               -2   01/24/1948
HIGHEST            75   01/29         0      75       70
LOWEST             15   01/08         0      15        9
AVG. MAXIMUM     55.4              55.7    -0.3     54.4
AVG. MINIMUM     33.7              35.3    -1.6     25.5
MEAN             44.5              45.5    -1.0     40.0
DAYS MAX >= 90      0               0.0     0.0        0
DAYS MAX <= 32      0               0.7    -0.7        2
DAYS MIN <= 32     14              13.4     0.6       26
DAYS MIN <= 0       0               0.0     0.0        0

PRECIPITATION (INCHES)
RECORD
 MAXIMUM        15.69   1974
 MINIMUM         0.92   2003
TOTALS           5.57              5.07    0.50     2.26
DAILY AVG.       0.18              0.16    0.02     0.07
DAYS >= .01         8                MM      MM        6
DAYS >= .10         6                MM      MM        6
DAYS >= .50         4                MM      MM        1
DAYS >= 1.00        2                MM      MM        1
GREATEST
 24 HR. TOTAL    1.95   01/01 TO 01/02              1.29

SNOWFALL (INCHES)
TOTALS            0.0

DEGREE_DAYS
HEATING TOTAL     627               607      20      768
 SINCE 7/1       1627              1544      83     1893
COOLING TOTAL       0                 3      -3        0
 SINCE 1/1          0                 0       0        0
..............................................................

WIND (MPH)
AVERAGE WIND SPEED              7.2
HIGHEST WIND SPEED/DIRECTION    33/020    DATE  01/07
HIGHEST GUST SPEED/DIRECTION    39/010    DATE  01/07

SKY COVER
POSSIBLE SUNSHINE (PERCENT)   MM
AVERAGE SKY COVER           0.40
NUMBER OF DAYS FAIR           18
NUMBER OF DAYS PC              4
NUMBER OF DAYS CLOUDY          9

AVERAGE RH (PERCENT)     69

WEATHER CONDITIONS. NUMBER OF DAYS WITH
THUNDERSTORM              1     MIXED PRECIP               0
HEAVY RAIN                6     RAIN                       7
LIGHT RAIN                8     FREEZING RAIN              0
LT FREEZING RAIN          0     HAIL                       0
HEAVY SNOW                0     SNOW                       0
LIGHT SNOW                0     SLEET                      0
FOG                      15     FOG W/VIS <= 1/4 MILE      1
HAZE                      0

-  INDICATES NEGATIVE NUMBERS.
R  INDICATES RECORD WAS SET OR TIED.
MM INDICATES DATA IS MISSING.
T  INDICATES TRACE AMOUNT.

$$
