526
CXUS54 KMRX 011652
CLMTYS


CLIMATE REPORT
NATIONAL WEATHER SERVICE MORRISTOWN TN
1251 PM EDT FRI JUL 1 2016

...................................

...THE KNOXVILLE    ASOS CLIMATE SUMMARY FOR THE MONTH OF JUNE 2016...

CLIMATE NORMAL PERIOD 1981 TO 2010
CLIMATE RECORD PERIOD 1871 TO 2016

WEATHER         OBSERVED          NORMAL  DEPART
                 VALUE   DATE(S)  VALUE   FROM
                                          NORMAL
................................................
TEMPERATURE (F)
HIGHEST            95   06/23
LOWEST             56   06/09
AVG. MAXIMUM     88.8              85.4     3.4
AVG. MINIMUM     67.2              64.7     2.5
MEAN             78.0              75.0     3.0
DAYS MAX >= 90     13
DAYS MAX <= 32      0
DAYS MIN <= 32      0
DAYS MIN <= 0       0

PRECIPITATION (INCHES)
RECORD
 MAXIMUM        11.83   1928
 MINIMUM         0.20   1944
TOTALS           4.43              3.81    0.62
DAYS >= .01         9
DAYS >= .10         7
DAYS >= .50         4
DAYS >= 1.00        2
GREATEST
 24 HR. TOTAL    1.77   06/04 TO 06/05

SNOWFALL (INCHES)
TOTALS            0.0               0.0     0.0
SINCE 7/1         5.2
SNOWDEPTH AVG.      0
DAYS >= TRACE       0
GREATEST
 SNOW DEPTH         0   MM

DEGREE_DAYS
HEATING TOTAL       0                 4      -4
 SINCE 7/1       2955              3637    -682
COOLING TOTAL     399               305      94
 SINCE 1/1        610               467     143
.................................................



-  INDICATES NEGATIVE NUMBERS.
R  INDICATES RECORD WAS SET OR TIED.
MM INDICATES DATA IS MISSING.
T  INDICATES TRACE AMOUNT.

$$
