833
CXUS54 KMRX 011826 RRA
CLMTYS

CLIMATE REPORT
NATIONAL WEATHER SERVICE MORRISTOWN TN
123 PM EST MON FEB 1 2016

...................................

...THE KNOXVILLE    ASOS CLIMATE SUMMARY FOR THE MONTH OF JANUARY 2016...

CLIMATE NORMAL PERIOD 1981 TO 2010
CLIMATE RECORD PERIOD 1871 TO 2016

WEATHER         OBSERVED          NORMAL  DEPART
                 VALUE   DATE(S)  VALUE   FROM
                                          NORMAL
................................................
TEMPERATURE (F)
HIGHEST            65   01/31
                        01/30
LOWEST             13   01/19
AVG. MAXIMUM     45.0              47.3    -2.3
AVG. MINIMUM     26.7              29.2    -2.5
MEAN             35.9              38.2    -2.3
DAYS MAX >= 90      0
DAYS MAX <= 32      4
DAYS MIN <= 32     26
DAYS MIN <= 0       0

PRECIPITATION (INCHES)
RECORD
 MAXIMUM        16.98   1882
 MINIMUM         0.95   1986
TOTALS           2.77              4.32   -1.55
DAYS >= .01        11
DAYS >= .10         5
DAYS >= .50         2
DAYS >= 1.00        0
GREATEST
 24 HR. TOTAL    1.01   01/21 TO 01/22

SNOWFALL (INCHES)
TOTALS            2.6               2.7    -0.1
SINCE 7/1         2.6
SNOWDEPTH AVG.      0
DAYS >= TRACE       7
GREATEST
 SNOW DEPTH         2   01/20

DEGREE_DAYS
HEATING TOTAL     893               829      64
 SINCE 7/1       1786              2262    -476
COOLING TOTAL       0                 0       0
 SINCE 1/1          0                 0       0
.................................................



-  INDICATES NEGATIVE NUMBERS.
R  INDICATES RECORD WAS SET OR TIED.
MM INDICATES DATA IS MISSING.
T  INDICATES TRACE AMOUNT.

$$
