242
CXUS54 KMRX 012253
CLMTYS


CLIMATE REPORT
NATIONAL WEATHER SERVICE MORRISTOWN TN
553 PM EST THU DEC 1 2016

...................................

...THE KNOXVILLE    ASOS CLIMATE SUMMARY FOR THE MONTH OF NOVEMBER 2016...

CLIMATE NORMAL PERIOD 1981 TO 2010
CLIMATE RECORD PERIOD 1871 TO 2016

WEATHER         OBSERVED          NORMAL  DEPART
                 VALUE   DATE(S)  VALUE   FROM
                                          NORMAL
................................................
TEMPERATURE (F)
HIGHEST            85R  11/01
LOWEST             25   11/27
                        11/21
AVG. MAXIMUM     66.2              60.4     5.8
AVG. MINIMUM     40.7              39.0     1.7
MEAN             53.4              49.7     3.7
DAYS MAX >= 90      0
DAYS MAX <= 32      0
DAYS MIN <= 32      5
DAYS MIN <= 0       0

PRECIPITATION (INCHES)
RECORD
 MAXIMUM        10.36   1948
 MINIMUM         0.17   1890
TOTALS           5.78              4.01    1.77
DAYS >= .01         6
DAYS >= .10         4
DAYS >= .50         2
DAYS >= 1.00        1
GREATEST
 24 HR. TOTAL    4.88   11/29 TO 11/30

SNOWFALL (INCHES)
TOTALS            0.0                 T     0.0
SINCE 7/1         0.0
SNOWDEPTH AVG.      0
DAYS >= TRACE       0
GREATEST
 SNOW DEPTH         0   MM

DEGREE_DAYS
HEATING TOTAL     352               462    -110
 SINCE 7/1        404               681    -277
COOLING TOTAL      14                 3      11
 SINCE 1/1       2121              1526     595
.................................................



-  INDICATES NEGATIVE NUMBERS.
R  INDICATES RECORD WAS SET OR TIED.
MM INDICATES DATA IS MISSING.
T  INDICATES TRACE AMOUNT.

$$
