000
CXUS56 KPQR 011532
CLMUAO


CLIMATE REPORT
NATIONAL WEATHER SERVICE PORTLAND OREGON
831 AM PDT THU SEP 1 2016

...................................

...THE AURORA STATE OR CLIMATE SUMMARY FOR THE MONTH OF AUGUST 2016...

CLIMATE NORMAL PERIOD 1981 TO 2010
CLIMATE RECORD PERIOD 9999 TO 9999

WEATHER         OBSERVED          NORMAL  DEPART  LAST YEAR`S
                 VALUE   DATE(S)  VALUE   FROM    VALUE  DATE(S)
                                          NORMAL
................................................................
TEMPERATURE (F)
HIGHEST           101                                101  08/01
LOWEST             48                                 50  08/26
AVG. MAXIMUM     84.9              81.8     3.1     83.8
AVG. MINIMUM     55.9              54.7     1.2     56.3
MEAN             70.4              68.3     2.1     70.1
DAYS MAX >= 90     10               5.1     4.9        4
DAYS MAX <= 32      0               0.0     0.0        0
DAYS MIN <= 32      0               0.0     0.0        0
DAYS MIN <= 0       0               0.0     0.0        0

PRECIPITATION (INCHES)
RECORD
 MAXIMUM           MM   MM
 MINIMUM           MM   MM
TOTALS           0.06              0.66   -0.60     0.90
DAYS >= .01         2                MM      MM        3
DAYS >= .10         0                MM      MM        2
DAYS >= .50         0                MM      MM        1
DAYS >= 1.00        0                MM      MM        0
GREATEST
 24 HR. TOTAL    0.05   08/31 TO 08/31

DEGREE_DAYS
HEATING TOTAL      17                22      -5        1
 SINCE 7/1         31                47     -16        6
COOLING TOTAL     193               123      70      165
 SINCE 1/1        379               290      89      538
.................................................................

WIND (MPH)
AVERAGE WIND SPEED              5.4
RESULTANT WIND SPEED/DIRECTION   3/012
HIGHEST WIND SPEED/DIRECTION    21/010    DATE  08/19
HIGHEST GUST SPEED/DIRECTION    26/020    DATE  08/19

SKY COVER
POSSIBLE SUNSHINE (PERCENT)   MM
AVERAGE SKY COVER           0.20

AVERAGE RH (PERCENT)     58

WEATHER CONDITIONS. NUMBER OF DAYS WITH
THUNDERSTORM              0     MIXED PRECIP               0
HEAVY RAIN                0     RAIN                       1
LIGHT RAIN                2     FREEZING RAIN              0
LT FREEZING RAIN          0     HAIL                       0
HEAVY SNOW                0     SNOW                       0
LIGHT SNOW                0     SLEET                      0
FOG                       3     FOG W/VIS <= 1/4 MILE      0
HAZE                      5

-  INDICATES NEGATIVE NUMBERS.
R  INDICATES RECORD WAS SET OR TIED.
MM INDICATES DATA IS MISSING.
T  INDICATES TRACE AMOUNT.

$$
