000
CXUS56 KPQR 011707
CLMUAO


CLIMATE REPORT
NATIONAL WEATHER SERVICE PORTLAND OREGON
907 AM PST THU FEB 1 2018

...................................

...THE AURORA STATE OR CLIMATE SUMMARY FOR THE MONTH OF JANUARY 2018...

CLIMATE NORMAL PERIOD 1981 TO 2010
CLIMATE RECORD PERIOD 9999 TO 9999

WEATHER         OBSERVED          NORMAL  DEPART  LAST YEAR`S
                 VALUE   DATE(S)  VALUE   FROM    VALUE  DATE(S)
                                          NORMAL
................................................................
TEMPERATURE (F)
HIGHEST            63                                 55  01/18
LOWEST             27                                 16  01/06
AVG. MAXIMUM     52.2              47.6     4.6     42.0
AVG. MINIMUM     40.1              35.7     4.4     29.6
MEAN             46.1              41.6     4.5     35.8
DAYS MAX >= 90      0               0.0     0.0        0
DAYS MAX <= 32      0               0.2    -0.2        2
DAYS MIN <= 32      2               9.3    -7.3       20
DAYS MIN <= 0       0               0.0     0.0        0

PRECIPITATION (INCHES)
RECORD
 MAXIMUM           MM   MM
 MINIMUM           MM   MM
TOTALS           5.57              5.87   -0.30     4.30
DAYS >= .01        25                MM      MM       13
DAYS >= .10        15                MM      MM       10
DAYS >= .50         5                MM      MM        5
DAYS >= 1.00        0                MM      MM        0
GREATEST
 24 HR. TOTAL    0.83   01/11 TO 01/11

DEGREE_DAYS
HEATING TOTAL     577               724    -147      899
 SINCE 7/1       2231              2566    -335     2623
COOLING TOTAL       0                 0       0        0
 SINCE 1/1          0                 0       0        0
.................................................................

WIND (MPH)
AVERAGE WIND SPEED              6.6
RESULTANT WIND SPEED/DIRECTION   3/188
HIGHEST WIND SPEED/DIRECTION    28/180    DATE  01/25
HIGHEST GUST SPEED/DIRECTION    41/190    DATE  01/24

SKY COVER
POSSIBLE SUNSHINE (PERCENT)   MM
AVERAGE SKY COVER           0.70

AVERAGE RH (PERCENT)     81

WEATHER CONDITIONS. NUMBER OF DAYS WITH
THUNDERSTORM              0     MIXED PRECIP               0
HEAVY RAIN                0     RAIN                      14
LIGHT RAIN               25     FREEZING RAIN              0
LT FREEZING RAIN          0     HAIL                       0
HEAVY SNOW                0     SNOW                       0
LIGHT SNOW                0     SLEET                      0
FOG                      26     FOG W/VIS <= 1/4 MILE      3
HAZE                      0

-  INDICATES NEGATIVE NUMBERS.
R  INDICATES RECORD WAS SET OR TIED.
MM INDICATES DATA IS MISSING.
T  INDICATES TRACE AMOUNT.

$$
