000
CXUS53 KLOT 011328
CLMUGN


CLIMATE REPORT
NATIONAL WEATHER SERVICE CHICAGO IL
817 AM CDT SAT AUG 1 2015

...................................

...THE WAUKEGAN   CLIMATE SUMMARY FOR THE MONTH OF JULY 2015...

CLIMATE NORMAL PERIOD 1981 TO 2010
CLIMATE RECORD PERIOD 2000 TO 2015

WEATHER         OBSERVED          NORMAL  DEPART  LAST YEAR`S
                 VALUE   DATE(S)  VALUE   FROM    VALUE
                                          NORMAL
.............................................................
TEMPERATURE (F)
RECORD
 HIGH             104   07/05/2012
                        07/04/2012
                        12/25/2031
 LOW               35   07/30/2011
HIGHEST            89   07/17        MM      MM       89
LOWEST             45   07/02        MM      MM       49
AVG. MAXIMUM     78.0              80.3    -2.3     76.6
AVG. MINIMUM     58.5              62.2    -3.7     57.3
MEAN             68.3              71.3    -3.0     67.0

PRECIPITATION (INCHES)
RECORD
 MAXIMUM         7.81   2011
 MINIMUM         0.64   2002
TOTALS           4.29              3.88    0.41     1.15

DEGREE_DAYS
HEATING TOTAL      45                12      33       34
 SINCE 7/1         45                12      33       34
COOLING TOTAL     154               205     -51      101
 SINCE 1/1        233               335    -102      207
..............................................................

WIND (MPH)
AVERAGE WIND SPEED              5.6
HIGHEST WIND SPEED/DIRECTION    32/210    DATE  07/06
HIGHEST GUST SPEED/DIRECTION    41/220    DATE  07/06

AVERAGE RH (PERCENT)     75


-  INDICATES NEGATIVE NUMBERS.
R  INDICATES RECORD WAS SET OR TIED.
MM INDICATES DATA IS MISSING.
T  INDICATES TRACE AMOUNT.

$$
