000
CXUS53 KLOT 011246
CLMUGN


CLIMATE REPORT
NATIONAL WEATHER SERVICE CHICAGO IL
731 AM CDT FRI AUG 1 2014

...................................

...THE WAUKEGAN   CLIMATE SUMMARY FOR THE MONTH OF JULY 2014...

CLIMATE NORMAL PERIOD 1981 TO 2010
CLIMATE RECORD PERIOD 2000 TO 2014

WEATHER         OBSERVED          NORMAL  DEPART  LAST YEAR`S
                 VALUE   DATE(S)  VALUE   FROM    VALUE
                                          NORMAL
.............................................................
TEMPERATURE (F)
RECORD
 HIGH             104   07/05/2012
                        07/04/2012
                        12/25/2031
 LOW               35   07/30/2011
HIGHEST            89   07/22        MM      MM
LOWEST             49   07/17        MM      MM
AVG. MAXIMUM     76.6              80.3    -3.7     78.8
AVG. MINIMUM     57.3              62.2    -4.9     61.0
MEAN             67.0              71.3    -4.3

PRECIPITATION (INCHES)
RECORD
 MAXIMUM         7.81   2011
 MINIMUM         0.64   2002
TOTALS           1.15              3.88   -2.73

DEGREE_DAYS
HEATING TOTAL      34                12      22
COOLING TOTAL     101               205    -104
 SINCE 1/1        207               335    -128
..............................................................

WIND (MPH)
HIGHEST WIND SPEED/DIRECTION    26/350    DATE  07/29
HIGHEST GUST SPEED/DIRECTION    46/350    DATE  07/29



-  INDICATES NEGATIVE NUMBERS.
R  INDICATES RECORD WAS SET OR TIED.
MM INDICATES DATA IS MISSING.
T  INDICATES TRACE AMOUNT.

$$
