000
CXUS53 KLOT 011303
CLMUGN


CLIMATE REPORT
NATIONAL WEATHER SERVICE CHICAGO IL
659 AM CST MON FEB 1 2016

...................................

...THE WAUKEGAN   CLIMATE SUMMARY FOR THE MONTH OF JANUARY 2016...

CLIMATE NORMAL PERIOD 1981 TO 2010
CLIMATE RECORD PERIOD 2000 TO 2016

WEATHER         OBSERVED          NORMAL  DEPART  LAST YEAR`S
                 VALUE   DATE(S)  VALUE   FROM    VALUE
                                          NORMAL
.............................................................
TEMPERATURE (F)
RECORD
 HIGH              64   01/07/2008
 LOW              -19   01/16/2009
HIGHEST            45   01/30        MM      MM       43
LOWEST             -6   01/18        MM      MM       -9
AVG. MAXIMUM     30.3              30.5    -0.2     28.2
AVG. MINIMUM     16.4              15.5     0.9     14.2
MEAN             23.4              23.0     0.4     21.2

PRECIPITATION (INCHES)
RECORD
 MAXIMUM         5.24   2003
 MINIMUM         0.26   1999
TOTALS           0.63              1.39   -0.76     0.54

DEGREE_DAYS
HEATING TOTAL    1284              1302     -18     1351
 SINCE 7/1       3284              3851    -567     4061
COOLING TOTAL       0                 0       0        0
 SINCE 1/1          0                 0       0        0
..............................................................

WIND (MPH)
AVERAGE WIND SPEED              7.6
HIGHEST WIND SPEED/DIRECTION    29/210    DATE  01/27
HIGHEST GUST SPEED/DIRECTION    37/210    DATE  01/27

AVERAGE RH (PERCENT)     77


-  INDICATES NEGATIVE NUMBERS.
R  INDICATES RECORD WAS SET OR TIED.
MM INDICATES DATA IS MISSING.
T  INDICATES TRACE AMOUNT.

$$
