000
CXUS53 KLOT 011357
CLMUGN


CLIMATE REPORT
NATIONAL WEATHER SERVICE CHICAGO IL
837 AM CDT SUN MAY 1 2016

...................................

...THE WAUKEGAN   CLIMATE SUMMARY FOR THE MONTH OF APRIL 2016...

CLIMATE NORMAL PERIOD 1981 TO 2010
CLIMATE RECORD PERIOD 2000 TO 2016

WEATHER         OBSERVED          NORMAL  DEPART  LAST YEAR`S
                 VALUE   DATE(S)  VALUE   FROM    VALUE
                                          NORMAL
.............................................................
TEMPERATURE (F)
RECORD
 HIGH              89   04/18/2002
 LOW               19   04/05/2016
HIGHEST            82   04/25        MM      MM       76
LOWEST             19R  04/05        MM      MM       24
AVG. MAXIMUM     52.1              55.3    -3.2     56.2
AVG. MINIMUM     34.8              36.8    -2.0     34.9
MEAN             43.4              46.1    -2.7     45.6

PRECIPITATION (INCHES)
RECORD
 MAXIMUM         7.70   2013
 MINIMUM         1.08   2005
TOTALS           3.07              3.48   -0.41     4.24

DEGREE_DAYS
HEATING TOTAL     636               572      64      578
 SINCE 7/1       5758              6442    -684     7109
COOLING TOTAL       0                 4      -4        0
 SINCE 1/1          0                 4      -4        0
..............................................................

WIND (MPH)
AVERAGE WIND SPEED              8.7
HIGHEST WIND SPEED/DIRECTION    37/210    DATE  04/03
HIGHEST GUST SPEED/DIRECTION    47/220    DATE  04/03

AVERAGE RH (PERCENT)     73


-  INDICATES NEGATIVE NUMBERS.
R  INDICATES RECORD WAS SET OR TIED.
MM INDICATES DATA IS MISSING.
T  INDICATES TRACE AMOUNT.

$$
