000
CXUS56 KSEW 011700
CLMUIL


CLIMATE REPORT
NATIONAL WEATHER SERVICE SEATTLE WA
1000 AM PDT WED JUL 1 2015

...................................

...THE QUILLAYUTE WA AIRPORT CLIMATE SUMMARY FOR THE MONTH OF JUNE 2015...

CLIMATE NORMAL PERIOD 1981 TO 2010
CLIMATE RECORD PERIOD 1966 TO 2015

WEATHER         OBSERVED          NORMAL  DEPART  LAST YEAR`S
                 VALUE   DATE(S)  VALUE   FROM    VALUE  DATE(S)
                                          NORMAL
................................................................
TEMPERATURE (F)
RECORD
 HIGH              96   06/18/1982
 LOW               33   06/02/1976
                        06/01/1976
HIGHEST            94   06/27        MM      MM       76  06/30
LOWEST             41   06/13        MM      MM       40  06/21
AVG. MAXIMUM     69.4              63.1     6.3     63.6
AVG. MINIMUM     48.2              47.5     0.7     49.2
MEAN             58.8              55.3     3.5     56.4
DAYS MAX >= 90      1               0.1     0.9        0
DAYS MAX <= 32      0               0.0     0.0        0
DAYS MIN <= 32      0               0.0     0.0        0
DAYS MIN <= 0       0               0.0     0.0        0

PRECIPITATION (INCHES)
RECORD
 MAXIMUM         8.83   1997
 MINIMUM         0.40   1967
TOTALS           0.20R             3.50   -3.30     2.15
DAILY AVG.       0.01              0.12   -0.11     0.07
DAYS >= .01         5              14.4    -9.4       11
DAYS >= .10         0               7.6    -7.6        4
DAYS >= .50         0               2.1    -2.1        2
DAYS >= 1.00        0               0.6    -0.6        0
GREATEST
 24 HR. TOTAL    0.08   06/01 TO 06/02

DEGREE_DAYS
HEATING TOTAL     190               294    -104      249
 SINCE 7/1       4518              5762   -1244     4852
COOLING TOTAL      13                 3      10        0
 SINCE 1/1         13                 4       9        4
.................................................................

WIND (MPH)
AVERAGE WIND SPEED              5.2
HIGHEST WIND SPEED/DIRECTION    18/310    DATE  06/12
HIGHEST GUST SPEED/DIRECTION    26/140    DATE  06/28

SKY COVER
POSSIBLE SUNSHINE (PERCENT)   MM
AVERAGE SKY COVER           0.40
NUMBER OF DAYS FAIR           13
NUMBER OF DAYS PC             13
NUMBER OF DAYS CLOUDY          4

AVERAGE RH (PERCENT)     79

WEATHER CONDITIONS. NUMBER OF DAYS WITH
THUNDERSTORM              0     MIXED PRECIP               0
HEAVY RAIN                0     RAIN                       0
LIGHT RAIN                5     FREEZING RAIN              0
LT FREEZING RAIN          0     HAIL                       0
HEAVY SNOW                0     SNOW                       0
LIGHT SNOW                0     SLEET                      0
FOG                      30     FOG W/VIS <= 1/4 MILE      7
HAZE                      0

-  INDICATES NEGATIVE NUMBERS.
R  INDICATES RECORD WAS SET OR TIED.
MM INDICATES DATA IS MISSING.
T  INDICATES TRACE AMOUNT.

$$
