000
CXUS56 KSEW 011050
CLMUIL


CLIMATE REPORT
NATIONAL WEATHER SERVICE SEATTLE WA
250 AM PST MON DEC 1 2014

...................................

...THE QUILLAYUTE WA AIRPORT CLIMATE SUMMARY FOR THE MONTH OF NOVEMBER 2014...

CLIMATE NORMAL PERIOD 1981 TO 2010
CLIMATE RECORD PERIOD 1966 TO 2014

WEATHER         OBSERVED          NORMAL  DEPART  LAST YEAR`S
                 VALUE   DATE(S)  VALUE   FROM    VALUE  DATE(S)
                                          NORMAL
................................................................
TEMPERATURE (F)
RECORD
 HIGH              69   11/03/1976
 LOW                5   11/23/1985
HIGHEST            60   11/04        MM      MM       66  11/11
LOWEST             19   11/30        MM      MM       24  11/21
AVG. MAXIMUM     53.2              50.3     2.9     55.0
AVG. MINIMUM     37.2              38.1    -0.9     40.2
MEAN             45.2              44.2     1.0     47.6
DAYS MAX >= 90      0               0.0     0.0        0
DAYS MAX <= 32      0               0.3    -0.3        0
DAYS MIN <= 32      8               5.6     2.4        5
DAYS MIN <= 0       0               0.0     0.0        0

PRECIPITATION (INCHES)
RECORD
 MAXIMUM        29.14   1983
 MINIMUM         4.41   1976
TOTALS          13.18             15.52   -2.34     7.92
DAILY AVG.       0.44              0.52   -0.08     0.26
DAYS >= .01        17              22.8    -5.8       19
DAYS >= .10        15              18.6    -3.6       12
DAYS >= .50        10              10.5    -0.5        6
DAYS >= 1.00        3               5.0    -2.0        3
GREATEST
 24 HR. TOTAL    4.30   11/03 TO 11/04

DEGREE_DAYS
HEATING TOTAL     585               624     -39      517
 SINCE 7/1       1234              1714    -480     1196
COOLING TOTAL       0                 0       0        0
 SINCE 1/1         25                19       6       39
.................................................................

WIND (MPH)
AVERAGE WIND SPEED              6.7
HIGHEST WIND SPEED/DIRECTION    28/040    DATE  11/11
HIGHEST GUST SPEED/DIRECTION    39/050    DATE  11/11

SKY COVER
POSSIBLE SUNSHINE (PERCENT)   MM
AVERAGE SKY COVER           0.50
NUMBER OF DAYS FAIR           15
NUMBER OF DAYS PC              5
NUMBER OF DAYS CLOUDY         10

AVERAGE RH (PERCENT)     78

WEATHER CONDITIONS. NUMBER OF DAYS WITH
THUNDERSTORM              0     MIXED PRECIP               0
HEAVY RAIN                7     RAIN                      14
LIGHT RAIN               18     FREEZING RAIN              0
LT FREEZING RAIN          0     HAIL                       0
HEAVY SNOW                0     SNOW                       0
LIGHT SNOW                2     SLEET                      0
FOG                      25     FOG W/VIS <= 1/4 MILE      0
HAZE                      1

-  INDICATES NEGATIVE NUMBERS.
R  INDICATES RECORD WAS SET OR TIED.
MM INDICATES DATA IS MISSING.
T  INDICATES TRACE AMOUNT.

$$
