000
CXUS56 KSEW 011134
CLMUIL


CLIMATE REPORT
NATIONAL WEATHER SERVICE SEATTLE WA
434 AM PDT FRI JUL 1 2016

...................................

...THE QUILLAYUTE WA AIRPORT CLIMATE SUMMARY FOR THE MONTH OF JUNE 2016...

CLIMATE NORMAL PERIOD 1981 TO 2010
CLIMATE RECORD PERIOD 1966 TO 2016

WEATHER         OBSERVED          NORMAL  DEPART  LAST YEAR`S
                 VALUE   DATE(S)  VALUE   FROM    VALUE  DATE(S)
                                          NORMAL
................................................................
TEMPERATURE (F)
RECORD
 HIGH              96   06/18/1982
 LOW               33   06/02/1976
                        06/01/1976
HIGHEST            90   06/04        MM      MM       94  06/27
LOWEST             38   06/16        MM      MM       41  06/13
AVG. MAXIMUM     65.2              63.1     2.1     69.4
AVG. MINIMUM     48.3              47.5     0.8     48.2
MEAN             56.8              55.3     1.5     58.8
DAYS MAX >= 90      1               0.1     0.9        1
DAYS MAX <= 32      0               0.0     0.0        0
DAYS MIN <= 32      0               0.0     0.0        0
DAYS MIN <= 0       0               0.0     0.0        0

PRECIPITATION (INCHES)
RECORD
 MAXIMUM         8.83   1997
 MINIMUM         0.20   2015
TOTALS           3.52              3.50    0.02     0.20
DAILY AVG.       0.12              0.12    0.00     0.01
DAYS >= .01        15              14.4     0.6        5
DAYS >= .10        10               7.6     2.4        0
DAYS >= .50         2               2.1    -0.1        0
DAYS >= 1.00        0               0.6    -0.6        0
GREATEST
 24 HR. TOTAL    0.94   06/22 TO 06/23

DEGREE_DAYS
HEATING TOTAL     249               294     -45      190
 SINCE 7/1       4638              5762   -1124     4518
COOLING TOTAL      11                 3       8       13
 SINCE 1/1         11                 4       7       13
.................................................................

WIND (MPH)
AVERAGE WIND SPEED              4.9
HIGHEST WIND SPEED/DIRECTION    20/240    DATE  06/18
HIGHEST GUST SPEED/DIRECTION    24/090    DATE  06/10

SKY COVER
POSSIBLE SUNSHINE (PERCENT)   MM
AVERAGE SKY COVER           0.60
NUMBER OF DAYS FAIR            7
NUMBER OF DAYS PC             12
NUMBER OF DAYS CLOUDY         11

AVERAGE RH (PERCENT)     79

WEATHER CONDITIONS. NUMBER OF DAYS WITH
THUNDERSTORM              0     MIXED PRECIP               0
HEAVY RAIN                5     RAIN                      10
LIGHT RAIN               18     FREEZING RAIN              0
LT FREEZING RAIN          0     HAIL                       0
HEAVY SNOW                0     SNOW                       0
LIGHT SNOW                0     SLEET                      0
FOG                      20     FOG W/VIS <= 1/4 MILE      3
HAZE                      0

-  INDICATES NEGATIVE NUMBERS.
R  INDICATES RECORD WAS SET OR TIED.
MM INDICATES DATA IS MISSING.
T  INDICATES TRACE AMOUNT.

$$
