000
CXUS53 KLSX 220048 CCA
CLMUIN

CLIMATE REPORT
NATIONAL WEATHER SERVICE ST LOUIS MO
201 PM CDT FRI JUL 1 2016

...................................

...THE QUINCY IL CLIMATE SUMMARY FOR THE MONTH OF JUNE 2016...

CLIMATE NORMAL PERIOD 1981 TO 2010
CLIMATE RECORD PERIOD 1901 TO 2016

WEATHER         OBSERVED          NORMAL  DEPART  LAST YEAR`S
                 VALUE   DATE(S)  VALUE   FROM    VALUE
                                          NORMAL
.............................................................
TEMPERATURE (F)
RECORD
 HIGH             105   06/19/1936
 LOW               39   06/12/1903
HIGHEST            97   06/15                         92
LOWEST             52   06/08                         53
AVG. MAXIMUM     88.1              81.7     6.4     81.6
AVG. MINIMUM     65.3              62.4     2.9     64.5
MEAN             76.7              72.1     4.6     73.1
DAYS MAX >= 90     15               3.0    12.0        2
DAYS MAX <= 32      0               0.0     0.0        0
DAYS MIN <= 32      0               0.0     0.0        0
DAYS MIN <= 0       0               0.0     0.0        0

PRECIPITATION (INCHES)
RECORD
 MAXIMUM        12.46   1947
 MINIMUM         0.40   1963
TOTALS           1.02              3.99   -2.97     8.53
DAILY AVG.       0.03              0.13   -0.10     0.29
DAYS >= .01         6              10.1    -4.1       14
DAYS >= .10         4               6.6    -2.6       13
DAYS >= .50         0               2.9    -2.9        4
DAYS >= 1.00        0               1.0    -1.0        2
GREATEST
 24 HR. TOTAL    0.41   06/30

DEGREE_DAYS
HEATING TOTAL       0                16     -16        8
 SINCE 7/1       4592              5582    -990     5760
COOLING TOTAL     357               227     130      247
 SINCE 1/1        461               313     148      361
..............................................................

WIND (MPH)
HIGHEST WIND SPEED/DIRECTION    33/080    DATE  06/12
HIGHEST GUST SPEED/DIRECTION    42/080    DATE  06/12

SKY COVER
NUMBER OF DAYS FAIR           27
NUMBER OF DAYS PC              3
NUMBER OF DAYS CLOUDY          0


WEATHER CONDITIONS. NUMBER OF DAYS WITH
THUNDERSTORM              7     MIXED PRECIP               0
HEAVY RAIN                3     RAIN                       0
LIGHT RAIN                8     FREEZING RAIN              0
LT FREEZING RAIN          0     HEAVY SNOW                 0
SNOW                      0     LIGHT SNOW                 0
SLEET                     0     FOG                        8
FOG W/VIS <= 1/4 MILE     2     HAZE                       1

-  INDICATES NEGATIVE NUMBERS.
R  INDICATES RECORD WAS SET OR TIED.
MM INDICATES DATA IS MISSING.
T  INDICATES TRACE AMOUNT.



...MONTHLY...


TIED 15TH WARMEST JUNE ON RECORD (76.7 DEGREES).

2TH MOST CONSECUTIVE OCCURENCES OF A MAXIMUM TEMPERATURE GREATER THAN
OR EQUAL TO 85 DEGREES (19 DAYS).

6TH DRIEST JUNE ON RECORD (1.02 INCHES).


...DAILY...

NO RECORDS OF NOTE.

$$
