000
CXUS53 KUNR 011616
CLMUNR


CLIMATE REPORT
NATIONAL WEATHER SERVICE RAPID CITY SD
1013 AM MDT FRI JUL 1 2016

...................................

...THE EAST RAPID CITY SD CLIMATE SUMMARY FOR THE MONTH OF JUNE 2016...

CLIMATE NORMAL PERIOD 1981 TO 2010
CLIMATE RECORD PERIOD 1888 TO 2016

WEATHER         OBSERVED          NORMAL  DEPART  LAST YEAR`S
                 VALUE   DATE(S)  VALUE   FROM    VALUE  DATE(S)
                                          NORMAL
................................................................
TEMPERATURE (F)
RECORD
 HIGH             106   06/26/2012
 LOW               31   06/03/1998
HIGHEST           101   06/11                         89  06/09
LOWEST             47   06/01                         51  06/04
AVG. MAXIMUM     86.3              76.0    10.3     76.3
AVG. MINIMUM     59.1              54.2     4.9     58.2
MEAN             72.7              65.1     7.6     67.2
DAYS MAX >= 90      7                                  0
DAYS MAX <= 32      0                                  0
DAYS MIN <= 32      0                                  0
DAYS MIN <= 0       0                                  0

PRECIPITATION (INCHES)
RECORD
 MAXIMUM         9.07   1947
 MINIMUM         0.50   1898
TOTALS           0.58              3.16   -2.58     6.87
DAILY AVG.       0.02              0.11   -0.09     0.23
DAYS >= .01         4                                 20
DAYS >= .10         1                                 14
DAYS >= .50         0                                  5
DAYS >= 1.00        0                                  1
GREATEST
 24 HR. TOTAL    0.48   06/13 TO 06/13              1.37

SNOWFALL (INCHES)
RECORDS
 TOTAL            3.0   1998
TOTALS            0.0               0.0     0.0      0.0
SINCE 7/1        41.6              49.3    -7.7     50.7
SNOWDEPTH AVG.      0                MM      MM        0
DAYS >= 1.0         0               0.0     0.0        0
GREATEST
 SNOW DEPTH         0   MM                             0  MM
 24 HR TOTAL      0.0   06/30 TO 06/30               0.0

DEGREE_DAYS
HEATING TOTAL       5                88     -83       33
 SINCE 7/1       5719              6860   -1141     6273
COOLING TOTAL     245                91     154      107
 SINCE 1/1        251               109     142      115
.................................................................

WIND (MPH)
AVERAGE WIND SPEED              9.4
HIGHEST WIND SPEED/DIRECTION    44/140    DATE  06/09
HIGHEST GUST SPEED/DIRECTION    67/120    DATE  06/09

AVERAGE RH (PERCENT)     45

WEATHER CONDITIONS. NUMBER OF DAYS WITH
THUNDERSTORM              0     MIXED PRECIP               0
HEAVY RAIN                0     RAIN                       1
LIGHT RAIN                7     FREEZING RAIN              0
LT FREEZING RAIN          0     HAIL                       0
HEAVY SNOW                0     SNOW                       0
LIGHT SNOW                0     SLEET                      0
FOG                       1     FOG W/VIS <= 1/4 MILE      1
HAZE                      0

-  INDICATES NEGATIVE NUMBERS.
R  INDICATES RECORD WAS SET OR TIED.
MM INDICATES DATA IS MISSING.
T  INDICATES TRACE AMOUNT.

$$
