000
CXUS53 KUNR 011602
CLMUNR


CLIMATE REPORT
NATIONAL WEATHER SERVICE RAPID CITY SD
1001 AM MDT SAT JUL 1 2017

...................................

...THE EAST RAPID CITY SD CLIMATE SUMMARY FOR THE MONTH OF JUNE 2017...

CLIMATE NORMAL PERIOD 1981 TO 2010
CLIMATE RECORD PERIOD 1888 TO 2017

WEATHER         OBSERVED          NORMAL  DEPART  LAST YEAR`S
                 VALUE   DATE(S)  VALUE   FROM    VALUE  DATE(S)
                                          NORMAL
................................................................
TEMPERATURE (F)
RECORD
 HIGH             106   06/26/2012
 LOW               31   06/03/1998
HIGHEST            96   06/09                        101  06/11
LOWEST             49   06/25                         47  06/01
AVG. MAXIMUM     81.2              76.0     5.2     86.3
AVG. MINIMUM     57.0              54.2     2.8     59.1
MEAN             69.1              65.1     4.0     72.7
DAYS MAX >= 90      4                                  7
DAYS MAX <= 32      0                                  0
DAYS MIN <= 32      0                                  0
DAYS MIN <= 0       0                                  0

PRECIPITATION (INCHES)
RECORD
 MAXIMUM         9.07   1947
 MINIMUM         0.50   1898
TOTALS           1.53              3.16   -1.63     0.58
DAILY AVG.       0.05              0.11   -0.06     0.02
DAYS >= .01        12                                  4
DAYS >= .10         5                                  1
DAYS >= .50         1                                  0
DAYS >= 1.00        0                                  0
GREATEST
 24 HR. TOTAL    0.53   06/12 TO 06/12              0.48

SNOWFALL (INCHES)
RECORDS
 TOTAL            3.0   1998
TOTALS            0.0               0.0     0.0      0.0
SINCE 7/1        39.2              49.3   -10.1     41.6
SNOWDEPTH AVG.      0                MM      MM        0
DAYS >= 1.0         0               0.0     0.0        0
GREATEST
 SNOW DEPTH         0   MM                             0  MM
 24 HR TOTAL      0.0   06/30 TO 06/30               0.0

DEGREE_DAYS
HEATING TOTAL      12                88     -76        5
 SINCE 7/1       6188              6860    -672     5719
COOLING TOTAL     142                91      51      245
 SINCE 1/1        155               109      46      251
.................................................................

WIND (MPH)
AVERAGE WIND SPEED              8.9
HIGHEST WIND SPEED/DIRECTION    36/360    DATE  06/29
HIGHEST GUST SPEED/DIRECTION    54/250    DATE  06/27

AVERAGE RH (PERCENT)     46

WEATHER CONDITIONS. NUMBER OF DAYS WITH
THUNDERSTORM              0     MIXED PRECIP               0
HEAVY RAIN                1     RAIN                       2
LIGHT RAIN               15     FREEZING RAIN              0
LT FREEZING RAIN          0     HAIL                       0
HEAVY SNOW                0     SNOW                       0
LIGHT SNOW                0     SLEET                      0
FOG                       0     FOG W/VIS <= 1/4 MILE      0
HAZE                      0

-  INDICATES NEGATIVE NUMBERS.
R  INDICATES RECORD WAS SET OR TIED.
MM INDICATES DATA IS MISSING.
T  INDICATES TRACE AMOUNT.

$$
