823
CXUS54 KCRP 021057 RRA
CLMVCT

CLIMATE REPORT
NATIONAL WEATHER SERVICE CORPUS CHRISTI TX
552 AM CDT MON MAY 2 2016

...................................

...THE VICTORIA CLIMATE SUMMARY FOR THE MONTH OF APRIL 2016...

CLIMATE NORMAL PERIOD 1981 TO 2010
CLIMATE RECORD PERIOD 1893 TO 2016

WEATHER         OBSERVED          NORMAL  DEPART  LAST YEAR`S
                 VALUE   DATE(S)  VALUE   FROM    VALUE  DATE(S)
                                          NORMAL
................................................................
TEMPERATURE (F)
RECORD
 HIGH             100   04/16/1920
 LOW               33   04/03/1987
HIGHEST            89   04/30        80       9       87  04/27
LOWEST             46   04/03        61     -15       51  04/29
                        04/02
AVG. MAXIMUM     81.0              80.5     0.5     79.9
AVG. MINIMUM     60.8              59.3     1.5     65.0
MEAN             70.9              69.9     1.0     72.5
DAYS MAX >= 90      0               0.8    -0.8        0
DAYS MAX <= 32      0               0.0     0.0        0
DAYS MIN <= 32      0               0.0     0.0        0
DAYS MIN <= 0       0               0.0     0.0        0

PRECIPITATION (INCHES)
RECORD
 MAXIMUM        11.70   1997
 MINIMUM           MM   MM
TOTALS           4.59              2.82    1.77     6.81
DAILY AVG.       0.15              0.09    0.06     0.23
DAYS >= .01        12               6.1     5.9       13
DAYS >= .10         6               3.2     2.8        8
DAYS >= .50         4               1.3     2.7        6
DAYS >= 1.00        2               0.7     1.3        2
GREATEST
 24 HR. TOTAL    1.46   04/18 TO 04/18           04/17 TO 04/18
                                                          04/30 TO 04/30

SNOWFALL (INCHES)
RECORDS
 TOTAL            0.0   MM
 24 HR TOTAL      0.0   MM
TOTALS            0.0               0.0     0.0      0.0
SINCE 7/1         0.0               0.1    -0.1      0.0
SNOWDEPTH AVG.      0                MM      MM        0
DAYS >= 1.0         0               0.0     0.0        0
GREATEST
 SNOW DEPTH         0   MM                             0
 24 HR TOTAL      0.0   04/30 TO 04/30               0.0

DEGREE_DAYS
HEATING TOTAL       9                30     -21        1
 SINCE 7/1        913              1248    -335     1220
COOLING TOTAL     194               177      17      232
 SINCE 1/1        351               289      62      307
.................................................

WIND (MPH)
AVERAGE WIND SPEED              9.7
HIGHEST WIND SPEED/DIRECTION    31/020    DATE  04/20
HIGHEST GUST SPEED/DIRECTION    40/020    DATE  04/20

SKY COVER
AVERAGE SKY COVER           0.50

AVERAGE RH (PERCENT)     75

WEATHER CONDITIONS. NUMBER OF DAYS WITH
THUNDERSTORM              8     MIXED PRECIP               0
HEAVY RAIN                9     RAIN                       7
LIGHT RAIN               12     FREEZING RAIN              0
LT FREEZING RAIN          0     HAIL                       0
HEAVY SNOW                0     SNOW                       0
LIGHT SNOW                0     SLEET                      0
FOG                      22     FOG W/VIS <= 1/4 MILE      5
HAZE                     13

-  INDICATES NEGATIVE NUMBERS.
R  INDICATES RECORD WAS SET OR TIED.
MM INDICATES DATA IS MISSING.
T  INDICATES TRACE AMOUNT.

$$
