000
CXUS54 KCRP 011738 RRA
CLMVCT

CLIMATE REPORT
NATIONAL WEATHER SERVICE CORPUS CHRISTI TX
1115 AM CST MON JAN 1 2018

...................................

...THE VICTORIA CLIMATE SUMMARY FOR THE MONTH OF DECEMBER 2017...

CLIMATE NORMAL PERIOD 1981 TO 2010
CLIMATE RECORD PERIOD 1893 TO 2017

WEATHER         OBSERVED          NORMAL  DEPART  LAST YEAR`S
                 VALUE   DATE(S)  VALUE   FROM    VALUE  DATE(S)
                                          NORMAL
................................................................
TEMPERATURE (F)
RECORD
 HIGH              88   12/25/1964
                        12/10/1939
 LOW                9   12/23/1989
HIGHEST            85   12/04        66      19       84  12/26
LOWEST             32   12/08        46     -14       29  12/19
AVG. MAXIMUM     65.2              66.1    -0.9     67.0
AVG. MINIMUM     44.1              44.3    -0.2     50.9
MEAN             54.7              55.2    -0.5     59.0
DAYS MAX >= 90      0               0.0     0.0        0
DAYS MAX <= 32      0               0.0     0.0        0
DAYS MIN <= 32      1               3.8    -2.8        2
DAYS MIN <= 0       0               0.0     0.0        0

PRECIPITATION (INCHES)
RECORD
 MAXIMUM         8.67   1923
 MINIMUM            T   1984
TOTALS           2.04              2.31   -0.27     3.01
DAILY AVG.       0.07              0.07    0.00     0.10
DAYS >= .01        12               8.1     3.9       11
DAYS >= .10         5               4.2     0.8        5
DAYS >= .50         1               1.4    -0.4        2
DAYS >= 1.00        0               0.5    -0.5        1
GREATEST
 24 HR. TOTAL    0.65   12/07 TO 12/07           12/03 TO 12/04

SNOWFALL (INCHES)
RECORDS
 TOTAL           12.5   2004
 24 HR TOTAL     10.0   12/24/2004 TO 12/24/2004
TOTALS            2.0               0.0     2.0      0.0
SINCE 7/1         2.0               0.0     2.0      0.0
SNOWDEPTH AVG.      0                MM      MM        0
DAYS >= 1.0         1               0.0     1.0        0
GREATEST
 SNOW DEPTH         2   12/08                          0
 24 HR TOTAL      2.0   12/08 TO 12/08               0.0

DEGREE_DAYS
HEATING TOTAL     334               331       3      235
 SINCE 7/1        452               494     -42      285
COOLING TOTAL      21                27      -6       57
 SINCE 1/1       3702              3150     552     3484
.....................................................

WIND (MPH)
AVERAGE WIND SPEED              8.5
HIGHEST WIND SPEED/DIRECTION    29/180    DATE  12/22
HIGHEST GUST SPEED/DIRECTION    35/190    DATE  12/22

SKY COVER
AVERAGE SKY COVER      0.60

AVERAGE RH (PERCENT)     74

WEATHER CONDITIONS. NUMBER OF DAYS WITH
THUNDERSTORM              0     MIXED PRECIP               0
HEAVY RAIN                2     RAIN                       5
LIGHT RAIN               15     FREEZING RAIN              0
LT FREEZING RAIN          0     HAIL                       0
HEAVY SNOW                0     SNOW                       1
LIGHT SNOW                2     SLEET                      0
FOG                      21     FOG W/VIS <= 1/4 MILE      8
HAZE                      6

-  INDICATES NEGATIVE NUMBERS.
R  INDICATES RECORD WAS SET OR TIED.
MM INDICATES DATA IS MISSING.
T  INDICATES TRACE AMOUNT.

$$

KW
