910
CXUS54 KCRP 011502 RRA
CLMVCT

CLIMATE REPORT
NATIONAL WEATHER SERVICE CORPUS CHRISTI TX
856 AM CST SUN JAN 1 2017

...................................

...THE VICTORIA CLIMATE SUMMARY FOR THE MONTH OF DECEMBER 2016...

CLIMATE NORMAL PERIOD 1981 TO 2010
CLIMATE RECORD PERIOD 1893 TO 2016

WEATHER         OBSERVED          NORMAL  DEPART  LAST YEAR`S
                 VALUE   DATE(S)  VALUE   FROM    VALUE  DATE(S)
                                          NORMAL
................................................................
TEMPERATURE (F)
RECORD
 HIGH              88   12/25/1964
                        12/10/1939
 LOW                9   12/23/1989
HIGHEST            84   12/26        66      18       84  12/23
LOWEST             29   12/19        46     -17       33  12/18
AVG. MAXIMUM     67.0              66.1     0.9     70.8
AVG. MINIMUM     50.9              44.3     6.6     48.6
MEAN             59.0              55.2     3.8     59.7
DAYS MAX >= 90      0               0.0     0.0        0
DAYS MAX <= 32      0               0.0     0.0        0
DAYS MIN <= 32      2               3.8    -1.8        0
DAYS MIN <= 0       0               0.0     0.0        0

PRECIPITATION (INCHES)
RECORD
 MAXIMUM         8.67   1923
 MINIMUM            T   1984
TOTALS           3.01              2.31    0.70     1.60
DAILY AVG.       0.10              0.07    0.03     0.05
DAYS >= .01        11               8.1     2.9        6
DAYS >= .10         5               4.2     0.8        4
DAYS >= .50         2               1.4     0.6        1
DAYS >= 1.00        1               0.5     0.5        0
GREATEST
 24 HR. TOTAL    1.78   12/03 TO 12/04           12/12 TO 12/13
                                                          12/31 TO 12/31
                                                          12/31 TO 12/31

SNOWFALL (INCHES)
RECORDS
 TOTAL           12.5   2004
 24 HR TOTAL     10.0   12/24/2004 TO 12/24/2004
TOTALS            0.0               0.0     0.0      0.0
SINCE 7/1         0.0               0.0     0.0      0.0
SNOWDEPTH AVG.      0                MM      MM        0
DAYS >= 1.0         0               0.0     0.0        0
GREATEST
 SNOW DEPTH         0   MM                             0
 24 HR TOTAL      0.0   MM                           0.0

DEGREE_DAYS
HEATING TOTAL     235               331     -96      213
 SINCE 7/1        285               494    -209      311
COOLING TOTAL      57                27      30       56
 SINCE 1/1       3484              3150     334     3336
..................................................

WIND (MPH)
AVERAGE WIND SPEED              9.3
HIGHEST WIND SPEED/DIRECTION    36/180    DATE  12/17
HIGHEST GUST SPEED/DIRECTION    43/350    DATE  12/17

SKY COVER
AVERAGE SKY COVER           0.80

AVERAGE RH (PERCENT)     76

WEATHER CONDITIONS. NUMBER OF DAYS WITH
THUNDERSTORM              1     MIXED PRECIP               0
HEAVY RAIN                3     RAIN                       4
LIGHT RAIN               14     FREEZING RAIN              0
LT FREEZING RAIN          0     HAIL                       0
HEAVY SNOW                0     SNOW                       0
LIGHT SNOW                0     SLEET                      0
FOG                      21     FOG W/VIS <= 1/4 MILE      8
HAZE                      8

-  INDICATES NEGATIVE NUMBERS.
R  INDICATES RECORD WAS SET OR TIED.
MM INDICATES DATA IS MISSING.
T  INDICATES TRACE AMOUNT.

$$

95/TJC
