000
CXUS54 KCRP 011643
CLMVCT

CLIMATE REPORT
NATIONAL WEATHER SERVICE CORPUS CHRISTI TX
1039 AM CST THU DEC 1 2016

...................................

...THE VICTORIA CLIMATE SUMMARY FOR THE MONTH OF NOVEMBER 2016...

CLIMATE NORMAL PERIOD 1981 TO 2010
CLIMATE RECORD PERIOD 1893 TO 2016

WEATHER         OBSERVED          NORMAL  DEPART  LAST YEAR`S
                 VALUE   DATE(S)  VALUE   FROM    VALUE  DATE(S)
                                          NORMAL
................................................................
TEMPERATURE (F)
RECORD
 HIGH              93   11/13/1925
                        11/12/1925
                        11/11/1924
 LOW               18   11/30/1911
HIGHEST            90   11/03        74      16       87  11/05
                        11/02
LOWEST             35   11/20        52     -17       32  11/23
AVG. MAXIMUM     79.1              74.2     4.9     74.5
AVG. MINIMUM     56.2              51.8     4.4     55.1
MEAN             67.7              63.0     4.7     64.8
DAYS MAX >= 90      2               0.1     1.9        0
DAYS MAX <= 32      0               0.0     0.0        0
DAYS MIN <= 32      0               0.5    -0.5        1
DAYS MIN <= 0       0               0.0     0.0        0

PRECIPITATION (INCHES)
RECORD
 MAXIMUM        16.14   2004
 MINIMUM         0.02   1981
TOTALS           4.05              3.24    0.81     2.25
DAILY AVG.       0.14              0.11    0.03     0.08
DAYS >= .01         5               7.3    -2.3       10
DAYS >= .10         4               4.0     0.0        4
DAYS >= .50         2               1.9     0.1        1
DAYS >= 1.00        2               0.8     1.2        0
GREATEST
 24 HR. TOTAL    2.06   11/18 TO 11/18           11/17 TO 11/17
                                                          11/30 TO 11/30
                                                          11/30 TO 11/30

SNOWFALL (INCHES)
RECORDS
 TOTAL            0.2   MM
 24 HR TOTAL      0.2   MM
TOTALS            0.0               0.0     0.0      0.0
SINCE 7/1         0.0               0.0     0.0      0.0
SNOWDEPTH AVG.      0                 0       0        0
DAYS >= 1.0         0               0.0     0.0        0
GREATEST
 SNOW DEPTH         0   MM                             0
 24 HR TOTAL      0.0   MM                           0.0

DEGREE_DAYS
HEATING TOTAL      44               140     -96       97
 SINCE 7/1         50               163    -113       98
COOLING TOTAL     131                80      51       97
 SINCE 1/1       3427              3123     304     3280
.................................................

WIND (MPH)
AVERAGE WIND SPEED              7.9
HIGHEST WIND SPEED/DIRECTION    30/010    DATE  11/18
HIGHEST GUST SPEED/DIRECTION    39/020    DATE  11/18

SKY COVER
AVERAGE SKY COVER           0.40

AVERAGE RH (PERCENT)     74

WEATHER CONDITIONS. NUMBER OF DAYS WITH
THUNDERSTORM              6     MIXED PRECIP               0
HEAVY RAIN                4     RAIN                       4
LIGHT RAIN                8     FREEZING RAIN              0
LT FREEZING RAIN          0     HAIL                       0
HEAVY SNOW                0     SNOW                       0
LIGHT SNOW                0     SLEET                      0
FOG                      24     FOG W/VIS <= 1/4 MILE      7
HAZE                      6

-  INDICATES NEGATIVE NUMBERS.
R  INDICATES RECORD WAS SET OR TIED.
MM INDICATES DATA IS MISSING.
T  INDICATES TRACE AMOUNT.

$$

95/TJC
