238
CXUS55 KGJT 011304
CLMVEL


CLIMATE REPORT
NATIONAL WEATHER SERVICE GRAND JUNCTION CO
558 AM MST SUN JAN 1 2017

...................................

...THE VERNAL UT CLIMATE SUMMARY FOR THE MONTH OF DECEMBER 2016...

CLIMATE NORMAL PERIOD 1981 TO 2010
CLIMATE RECORD PERIOD 9999 TO 9999

WEATHER         OBSERVED          NORMAL  DEPART  LAST YEAR`S
                 VALUE   DATE(S)  VALUE   FROM    VALUE  DATE(S)
                                          NORMAL
................................................................
TEMPERATURE (F)
HIGHEST            45   12/15        MM      MM       39  12/08
                        12/12
LOWEST              6   12/06        MM      MM       -8  12/28
AVG. MAXIMUM     34.3              30.6     3.7     26.7
AVG. MINIMUM     15.7              12.9     2.8      7.8
MEAN             25.0              21.8     3.2     17.3
DAYS MAX >= 90      0               0.0     0.0        0
DAYS MAX <= 32     12              16.4    -4.4       22
DAYS MIN <= 32     31              30.8     0.2       31
DAYS MIN <= 0       0               2.4    -2.4        5

PRECIPITATION (INCHES)
TOTALS           1.02              0.64    0.38     0.46
DAILY AVG.       0.03              0.02    0.01     0.01
DAYS >= .01         7               5.2     1.8        5
DAYS >= .10         3               2.1     0.9        3
DAYS >= .50         1               0.2     0.8        0
DAYS >= 1.00        0               0.0     0.0        0
GREATEST
 24 HR. TOTAL    0.63   12/16 TO 12/16              0.18
                        12/15 TO 12/16

SNOWFALL (INCHES)
TOTALS             MM                MM      MM       MM
SINCE 7/1          MM                MM      MM       MM
SNOWDEPTH AVG.     MM                MM      MM       MM
DAYS >= 1.0        MM                MM      MM       MM
GREATEST
 SNOW DEPTH        MM                                 MM  MM
 24 HR TOTAL       MM                                 MM

DEGREE_DAYS
HEATING TOTAL    1232              1340    -108     1471
 SINCE 7/1       2589              2971    -382     2763
COOLING TOTAL       0                 0       0        0
 SINCE 1/1        735               511     224      700
.................................................................

WIND (MPH)
AVERAGE WIND SPEED              3.4
HIGHEST WIND SPEED/DIRECTION    31/300    DATE  12/05
HIGHEST GUST SPEED/DIRECTION    39/280    DATE  12/05

SKY COVER
POSSIBLE SUNSHINE (PERCENT)   MM
AVERAGE SKY COVER           0.40
NUMBER OF DAYS FAIR           16
NUMBER OF DAYS PC             10
NUMBER OF DAYS CLOUDY          5

AVERAGE RH (PERCENT)     68

WEATHER CONDITIONS. NUMBER OF DAYS WITH
THUNDERSTORM              0     MIXED PRECIP               0
HEAVY RAIN                1     RAIN                       1
LIGHT RAIN                6     FREEZING RAIN              0
LT FREEZING RAIN          1     HAIL                       0
HEAVY SNOW                0     SNOW                       1
LIGHT SNOW                9     SLEET                      0
FOG                       9     FOG W/VIS <= 1/4 MILE      1
HAZE                      3

-  INDICATES NEGATIVE NUMBERS.
R  INDICATES RECORD WAS SET OR TIED.
MM INDICATES DATA IS MISSING.
T  INDICATES TRACE AMOUNT.

$$
