000
CXUS53 KLOT 011153
CLMVPZ


CLIMATE REPORT
NATIONAL WEATHER SERVICE CHICAGO IL
630 AM CDT WED JUL 1 2015

...................................

...THE VALPARAISO CLIMATE SUMMARY FOR THE MONTH OF JUNE 2015...

CLIMATE NORMAL PERIOD 1981 TO 2010
CLIMATE RECORD PERIOD 1998 TO 2015

WEATHER         OBSERVED          NORMAL  DEPART  LAST YEAR`S
                 VALUE   DATE(S)  VALUE   FROM    VALUE
                                          NORMAL
.............................................................
TEMPERATURE (F)
RECORD
 HIGH             100   06/28/2012
 LOW               38   06/02/2003
                        06/06/1998

HIGHEST            91   06/10                         89
LOWEST             43   06/02                         47

AVG. MAXIMUM     78.2              79.7    -1.5     80.3
AVG. MINIMUM     58.2              58.5    -0.3     59.2
MEAN             68.2              69.1    -0.9     69.8

PRECIPITATION (INCHES)
RECORD
 MAXIMUM         8.23   2014
 MINIMUM         1.13   2007
TOTALS           5.61              3.91    1.70     8.21

DEGREE_DAYS
HEATING TOTAL      27                41     -14       20
 SINCE 7/1       6845              6320     525     7211
COOLING TOTAL     132               164     -32      159
 SINCE 1/1        208               211      -3      232
..............................................................

WIND (MPH)
AVERAGE WIND SPEED              7.2
HIGHEST WIND SPEED/DIRECTION    33/220    DATE  06/07
HIGHEST GUST SPEED/DIRECTION    45/220    DATE  06/07

AVERAGE RH (PERCENT)     77


-  INDICATES NEGATIVE NUMBERS.
R  INDICATES RECORD WAS SET OR TIED.
MM INDICATES DATA IS MISSING.
T  INDICATES TRACE AMOUNT.

$$
