000
CXUS53 KLOT 011323
CLMVPZ


CLIMATE REPORT
NATIONAL WEATHER SERVICE CHICAGO IL
712 AM CST THU JAN 1 2015

...................................

...THE VALPARAISO CLIMATE SUMMARY FOR THE MONTH OF DECEMBER 2014...

CLIMATE NORMAL PERIOD 1981 TO 2010
CLIMATE RECORD PERIOD 1998 TO 2014

WEATHER         OBSERVED          NORMAL  DEPART  LAST YEAR`S
                 VALUE   DATE(S)  VALUE   FROM    VALUE
                                          NORMAL
.............................................................
TEMPERATURE (F)
RECORD
 HIGH              69   12/05/2001
 LOW              -10   12/23/2000
                        12/13/2000
HIGHEST            51   12/26        35      16       56
LOWEST              5   12/31        22     -17       -7
AVG. MAXIMUM     37.4              34.8     2.6     30.7
AVG. MINIMUM     26.9              21.4     5.5     15.2
MEAN             32.1              28.1     4.0     23.0

PRECIPITATION (INCHES)
RECORD
 MAXIMUM         2.98   2008
 MINIMUM         0.53   2005
TOTALS           0.81              2.18   -1.37     1.11

DEGREE_DAYS
HEATING TOTAL    1008              1144    -136     1297
 SINCE 7/1       2509              2402     107     2683
COOLING TOTAL       0                 0       0        0
 SINCE 1/1        611               713    -102      810
..............................................................

WIND (MPH)
AVERAGE WIND SPEED              8.6
HIGHEST WIND SPEED/DIRECTION    28/280    DATE  12/27
HIGHEST GUST SPEED/DIRECTION    36/270    DATE  12/27

AVERAGE RH (PERCENT)     79


-  INDICATES NEGATIVE NUMBERS.
R  INDICATES RECORD WAS SET OR TIED.
MM INDICATES DATA IS MISSING.
T  INDICATES TRACE AMOUNT.

$$
