000
CXUS53 KLOT 011249
CLMVPZ


CLIMATE REPORT
NATIONAL WEATHER SERVICE CHICAGO IL
630 AM CST WED FEB 1 2017

...................................

...THE VALPARAISO CLIMATE SUMMARY FOR THE MONTH OF JANUARY 2017...

CLIMATE NORMAL PERIOD 1981 TO 2010
CLIMATE RECORD PERIOD 1998 TO 2017

WEATHER         OBSERVED          NORMAL  DEPART  LAST YEAR`S
                 VALUE   DATE(S)  VALUE   FROM    VALUE
                                          NORMAL
.............................................................
TEMPERATURE (F)
RECORD
 HIGH              65   01/07/2008
 LOW              -20   01/16/2009
                        01/05/1999
HIGHEST            62   01/21        30      32       55
LOWEST              2   01/07        16     -14       -3
                        01/06
AVG. MAXIMUM     37.3              31.1     6.2     34.6
AVG. MINIMUM     24.9              16.1     8.8     18.0
MEAN             31.1              23.6     7.5     26.3

PRECIPITATION (INCHES)
RECORD
 MAXIMUM         4.54   2005
 MINIMUM         0.17   2011
TOTALS           2.41              1.75    0.66     0.46

DEGREE_DAYS
HEATING TOTAL    1043              1283    -240     1192
 SINCE 7/1       3054              3685    -631     2881
COOLING TOTAL       0                 0       0        0
 SINCE 1/1          0                 0       0        0
..............................................................

WIND (MPH)
AVERAGE WIND SPEED              10.2
HIGHEST WIND SPEED/DIRECTION    46/260    DATE  01/10
HIGHEST GUST SPEED/DIRECTION    58/250    DATE  01/10

AVERAGE RH (PERCENT)     80


-  INDICATES NEGATIVE NUMBERS.
R  INDICATES RECORD WAS SET OR TIED.
MM INDICATES DATA IS MISSING.
T  INDICATES TRACE AMOUNT.

$$
