000
CXUS53 KLOT 011328
CLMVPZ


CLIMATE REPORT
NATIONAL WEATHER SERVICE CHICAGO IL
817 AM CDT SAT AUG 1 2015

...................................

...THE VALPARAISO CLIMATE SUMMARY FOR THE MONTH OF JULY 2015...

CLIMATE NORMAL PERIOD 1981 TO 2010
CLIMATE RECORD PERIOD 1998 TO 2015

WEATHER         OBSERVED          NORMAL  DEPART  LAST YEAR`S
                 VALUE   DATE(S)  VALUE   FROM    VALUE
                                          NORMAL
.............................................................
TEMPERATURE (F)
RECORD
 HIGH             101   07/21/2011
 LOW               43   07/02/2001
HIGHEST            91   07/18        83       8       87
                        07/17
LOWEST             54   07/11        63      -9       48
                        07/08
                        07/07
AVG. MAXIMUM     81.5              82.8    -1.3     78.5
AVG. MINIMUM     60.7              62.4    -1.7     56.8
MEAN             71.1              72.6    -1.5     67.6

PRECIPITATION (INCHES)
RECORD
 MAXIMUM         8.16   2003
 MINIMUM         1.32   2013
TOTALS           4.92              4.34    0.58     1.73

DEGREE_DAYS
HEATING TOTAL       6                 4       2       25
 SINCE 7/1          6                 4       2       25
COOLING TOTAL     202               240     -38      112
 SINCE 1/1        410               451     -41      344
..............................................................

WIND (MPH)
AVERAGE WIND SPEED              5.6
HIGHEST WIND SPEED/DIRECTION    25/280    DATE  07/13
HIGHEST GUST SPEED/DIRECTION    36/280    DATE  07/13

AVERAGE RH (PERCENT)     74


-  INDICATES NEGATIVE NUMBERS.
R  INDICATES RECORD WAS SET OR TIED.
MM INDICATES DATA IS MISSING.
T  INDICATES TRACE AMOUNT.

$$
