000
CXUS53 KLOT 011505
CLMVPZ


CLIMATE REPORT
NATIONAL WEATHER SERVICE CHICAGO IL
856 AM CST THU FEB 1 2018

...................................

...THE VALPARAISO CLIMATE SUMMARY FOR THE MONTH OF JANUARY 2018...

CLIMATE NORMAL PERIOD 1981 TO 2010
CLIMATE RECORD PERIOD 1998 TO 2018

WEATHER         OBSERVED          NORMAL  DEPART  LAST YEAR`S
                 VALUE   DATE(S)  VALUE   FROM    VALUE
                                          NORMAL
.............................................................
TEMPERATURE (F)
RECORD
 HIGH              65   01/07/2008
 LOW              -20   01/16/2009
                        01/05/1999
HIGHEST            59   01/11        30      29       62
LOWEST            -13   01/02        16     -29        2
AVG. MAXIMUM     32.9              31.1     1.8     37.3
AVG. MINIMUM     16.6              16.1     0.5     24.9
MEAN             24.7              23.6     1.1     31.1

PRECIPITATION (INCHES)
RECORD
 MAXIMUM         4.54   2005
 MINIMUM         0.17   2011
TOTALS           0.69              1.75   -1.06     2.41

DEGREE_DAYS
HEATING TOTAL    1239              1283     -44     1043
 SINCE 7/1       3378              3685    -307     3054
COOLING TOTAL       0                 0       0        0
 SINCE 1/1          0                 0       0        0
..............................................................

WIND (MPH)
AVERAGE WIND SPEED              11.0
HIGHEST WIND SPEED/DIRECTION    29/220    DATE  01/31
HIGHEST GUST SPEED/DIRECTION    42/360    DATE  01/12

AVERAGE RH (PERCENT)     75


-  INDICATES NEGATIVE NUMBERS.
R  INDICATES RECORD WAS SET OR TIED.
MM INDICATES DATA IS MISSING.
T  INDICATES TRACE AMOUNT.

$$
