000
CXUS53 KLOT 011319
CLMVPZ


CLIMATE REPORT
NATIONAL WEATHER SERVICE CHICAGO IL
811 AM CDT TUE AUG 1 2017

...................................

...THE VALPARAISO CLIMATE SUMMARY FOR THE MONTH OF JULY 2017...

CLIMATE NORMAL PERIOD 1981 TO 2010
CLIMATE RECORD PERIOD 1998 TO 2017

WEATHER         OBSERVED          NORMAL  DEPART  LAST YEAR`S
                 VALUE   DATE(S)  VALUE   FROM    VALUE
                                          NORMAL
.............................................................
TEMPERATURE (F)
RECORD
 HIGH             101   07/21/2011
 LOW               43   07/02/2001
HIGHEST            92   07/06        83       9       91
LOWEST             54   07/09        63      -9       50
AVG. MAXIMUM     84.3              82.8     1.5     84.4
AVG. MINIMUM     64.1              62.4     1.7     62.8
MEAN             74.2              72.6     1.6     73.6

PRECIPITATION (INCHES)
RECORD
 MAXIMUM         8.16   2003
 MINIMUM         1.32   2013
TOTALS           3.28              4.34   -1.06     3.94

DEGREE_DAYS
HEATING TOTAL       0                 4      -4        8
 SINCE 7/1          0                 4      -4        8
COOLING TOTAL     294               240      54      281
 SINCE 1/1        605               451     154      558
..............................................................

WIND (MPH)
AVERAGE WIND SPEED              5.8
HIGHEST WIND SPEED/DIRECTION    28/330    DATE  07/19
HIGHEST GUST SPEED/DIRECTION    42/320    DATE  07/19

AVERAGE RH (PERCENT)     74


-  INDICATES NEGATIVE NUMBERS.
R  INDICATES RECORD WAS SET OR TIED.
MM INDICATES DATA IS MISSING.
T  INDICATES TRACE AMOUNT.

$$
