000
CXUS52 KMLB 011406 CCA
CLMVRB

CLIMATE REPORT
NATIONAL WEATHER SERVICE MELBOURNE FL
803 AM EST THU FEB 1 2018

...................................

...THE VERO BEACH CLIMATE SUMMARY FOR THE MONTH OF JANUARY 2018...

CLIMATE NORMAL PERIOD 1981 TO 2010
CLIMATE RECORD PERIOD 1942 TO 2018

WEATHER         OBSERVED          NORMAL  DEPART  LAST YEAR`S
                 VALUE   DATE(S)  VALUE   FROM    VALUE  DATE(S)
                                          NORMAL
................................................................
TEMPERATURE (F)
MONTHLY RECORD
  HOTTEST       69.8    1947
  COLDEST       52.8    1981
DAILY RECORD
 HIGH              88   01/31/1991
                        01/26/1965
 LOW               21   01/22/1985

JANUARY 2018
HIGHEST            85   01/12                         87
LOWEST             32   01/18                         34
AVG. MAXIMUM     71.1              72.4    -1.3     76.5
AVG. MINIMUM     53.1              51.7     1.4     53.6
MEAN             62.1              62.1     0.0     65.1
DAYS MAX >= 90      0               0.0     0.0        0
DAYS MAX <= 32      0               0.0     0.0        0
DAYS MIN <= 32      1               1.1    -0.1        0
DAYS MIN <= 0       0               0.0     0.0        0

PRECIPITATION (INCHES)
MONTHLY RECORD
 MAXIMUM         9.39   2016
 MINIMUM            T   2012
DAILY RECORD
 MAXIMUM         8.82   01/21/1957

JANUARY 2018
TOTALS           2.68              2.50    0.18     0.73
DAYS >= .01        11               7.9     3.1        9
DAYS >= .10         5               4.3     0.7        3
DAYS >= .50         2               1.6     0.4        0
DAYS >= 1.00        1               0.8     0.2        0
GREATEST
 24 HR. TOTAL    1.29   01/02 TO 01/02

SNOWFALL (INCHES)
TOTALS            0.0               0.0     0.0      0.0
SINCE 7/1         0.0               0.0     0.0      0.0
DAYS >= TRACE       0                                  0

DEGREE_DAYS
HEATING TOTAL     156               152       4       89
 SINCE 7/1        259               287     -28      123
COOLING TOTAL      74                61      13      100
 SINCE 1/1         74                62      12      100
.................................................................

WIND (MPH)
AVERAGE WIND SPEED              10.5
HIGHEST WIND SPEED/DIRECTION    37/290    DATE  01/03
HIGHEST GUST SPEED/DIRECTION    46/290    DATE  01/03

SKY COVER
POSSIBLE SUNSHINE (PERCENT)   MM
AVERAGE SKY COVER           0.40
NUMBER OF DAYS FAIR           11
NUMBER OF DAYS PC             17
NUMBER OF DAYS CLOUDY          3

AVERAGE RH (PERCENT)     75

WEATHER CONDITIONS. NUMBER OF DAYS WITH
THUNDERSTORM              1     MIXED PRECIP               0
HEAVY RAIN                3     RAIN                       6
LIGHT RAIN               13     LT FREEZING RAIN           0
HAIL                      0     LIGHT SNOW                 0
SLEET                     0     FOG                       12
FOG W/VIS <= 1/4 MILE     3     HAZE                       5

-  INDICATES NEGATIVE NUMBERS.
R  INDICATES RECORD WAS SET OR TIED.
MM INDICATES DATA IS MISSING.
T  INDICATES TRACE AMOUNT.

$$
