000
CXUS52 KMLB 011337
CLMVRB


CLIMATE REPORT
NATIONAL WEATHER SERVICE MELBOURNE FL
914 AM EDT SAT APR 1 2017

...................................

...THE VERO BEACH CLIMATE SUMMARY FOR THE MONTH OF MARCH 2017...

CLIMATE NORMAL PERIOD 1981 TO 2010
CLIMATE RECORD PERIOD 1942 TO 2017

WEATHER         OBSERVED          NORMAL  DEPART  LAST YEAR`S
                 VALUE   DATE(S)  VALUE   FROM    VALUE
                                          NORMAL
................................................................
TEMPERATURE (F)
MONTHLY RECORD
 WARMEST         74.0   1997
 COOLEST         61.2   2010
DAILY RECORD
 HIGH              93   03/20/2003
 LOW               26   03/03/1980
MARCH 2017
HIGHEST            89   03/02                         89
LOWEST             39   03/17                         48
AVG. MAXIMUM     79.0              77.2     1.8     80.9
AVG. MINIMUM     58.1              57.6     0.5     63.0
MEAN             68.6              67.4     1.2     72.0
DAYS MAX >= 90      0               0.1    -0.1        0
DAYS MAX <= 32      0               0.0     0.0        0
DAYS MIN <= 32      0               0.0     0.0        0
DAYS MIN <= 0       0               0.0     0.0        0

PRECIPITATION (INCHES)
MONTHLY RECORD
 MAXIMUM        12.78   1993
 MINIMUM         0.09   1956
DAILY RECORD
 MAXIMUM         6.80   03/21/1993
MARCH 2017
TOTALS           1.62              4.12   -2.50     2.86
DAYS >= .01         6               8.0    -2.0        8
DAYS >= .10         3               5.0    -2.0        7
DAYS >= .50         1               2.6    -1.6        3
DAYS >= 1.00        0               1.0    -1.0        0
GREATEST
 24 HR. TOTAL    0.70   03/23 TO 03/23

SNOWFALL (INCHES)
TOTALS            0.0               0.0     0.0      0.0
SINCE 7/1         0.0               0.0     0.0      0.0
DAYS >= TRACE       0                                  0

DEGREE_DAYS
HEATING TOTAL      39                55     -16       11
 SINCE 7/1        182               440    -258      279
COOLING TOTAL     157               129      28      236
 SINCE 1/1        358               268      90      334
.................................................................

WIND (MPH)
AVERAGE WIND SPEED              9.6
HIGHEST WIND SPEED/DIRECTION    37/080    DATE  03/23
HIGHEST GUST SPEED/DIRECTION    54/070    DATE  03/23

SKY COVER
POSSIBLE SUNSHINE (PERCENT)   MM
AVERAGE SKY COVER           0.30
NUMBER OF DAYS FAIR           19
NUMBER OF DAYS PC             11
NUMBER OF DAYS CLOUDY          1

AVERAGE RH (PERCENT)     68

WEATHER CONDITIONS. NUMBER OF DAYS WITH
THUNDERSTORM              2     MIXED PRECIP               0
HEAVY RAIN                3     RAIN                       1
LIGHT RAIN               10     LT FREEZING RAIN           0
HAIL                      0     LIGHT SNOW                 0
SLEET                     0     FOG                       11
FOG W/VIS <= 1/4 MILE     1     HAZE                       4

-  INDICATES NEGATIVE NUMBERS.
R  INDICATES RECORD WAS SET OR TIED.
MM INDICATES DATA IS MISSING.
T  INDICATES TRACE AMOUNT.

$$
