000
CXUS51 KBTV 011347
CLMVSF


CLIMATE REPORT
NATIONAL WEATHER SERVICE BURLINGTON VT
943 AM EDT SAT NOV 1 2014

...................................

...THE SPRINGFIELD VT CLIMATE SUMMARY FOR THE MONTH OF OCTOBER 2014...

CLIMATE NORMAL PERIOD 1981 TO 2010
CLIMATE RECORD PERIOD 9999 TO 9999

WEATHER         OBSERVED          NORMAL  DEPART  LAST YEAR`S
                 VALUE   DATE(S)  VALUE   FROM    VALUE  DATE(S)
                                          NORMAL
................................................................
TEMPERATURE (F)
RECORD
 HIGH              MM   MM
 LOW               19   10/29/2013
HIGHEST            78   10/15        MM      MM       78  10/02
                                                          10/01
LOWEST             27   10/20        MM      MM       19  10/29
AVG. MAXIMUM     59.8              58.4     1.4     60.2
AVG. MINIMUM     41.7              35.7     6.0     36.8
MEAN             50.8              47.0     3.8     48.5
DAYS MAX >= 90      0               0.0     0.0        0
DAYS MAX <= 32      0               0.0     0.0        0
DAYS MIN <= 32      4              12.2    -8.2       13
DAYS MIN <= 0       0               0.0     0.0        0

PRECIPITATION (INCHES)
RECORD
 MAXIMUM           MM   MM
 MINIMUM           MM   MM
TOTALS           4.97              4.42    0.55     1.98
DAILY AVG.       0.16              0.14    0.02     0.06
DAYS >= .01        14                MM      MM        9
DAYS >= .10         6                MM      MM        5
DAYS >= .50         3                MM      MM        2
DAYS >= 1.00        2                MM      MM        0
GREATEST
 24 HR. TOTAL    1.53   10/04 TO 10/04           10/06 TO 10/07
                                                          10/29 TO 10/29
                                                          10/29 TO 10/29
 STORM TOTAL       MM                                 MM
 (MM/DD(HH))            MM                    10/07(00) TO 10/07(00)
                                                 10/29(00) TO 10/29(00)9
                                                 10/29(00) TO 10/29(00)9

DEGREE_DAYS
HEATING TOTAL     440               557    -117      504
 SINCE 7/1        656               809    -153      775
COOLING TOTAL       5                 1       4        0
 SINCE 1/1        282               345     -63      495
..........................................................

WIND (MPH)
AVERAGE WIND SPEED              3.3
HIGHEST WIND SPEED/DIRECTION    24/170    DATE  10/16
HIGHEST GUST SPEED/DIRECTION    33/160    DATE  10/16

SKY COVER
POSSIBLE SUNSHINE (PERCENT)   MM
AVERAGE SKY COVER           0.70
NUMBER OF DAYS FAIR            2
NUMBER OF DAYS PC             11
NUMBER OF DAYS CLOUDY         18

AVERAGE RH (PERCENT)     77

WEATHER CONDITIONS. NUMBER OF DAYS WITH
THUNDERSTORM              0     MIXED PRECIP               0
HEAVY RAIN                4     RAIN                       8
LIGHT RAIN               16     FREEZING RAIN              0
LT FREEZING RAIN          0     HAIL                       0
HEAVY SNOW                0     SNOW                       0
LIGHT SNOW                0     SLEET                      0
FOG                      24     FOG W/VIS <= 1/4 MILE     11
HAZE                      2

-  INDICATES NEGATIVE NUMBERS.
R  INDICATES RECORD WAS SET OR TIED.
MM INDICATES DATA IS MISSING.
T  INDICATES TRACE AMOUNT.

$$
