000
CXUS53 KLBF 011418
CLMVTN


CLIMATE REPORT
NATIONAL WEATHER SERVICE NORTH PLATTE
905 AM CDT TUE APR 1 2014

...................................

...THE VALENTINE NE CLIMATE SUMMARY FOR THE MONTH OF MARCH 2014...

CLIMATE NORMAL PERIOD 1981 TO 2010
CLIMATE RECORD PERIOD 1885 TO 2014

WEATHER         OBSERVED          NORMAL  DEPART  LAST YEAR`S
                 VALUE   DATE(S)  VALUE   FROM    VALUE  DATE(S)
                                          NORMAL
................................................................
TEMPERATURE (F)
RECORD
 HIGH              87   03/26/2012
                        03/31/1946
                        03/29/1943
 LOW              -29   03/01/1980
HIGHEST            74   03/09        76      -2       71  03/29
LOWEST            -21   03/02        -2     -19        3  03/11
AVG. MAXIMUM     48.2              49.3    -1.1     47.3
AVG. MINIMUM     18.8              23.1    -4.3     20.7
MEAN             33.5              36.2    -2.7     34.0
DAYS MAX >= 90      0               0.0     0.0        0
DAYS MAX <= 32      5               4.2     0.8        5
DAYS MIN <= 32     27              25.3     1.7       29
DAYS MIN <= 0       3               1.1     1.9        0

PRECIPITATION (INCHES)
RECORD
 MAXIMUM         4.23   1977
 MINIMUM         0.01   1997
TOTALS           0.49              1.07   -0.58     1.57
DAILY AVG.       0.02              0.03   -0.01     0.05
DAYS >= .01         5               7.1    -2.1       10
DAYS >= .10         2               2.8    -0.8        2
DAYS >= .50         0               0.6    -0.6        1
DAYS >= 1.00        0               0.0     0.0        1
GREATEST
 24 HR. TOTAL    0.31   03/01 TO 03/01           03/09 TO 03/09
                                                          03/09 TO 03/09
                                                          03/09 TO 03/09

SNOWFALL (INCHES)
RECORDS
 TOTAL           51.0   1977
TOTALS            5.0               6.5    -1.5     10.2
SINCE 7/1        31.5              28.6     2.9     37.8
SNOWDEPTH AVG.      1                 2      -1        1
DAYS >= 1.0         1               2.1    -1.1        4
GREATEST
 SNOW DEPTH         5   03/03                          4  03/10
                        03/02                             03/09
 24 HR TOTAL      3.5   03/01 TO 03/01

DEGREE_DAYS
HEATING TOTAL     969               893      76      952
 SINCE 7/1       6447              6129     318     5905
COOLING TOTAL       0                 0       0        0
 SINCE 1/1          0                 0       0        0
..........................................................

WIND (MPH)
AVERAGE WIND SPEED              11.2
HIGHEST WIND SPEED/DIRECTION    40/330    DATE  03/31
HIGHEST GUST SPEED/DIRECTION    52/330    DATE  03/31

SKY COVER
POSSIBLE SUNSHINE (PERCENT)   MM
AVERAGE SKY COVER           0.30
NUMBER OF DAYS FAIR           16
NUMBER OF DAYS PC             13
NUMBER OF DAYS CLOUDY          2

AVERAGE RH (PERCENT)     63

WEATHER CONDITIONS. NUMBER OF DAYS WITH
THUNDERSTORM              0     MIXED PRECIP               0
HEAVY RAIN                0     RAIN                       0
LIGHT RAIN                2     FREEZING RAIN              0
LT FREEZING RAIN          1     HAIL                       0
HEAVY SNOW                1     SNOW                       3
LIGHT SNOW                9     SLEET                      0
FOG                      13     FOG W/VIS <= 1/4 MILE      2
HAZE                      8

-  INDICATES NEGATIVE NUMBERS.
R  INDICATES RECORD WAS SET OR TIED.
MM INDICATES DATA IS MISSING.
T  INDICATES TRACE AMOUNT.

$$
