000
CXUS53 KLBF 011003
CLMVTN


CLIMATE REPORT
NATIONAL WEATHER SERVICE NORTH PLATTE
501 AM CDT SUN MAY 1 2016

...................................

...THE VALENTINE NE CLIMATE SUMMARY FOR THE MONTH OF APRIL 2016...

CLIMATE NORMAL PERIOD 1981 TO 2010
CLIMATE RECORD PERIOD 1885 TO 2016

WEATHER         OBSERVED          NORMAL  DEPART  LAST YEAR`S
                 VALUE   DATE(S)  VALUE   FROM    VALUE  DATE(S)
                                          NORMAL
................................................................
TEMPERATURE (F)
RECORD
 HIGH             100   04/30/1992
 LOW               -8   04/03/1936
HIGHEST            84   04/23        85      -1       83  04/30
LOWEST             17   04/11        16       1       18  04/04
                                                          04/03
AVG. MAXIMUM     60.6              60.3     0.3     64.0
AVG. MINIMUM     35.7              33.0     2.7     35.3
MEAN             48.1              46.7     1.4     49.6
DAYS MAX >= 90      0               0.3    -0.3        0
DAYS MAX <= 32      0               0.6    -0.6        0
DAYS MIN <= 32     11              13.2    -2.2       13
DAYS MIN <= 0       0               0.0     0.0        0

PRECIPITATION (INCHES)
RECORD
 MAXIMUM         7.03   1892
 MINIMUM         0.12   1910
TOTALS           4.62              2.22    2.40     1.62
DAILY AVG.       0.15              0.07    0.08     0.05
DAYS >= .01        10               9.1     0.9        6
DAYS >= .10         7               4.5     2.5        4
DAYS >= .50         4               1.6     2.4        1
DAYS >= 1.00        2               0.2     1.8        0
GREATEST
 24 HR. TOTAL    1.46   04/30 TO 04/30           04/17 TO 04/18
                                                          04/09 TO 04/09
                                                          04/09 TO 04/09

SNOWFALL (INCHES)
RECORDS
 TOTAL           32.2   1920
TOTALS            1.5               4.6    -3.1      0.3
SINCE 7/1        38.2              33.2     5.0     22.5
SNOWDEPTH AVG.      0                MM      MM        0
DAYS >= 1.0         1               1.2    -0.2        0
GREATEST
 SNOW DEPTH         0   MM                             0  MM
 24 HR TOTAL      1.5   04/27 TO 04/27

DEGREE_DAYS
HEATING TOTAL     500               554     -54      451
 SINCE 7/1       5898              6683    -785     6264
COOLING TOTAL       3                 4      -1        0
 SINCE 1/1          3                 4      -1        2
..........................................................

WIND (MPH)
AVERAGE WIND SPEED              13.2
HIGHEST WIND SPEED/DIRECTION    39/190    DATE  04/09
HIGHEST GUST SPEED/DIRECTION    51/290    DATE  04/05

SKY COVER
POSSIBLE SUNSHINE (PERCENT)   MM
AVERAGE SKY COVER           0.50
NUMBER OF DAYS FAIR           15
NUMBER OF DAYS PC              6
NUMBER OF DAYS CLOUDY          9

AVERAGE RH (PERCENT)     62

WEATHER CONDITIONS. NUMBER OF DAYS WITH
THUNDERSTORM              0     MIXED PRECIP               0
HEAVY RAIN                0     RAIN                       7
LIGHT RAIN               12     FREEZING RAIN              0
LT FREEZING RAIN          0     HAIL                       0
HEAVY SNOW                0     SNOW                       0
LIGHT SNOW                2     SLEET                      0
FOG                       9     FOG W/VIS <= 1/4 MILE      0
HAZE                      0

-  INDICATES NEGATIVE NUMBERS.
R  INDICATES RECORD WAS SET OR TIED.
MM INDICATES DATA IS MISSING.
T  INDICATES TRACE AMOUNT.

$$
