200
CXUS53 KLBF 011135
CLMVTN


CLIMATE REPORT
NATIONAL WEATHER SERVICE NORTH PLATTE
533 AM CST THU DEC 1 2016

...................................

...THE VALENTINE NE CLIMATE SUMMARY FOR THE MONTH OF NOVEMBER 2016...

CLIMATE NORMAL PERIOD 1981 TO 2010
CLIMATE RECORD PERIOD 1885 TO 2016

WEATHER         OBSERVED          NORMAL  DEPART  LAST YEAR`S
                 VALUE   DATE(S)  VALUE   FROM    VALUE  DATE(S)
                                          NORMAL
................................................................
TEMPERATURE (F)
RECORD
 HIGH              86   11/08/1999
                        11/07/1999
 LOW              -22   11/14/1959
HIGHEST            77   11/04        71       6       77  11/03
LOWEST              3   11/19                 4        2  11/21
AVG. MAXIMUM     57.0              47.7     9.3     50.5
AVG. MINIMUM     27.3              21.2     6.1     23.7
MEAN             42.1              34.4     7.7     37.1
DAYS MAX >= 90      0               0.0     0.0        0
DAYS MAX <= 32      3               4.8    -1.8        6
DAYS MIN <= 32     21              25.7    -4.7       23
DAYS MIN <= 0       0               1.4    -1.4        0

PRECIPITATION (INCHES)
RECORD
 MAXIMUM         2.81   1944
 MINIMUM            T   1939
TOTALS           0.29              0.65   -0.36     1.74
DAILY AVG.       0.01              0.02   -0.01     0.06
DAYS >= .01         4               4.6    -0.6        7
DAYS >= .10         2               1.9     0.1        5
DAYS >= .50         0               0.2    -0.2        0
DAYS >= 1.00        0               0.1    -0.1        0
GREATEST
 24 HR. TOTAL    0.27   11/17 TO 11/18           11/04 TO 11/05
                                                          11/30 TO 11/30
                                                          11/30 TO 11/30

SNOWFALL (INCHES)
RECORDS
 TOTAL           34.5   1944
TOTALS            3.3               5.4    -2.1     10.1
SINCE 7/1         6.3               7.6    -1.3     10.1
SNOWDEPTH AVG.      0                MM      MM        0
DAYS >= 1.0         2               1.7     0.3        2
GREATEST
 SNOW DEPTH         2   11/19                          3  11/22
                        11/18                             11/21
 24 HR TOTAL      1.6   11/17 TO 11/17

DEGREE_DAYS
HEATING TOTAL     679               916    -237      827
 SINCE 7/1       1106              1618    -512     1293
COOLING TOTAL       0                 0       0        0
 SINCE 1/1        880               821      59      800
.................................................

WIND (MPH)
AVERAGE WIND SPEED              10.3
HIGHEST WIND SPEED/DIRECTION    39/300    DATE  11/28
HIGHEST GUST SPEED/DIRECTION    51/300    DATE  11/28

SKY COVER
POSSIBLE SUNSHINE (PERCENT)   MM
AVERAGE SKY COVER           0.30
NUMBER OF DAYS FAIR           18
NUMBER OF DAYS PC             10
NUMBER OF DAYS CLOUDY          2

AVERAGE RH (PERCENT)     61

WEATHER CONDITIONS. NUMBER OF DAYS WITH
THUNDERSTORM              0     MIXED PRECIP               0
HEAVY RAIN                0     RAIN                       0
LIGHT RAIN                1     FREEZING RAIN              0
LT FREEZING RAIN          0     HAIL                       0
HEAVY SNOW                1     SNOW                       2
LIGHT SNOW                5     SLEET                      0
FOG                       8     FOG W/VIS <= 1/4 MILE      1
HAZE                      6

-  INDICATES NEGATIVE NUMBERS.
R  INDICATES RECORD WAS SET OR TIED.
MM INDICATES DATA IS MISSING.
T  INDICATES TRACE AMOUNT.

$$
