000
CXUS53 KLBF 012029
CLMVTN


CLIMATE REPORT
NATIONAL WEATHER SERVICE NORTH PLATTE
329 PM CDT FRI AUG 1 2014

...................................

...THE VALENTINE NE CLIMATE SUMMARY FOR THE MONTH OF JULY 2014...

CLIMATE NORMAL PERIOD 1981 TO 2010
CLIMATE RECORD PERIOD 1885 TO 2014

WEATHER         OBSERVED          NORMAL  DEPART  LAST YEAR`S
                 VALUE   DATE(S)  VALUE   FROM    VALUE  DATE(S)
                                          NORMAL
................................................................
TEMPERATURE (F)
RECORD
 HIGH             114   07/02/1990
 LOW               38   07/30/1971
HIGHEST           105   07/21       103       2       98  07/12
LOWEST             41   07/15        47      -6       47  07/02
AVG. MAXIMUM     85.9              88.7    -2.8     86.6
AVG. MINIMUM     57.4              60.4    -3.0     61.7
MEAN             71.6              74.5    -2.9     74.2
DAYS MAX >= 90      7              13.8    -6.8       10
DAYS MAX <= 32      0               0.0     0.0        0
DAYS MIN <= 32      0               0.0     0.0        0
DAYS MIN <= 0       0               0.0     0.0        0

PRECIPITATION (INCHES)
RECORD
 MAXIMUM         8.96   1983
 MINIMUM         0.04   1936
TOTALS           0.58              3.21   -2.63     3.78
DAILY AVG.       0.02              0.10   -0.08     0.12
DAYS >= .01         4               9.5    -5.5       11
DAYS >= .10         2               5.6    -3.6        6
DAYS >= .50         0               1.9    -1.9        2
DAYS >= 1.00        0               0.8    -0.8        1
GREATEST
 24 HR. TOTAL    0.34   07/07 TO 07/07           07/30 TO 07/31
                                                          07/31 TO 07/31
                                                          07/31 TO 07/31

SNOWFALL (INCHES)
RECORDS
 TOTAL            0.0   2002
TOTALS            0.0               0.0     0.0      0.0
SINCE 7/1         0.0               0.0     0.0      0.0
SNOWDEPTH AVG.      0                MM      MM        0
DAYS >= 1.0         0               0.0     0.0        0
GREATEST
 SNOW DEPTH         0   MM                             0  MM
 24 HR TOTAL      0.0   MM

DEGREE_DAYS
HEATING TOTAL      19                 8      11        3
 SINCE 7/1         19                 8      11        3
COOLING TOTAL     230               304     -74      292
 SINCE 1/1        402               475     -73      477
..................................................

WIND (MPH)
AVERAGE WIND SPEED              9.5
HIGHEST WIND SPEED/DIRECTION    36/340    DATE  07/19
HIGHEST GUST SPEED/DIRECTION    50/340    DATE  07/19

SKY COVER
POSSIBLE SUNSHINE (PERCENT)   MM
AVERAGE SKY COVER           0.20
NUMBER OF DAYS FAIR           27
NUMBER OF DAYS PC              4
NUMBER OF DAYS CLOUDY          0

AVERAGE RH (PERCENT)     64

WEATHER CONDITIONS. NUMBER OF DAYS WITH
THUNDERSTORM              0     MIXED PRECIP               0
HEAVY RAIN                0     RAIN                       1
LIGHT RAIN                6     FREEZING RAIN              0
LT FREEZING RAIN          0     HAIL                       0
HEAVY SNOW                0     SNOW                       0
LIGHT SNOW                0     SLEET                      0
FOG                       6     FOG W/VIS <= 1/4 MILE      1
HAZE                      3

-  INDICATES NEGATIVE NUMBERS.
R  INDICATES RECORD WAS SET OR TIED.
MM INDICATES DATA IS MISSING.
T  INDICATES TRACE AMOUNT.

$$
