000
CXUS53 KLBF 011050
CLMVTN


CLIMATE REPORT
NATIONAL WEATHER SERVICE NORTH PLATTE
542 AM CDT TUE JUL 1 2014

...................................

...THE VALENTINE NE CLIMATE SUMMARY FOR THE MONTH OF JUNE 2014...

CLIMATE NORMAL PERIOD 1981 TO 2010
CLIMATE RECORD PERIOD 1885 TO 2014

WEATHER         OBSERVED          NORMAL  DEPART  LAST YEAR`S
                 VALUE   DATE(S)  VALUE   FROM    VALUE  DATE(S)
                                          NORMAL
................................................................
TEMPERATURE (F)
RECORD
 HIGH             110   06/24/1988
 LOW               30   06/14/1969
HIGHEST            92   06/21        99      -7       96  06/26
LOWEST             42   06/12        40       2       37  06/02
AVG. MAXIMUM     78.8              81.1    -2.3     80.9
AVG. MINIMUM     54.4              54.0     0.4     54.7
MEAN             66.6              67.5    -0.9     67.8
DAYS MAX >= 90      3               5.5    -2.5        4
DAYS MAX <= 32      0               0.0     0.0        0
DAYS MIN <= 32      0               0.0     0.0        0
DAYS MIN <= 0       0               0.0     0.0        0

PRECIPITATION (INCHES)
RECORD
 MAXIMUM         8.18   1905
 MINIMUM         0.32   1918
TOTALS           8.63R             3.56    5.07     2.45
DAILY AVG.       0.29              0.12    0.17     0.08
DAYS >= .01        14              11.1     2.9        7
DAYS >= .10        11               6.4     4.6        5
DAYS >= .50         5               2.3     2.7        1
DAYS >= 1.00        3               0.8     2.2        1
GREATEST
 24 HR. TOTAL    2.53   06/06 TO 06/06           06/22 TO 06/23
                        06/05 TO 06/06                    06/30 TO 06/30
                        06/06 TO 06/06                    06/30 TO 06/30

SNOWFALL (INCHES)
RECORDS
 TOTAL              T   2002
TOTALS            0.0               0.0     0.0      0.0
SINCE 7/1        35.8              33.3     2.5     54.0
SNOWDEPTH AVG.      0                MM      MM        0
DAYS >= 1.0         0               0.0     0.0        0
GREATEST
 SNOW DEPTH         0   MM                             0  MM
 24 HR TOTAL      0.0   06/30 TO 06/30

DEGREE_DAYS
HEATING TOTAL      54                61      -7       54
 SINCE 7/1       7298              7003     295     6942
COOLING TOTAL     111               137     -26      146
 SINCE 1/1        172               171       1      185
.................................................

WIND (MPH)
AVERAGE WIND SPEED              10.0
HIGHEST WIND SPEED/DIRECTION    39/010    DATE  06/03
HIGHEST GUST SPEED/DIRECTION    58/200    DATE  06/27

SKY COVER
POSSIBLE SUNSHINE (PERCENT)   MM
AVERAGE SKY COVER           0.30
NUMBER OF DAYS FAIR           15
NUMBER OF DAYS PC             12
NUMBER OF DAYS CLOUDY          3

AVERAGE RH (PERCENT)     69

WEATHER CONDITIONS. NUMBER OF DAYS WITH
THUNDERSTORM              0     MIXED PRECIP               0
HEAVY RAIN                6     RAIN                      11
LIGHT RAIN               15     FREEZING RAIN              0
LT FREEZING RAIN          0     HAIL                       0
HEAVY SNOW                0     SNOW                       0
LIGHT SNOW                0     SLEET                      0
FOG                      17     FOG W/VIS <= 1/4 MILE      4
HAZE                      3

-  INDICATES NEGATIVE NUMBERS.
R  INDICATES RECORD WAS SET OR TIED.
MM INDICATES DATA IS MISSING.
T  INDICATES TRACE AMOUNT.

$$
