000
CXUS56 KPQR 011742
CLMVUO


CLIMATE REPORT
NATIONAL WEATHER SERVICE PORTLAND OREGON
1042 AM PDT WED JUL 1 2015

...................................

...THE VANCOUVER WA CLIMATE SUMMARY FOR THE MONTH OF JUNE 2015...

CLIMATE NORMAL PERIOD 1981 TO 2010
CLIMATE RECORD PERIOD 1891 TO 2015

WEATHER         OBSERVED          NORMAL  DEPART  LAST YEAR`S
                 VALUE   DATE(S)  VALUE   FROM    VALUE  DATE(S)
                                          NORMAL
................................................................
TEMPERATURE (F)
RECORD
 HIGH             105   06/30/1942
 LOW               34   06/07/1979
HIGHEST            94                MM      MM       84  06/30
LOWEST             48                MM      MM       46  06/10
                                                          06/05
                                                          06/03
AVG. MAXIMUM     82.1              73.4     8.7     72.9
AVG. MINIMUM     56.6              53.3     3.3     52.5
MEAN             69.3              63.3     6.0     62.7
DAYS MAX >= 90      7               1.1     5.9        0
DAYS MAX <= 32      0               0.0     0.0        0
DAYS MIN <= 32      0               0.0     0.0        0
DAYS MIN <= 0       0               0.0     0.0        0

PRECIPITATION (INCHES)
TOTALS           0.39                               2.20
DAYS >= .01         3                                 12
DAYS >= .10         2                                  8
DAYS >= .50         0                                  1
DAYS >= 1.00        0                                  0
GREATEST
 24 HR. TOTAL    0.26   05/31 TO 06/01
                        06/01 TO 06/01
                        06/01 TO 06/02

DEGREE_DAYS
HEATING TOTAL      24                                 78
 SINCE 7/1       3671                               4584
COOLING TOTAL     162                                 16
 SINCE 1/1        178                                 31
.................................................................

WIND (MPH)
AVERAGE WIND SPEED              5.7
RESULTANT WIND SPEED/DIRECTION   4/321
HIGHEST WIND SPEED/DIRECTION    18/310    DATE  06/26
HIGHEST GUST SPEED/DIRECTION    27/310    DATE  06/26

SKY COVER
POSSIBLE SUNSHINE (PERCENT)   MM
AVERAGE SKY COVER           0.20

AVERAGE RH (PERCENT)     54

WEATHER CONDITIONS. NUMBER OF DAYS WITH
THUNDERSTORM              0     MIXED PRECIP               0
HEAVY RAIN                0     RAIN                       0
LIGHT RAIN                3     FREEZING RAIN              0
LT FREEZING RAIN          0     HAIL                       0
HEAVY SNOW                0     SNOW                       0
LIGHT SNOW                0     SLEET                      0
FOG                       2     FOG W/VIS <= 1/4 MILE      0
HAZE                      0

-  INDICATES NEGATIVE NUMBERS.
R  INDICATES RECORD WAS SET OR TIED.
MM INDICATES DATA IS MISSING.
T  INDICATES TRACE AMOUNT.

$$
