000
CXUS56 KPQR 011707
CLMVUO


CLIMATE REPORT
NATIONAL WEATHER SERVICE PORTLAND OREGON
907 AM PST THU FEB 1 2018

...................................

...THE VANCOUVER WA CLIMATE SUMMARY FOR THE MONTH OF JANUARY 2018...

CLIMATE NORMAL PERIOD 1981 TO 2010
CLIMATE RECORD PERIOD 1891 TO 2018

WEATHER         OBSERVED          NORMAL  DEPART  LAST YEAR`S
                 VALUE   DATE(S)  VALUE   FROM    VALUE  DATE(S)
                                          NORMAL
................................................................
TEMPERATURE (F)
RECORD
 HIGH              66   01/18/2005
 LOW               -8   01/12/1909
HIGHEST            58                MM      MM       52  01/19
LOWEST             27                MM      MM        8  01/14
                                                          01/13
AVG. MAXIMUM     50.5              47.7     2.8     39.6
AVG. MINIMUM     39.2              35.4     3.8     26.7
MEAN             44.8              41.6     3.2     33.2
DAYS MAX >= 90      0               0.0     0.0        0
DAYS MAX <= 32      0               0.2    -0.2        6
DAYS MIN <= 32      3               9.1    -6.1       23
DAYS MIN <= 0       0               0.0     0.0        0

PRECIPITATION (INCHES)
TOTALS           5.59                               4.31
DAYS >= .01        23                                 13
DAYS >= .10        15                                  9
DAYS >= .50         4                                  4
DAYS >= 1.00        0                                  1
GREATEST
 24 HR. TOTAL    0.71   01/11 TO 01/11

DEGREE_DAYS
HEATING TOTAL     619                                978
 SINCE 7/1       2387                               2633
COOLING TOTAL       0                                  0
 SINCE 1/1          0                                  0
.................................................................

WIND (MPH)
AVERAGE WIND SPEED              5.1
RESULTANT WIND SPEED/DIRECTION   4/135
HIGHEST WIND SPEED/DIRECTION    22/110    DATE  01/15
HIGHEST GUST SPEED/DIRECTION    29/120    DATE  01/15

SKY COVER
POSSIBLE SUNSHINE (PERCENT)   MM
AVERAGE SKY COVER           0.70

AVERAGE RH (PERCENT)     85

WEATHER CONDITIONS. NUMBER OF DAYS WITH
THUNDERSTORM              0     MIXED PRECIP               0
HEAVY RAIN                0     RAIN                       5
LIGHT RAIN               24     FREEZING RAIN              0
LT FREEZING RAIN          0     HAIL                       0
HEAVY SNOW                0     SNOW                       0
LIGHT SNOW                0     SLEET                      0
FOG                      24     FOG W/VIS <= 1/4 MILE      3
HAZE                      0

-  INDICATES NEGATIVE NUMBERS.
R  INDICATES RECORD WAS SET OR TIED.
MM INDICATES DATA IS MISSING.
T  INDICATES TRACE AMOUNT.

$$
