000
CXUS56 KPQR 011630
CLMVUO


CLIMATE REPORT
NATIONAL WEATHER SERVICE PORTLAND OREGON
930 AM PDT FRI JUL 1 2016

...................................

...THE VANCOUVER WA CLIMATE SUMMARY FOR THE MONTH OF JUNE 2016...

CLIMATE NORMAL PERIOD 1981 TO 2010
CLIMATE RECORD PERIOD 1891 TO 2016

WEATHER         OBSERVED          NORMAL  DEPART  LAST YEAR`S
                 VALUE   DATE(S)  VALUE   FROM    VALUE  DATE(S)
                                          NORMAL
................................................................
TEMPERATURE (F)
RECORD
 HIGH             105   06/30/1942
 LOW               34   06/07/1979
HIGHEST            98                MM      MM       94  06/26
LOWEST             45                MM      MM       48  06/12
AVG. MAXIMUM     75.5              73.4     2.1     82.1
AVG. MINIMUM     53.8              53.3     0.5     56.6
MEAN             64.7              63.3     1.4     69.3
DAYS MAX >= 90      3               1.1     1.9        7
DAYS MAX <= 32      0               0.0     0.0        0
DAYS MIN <= 32      0               0.0     0.0        0
DAYS MIN <= 0       0               0.0     0.0        0

PRECIPITATION (INCHES)
TOTALS           1.45                               0.39
DAYS >= .01        10                                  3
DAYS >= .10         5                                  2
DAYS >= .50         1                                  0
DAYS >= 1.00        0                                  0
GREATEST
 24 HR. TOTAL    0.67   06/23 TO 06/23
                        06/22 TO 06/23
                        06/23 TO 06/23

DEGREE_DAYS
HEATING TOTAL      86                                 24
 SINCE 7/1       3822                               3671
COOLING TOTAL      81                                162
 SINCE 1/1        105                                178
.................................................................

WIND (MPH)
AVERAGE WIND SPEED              5.1
RESULTANT WIND SPEED/DIRECTION   2/317
HIGHEST WIND SPEED/DIRECTION    20/280    DATE  06/18
HIGHEST GUST SPEED/DIRECTION    27/250    DATE  06/18

SKY COVER
POSSIBLE SUNSHINE (PERCENT)   MM
AVERAGE SKY COVER           0.40

AVERAGE RH (PERCENT)     63

WEATHER CONDITIONS. NUMBER OF DAYS WITH
THUNDERSTORM              0     MIXED PRECIP               0
HEAVY RAIN                1     RAIN                       2
LIGHT RAIN               12     FREEZING RAIN              0
LT FREEZING RAIN          0     HAIL                       0
HEAVY SNOW                0     SNOW                       0
LIGHT SNOW                0     SLEET                      0
FOG                       6     FOG W/VIS <= 1/4 MILE      0
HAZE                      0

-  INDICATES NEGATIVE NUMBERS.
R  INDICATES RECORD WAS SET OR TIED.
MM INDICATES DATA IS MISSING.
T  INDICATES TRACE AMOUNT.

$$
