000
CXUS51 KAKQ 022011
CLMWAL


CLIMATE REPORT
NATIONAL WEATHER SERVICE WAKEFIELD, VA
310 PM EST THU JAN 2 2014

...................................

...THE WALLOPS ISLAND VA CLIMATE SUMMARY FOR THE YEAR OF 2013...

CLIMATE NORMAL PERIOD 1981 TO 2010
CLIMATE RECORD PERIOD 1963 TO 2014

WEATHER         OBSERVED          NORMAL  DEPART  LAST YEAR`S
                 VALUE   DATE(S)  VALUE   FROM    VALUE  DATE(S)
                                          NORMAL
................................................................
TEMPERATURE (F)
RECORD
 HIGH             102   07/07/2012
 LOW                0   01/19/1994
                        01/21/1985
                        01/20/1985
HIGHEST            94   07/18       101      -7      102  07/07
                        07/17
LOWEST             12   01/25        -4      16       17  01/04
AVG. MAXIMUM     66.9              65.2     1.7     69.0
AVG. MINIMUM     49.9              48.4     1.5     51.5
MEAN             58.4              56.8     1.6     60.3
DAYS MAX >= 90     25              11.7    13.3       27
DAYS MAX <= 32      3               6.1    -3.1        0
DAYS MIN <= 32     57              69.3   -12.3       43
DAYS MIN <= 0       0               0.0     0.0        0

PRECIPITATION (INCHES)
RECORD
 MAXIMUM           MM   MM
 MINIMUM           MM   MM
TOTALS          43.28             40.84    2.44    49.03
DAILY AVG.       0.13              0.11    0.02     0.13
DAYS >= .01       105             117.8   -12.8      111
DAYS >= .10        66              70.6    -4.6       69
DAYS >= .50        27              26.8     0.2       22
DAYS >= 1.00        9               9.7    -0.7       11
GREATEST
 24 HR. TOTAL    2.91
 STORM TOTAL       MM
 (MM/DD(HH))

SNOWFALL (INCHES)
RECORDS
 TOTAL           21.5   1966
 24 HR TOTAL       MM
 SNOW DEPTH        MM   MM
TOTALS            8.4               7.9     0.5      0.5
 LIQUID EQUIV    0.84              0.80    0.04     0.05
SINCE 7/1           T               2.0    -2.0      0.0
 LIQUID 7/1        MM              0.20      MM     0.00
SNOWDEPTH AVG.      0                MM      MM        0
DAYS >= TRACE      12               5.3     6.7        9
DAYS >= 1.0         5               2.6     2.4        0
GREATEST
 SNOW DEPTH         5   01/26                         -1  02/12
 24 HR TOTAL      4.0   MM                       12/31 TO 12/31
                                                          12/31 TO 12/31
                                                          12/31 TO 12/31
 STORM TOTAL       MM
 (MM/DD(HH))

DEGREE_DAYS
HEATING TOTAL    3802              4189    -387     3231
 SINCE 7/1         MM              1462      MM       MM
COOLING TOTAL    1523              1198     325     1616
 SINCE 1/1       1523              1197     326     1616
..................................................



-  INDICATES NEGATIVE NUMBERS.
R  INDICATES RECORD WAS SET OR TIED.
MM INDICATES DATA IS MISSING.
T  INDICATES TRACE AMOUNT.

$$
