000
CXUS51 KAKQ 012147
CLMWAL


CLIMATE REPORT
NATIONAL WEATHER SERVICE WAKEFIELD, VA
443 PM EST THU JAN 1 2015

...................................

...THE WALLOPS ISLAND VA CLIMATE SUMMARY FOR THE YEAR OF 2014...

CLIMATE NORMAL PERIOD 1981 TO 2010
CLIMATE RECORD PERIOD 1963 TO 2014

WEATHER         OBSERVED          NORMAL  DEPART  LAST YEAR`S
                 VALUE   DATE(S)  VALUE   FROM    VALUE  DATE(S)
                                          NORMAL
................................................................
TEMPERATURE (F)
RECORD
 HIGH             102   07/07/2012
 LOW                0   01/19/1994
                        01/21/1985
                        01/20/1985
HIGHEST            96   06/18       101      -5       94  07/18
                                                          07/17
LOWEST              3   01/30        -4       7       12  01/25
AVG. MAXIMUM     65.7              65.2     0.5     66.9
AVG. MINIMUM     48.4              48.4     0.0     49.9
MEAN             57.0              56.8     0.2     58.4
DAYS MAX >= 90     12              11.7     0.3       25
DAYS MAX <= 32     10               6.1     3.9        3
DAYS MIN <= 32     75              69.3     5.7       57
DAYS MIN <= 0       0               0.0     0.0        0

PRECIPITATION (INCHES)
RECORD
 MAXIMUM           MM   MM
 MINIMUM           MM   MM
TOTALS          37.98             40.84   -2.86    43.28
DAILY AVG.       0.10              0.11   -0.01     0.13
DAYS >= .01       130             117.8    12.2      105
DAYS >= .10        75              70.6     4.4       66
DAYS >= .50        22              26.8    -4.8       27
DAYS >= 1.00        9               9.7    -0.7        9
GREATEST
 24 HR. TOTAL    2.30
 STORM TOTAL       MM
 (MM/DD(HH))

SNOWFALL (INCHES)
RECORDS
 TOTAL           21.5   1966
 24 HR TOTAL       MM
 SNOW DEPTH        MM   MM
TOTALS           13.1               7.9     5.2      8.4
 LIQUID EQUIV    1.31              0.80    0.51     0.84
SINCE 7/1           T               2.0    -2.0        T
 LIQUID 7/1        MM              0.20      MM       MM
SNOWDEPTH AVG.      0                MM      MM        0
DAYS >= TRACE      18               5.3    12.7       12
DAYS >= 1.0         7               2.6     4.4        5
GREATEST
 SNOW DEPTH         5   01/30                          5  01/26
                        01/29
 24 HR TOTAL      3.5   MM                       10/10 TO 10/10
                                                          10/10 TO 10/10
                                                          10/10 TO 10/10
 STORM TOTAL       MM
 (MM/DD(HH))

DEGREE_DAYS
HEATING TOTAL    4123              4189     -66     3802
 SINCE 7/1         MM              1462      MM       MM
COOLING TOTAL    1352              1198     154     1523
 SINCE 1/1       1352              1197     155     1523
.................................................



-  INDICATES NEGATIVE NUMBERS.
R  INDICATES RECORD WAS SET OR TIED.
MM INDICATES DATA IS MISSING.
T  INDICATES TRACE AMOUNT.

$$
