000
CXUS51 KAKQ 011811
CLMWAL


CLIMATE REPORT
NATIONAL WEATHER SERVICE WAKEFIELD, VA
1244 PM EST SUN JAN 1 2017

...................................

...THE WALLOPS ISLAND VA CLIMATE SUMMARY FOR THE YEAR OF 2016...

CLIMATE NORMAL PERIOD 1981 TO 2010
CLIMATE RECORD PERIOD 1963 TO 2016

WEATHER         OBSERVED          NORMAL  DEPART  LAST YEAR`S
                 VALUE   DATE(S)  VALUE   FROM    VALUE  DATE(S)
                                          NORMAL
................................................................
TEMPERATURE (F)
RECORD
 HIGH             102   07/07/2012
 LOW                    02/20/2015
HIGHEST            98   08/14       101      -3       95  06/23
LOWEST             13   02/14        -4      17       -1  02/20
AVG. MAXIMUM     67.2              65.2     2.0     66.3
AVG. MINIMUM     50.6              48.4     2.2     49.4
MEAN             58.9              56.8     2.1     57.9
DAYS MAX >= 90     26              11.7    14.3       13
DAYS MAX <= 32      8               6.1     1.9       14
DAYS MIN <= 32     64              69.3    -5.3       75
DAYS MIN <= 0       0               0.0     0.0        1

PRECIPITATION (INCHES)
RECORD
 MAXIMUM        62.63  2009
 MINIMUM           MM   MM
TOTALS          56.42             40.84   15.58    45.91
DAILY AVG.       0.16              0.11    0.05     0.13
DAYS >= .01       126             117.8     8.2      130
DAYS >= .10        73              70.6     2.4       78
DAYS >= .50        31              26.8     4.2       28
DAYS >= 1.00       15               9.7     5.3       13
GREATEST
 24 HR. TOTAL    7.36
 STORM TOTAL       MM
 (MM/DD(HH))

SNOWFALL (INCHES)
RECORDS
 TOTAL           21.5   1966
 24 HR TOTAL       MM
 SNOW DEPTH        MM   MM
TOTALS           12.3               7.9     4.4     11.3
 LIQUID EQUIV    1.23              0.80    0.43     1.13
SINCE 7/1         0.0               2.0    -2.0      0.0
 LIQUID 7/1      0.00              0.20   -0.20     0.00
SNOWDEPTH AVG.      0                MM      MM        0
DAYS >= TRACE      17               5.3    11.7       15
DAYS >= 1.0         5               2.6     2.4        4
GREATEST
 SNOW DEPTH         1   04/05                          6  02/17
                        01/24
                        01/20
 24 HR TOTAL      5.0   MM                       12/31 TO 12/31
                                                          12/31 TO 12/31
                                                          12/31 TO 12/31
 STORM TOTAL       MM
 (MM/DD(HH))

DEGREE_DAYS
HEATING TOTAL    3755              4189    -434     3914
 SINCE 7/1         MM              1462      MM       MM
COOLING TOTAL    1644              1198     446     1471
 SINCE 1/1       1644              1197     447     1471
..................................................



-  INDICATES NEGATIVE NUMBERS.
R  INDICATES RECORD WAS SET OR TIED.
MM INDICATES DATA IS MISSING.
T  INDICATES TRACE AMOUNT.

$$
