000
CXUS51 KAKQ 012041
CLMWAL


CLIMATE REPORT
NATIONAL WEATHER SERVICE WAKEFIELD, VA
330 PM EST FRI JAN 1 2016

...................................

...THE WALLOPS ISLAND VA CLIMATE SUMMARY FOR THE YEAR OF 2015...

CLIMATE NORMAL PERIOD 1981 TO 2010
CLIMATE RECORD PERIOD 1963 TO 2015

WEATHER         OBSERVED          NORMAL  DEPART  LAST YEAR`S
                 VALUE   DATE(S)  VALUE   FROM    VALUE  DATE(S)
                                          NORMAL
................................................................
TEMPERATURE (F)
RECORD
 HIGH             102   07/07/2012
 LOW                    02/20/2015
HIGHEST            95   06/23        MM      MM       96  06/18
LOWEST             -1R  02/20        MM      MM        3  01/30
AVG. MAXIMUM     66.3              65.2     1.1     65.7
AVG. MINIMUM     49.4              48.4     1.0     48.4
MEAN             57.9              56.8     1.1     57.0
DAYS MAX >= 90     13              11.7     1.3       12
DAYS MAX <= 32     14               6.1     7.9       10
DAYS MIN <= 32     75              69.3     5.7       75
DAYS MIN <= 0       1               0.0     1.0        0

PRECIPITATION (INCHES)
RECORD
 MAXIMUM           MM   MM
 MINIMUM           MM   MM
TOTALS          45.91             40.84    5.07    37.98
DAILY AVG.       0.13              0.11    0.02     0.10
DAYS >= .01       130             117.8    12.2      130
DAYS >= .10        78              70.6     7.4       75
DAYS >= .50        28              26.8     1.2       22
DAYS >= 1.00       13               9.7     3.3        9
GREATEST
 24 HR. TOTAL    2.75
 STORM TOTAL       MM
 (MM/DD(HH))

SNOWFALL (INCHES)
RECORDS
 TOTAL           21.5   1966
 24 HR TOTAL       MM
 SNOW DEPTH        MM   MM
TOTALS           11.3               7.9     3.4     13.1
 LIQUID EQUIV    1.13              0.80    0.33     1.31
SINCE 7/1         0.0               2.0    -2.0        T
 LIQUID 7/1      0.00              0.20   -0.20       MM
SNOWDEPTH AVG.      0                MM      MM        0
DAYS >= TRACE      15               5.3     9.7       18
DAYS >= 1.0         4               2.6     1.4        7
GREATEST
 SNOW DEPTH         6   02/17                          5  01/30
                                                          01/29
 24 HR TOTAL      3.5   MM                       12/31 TO 12/31
                                                          12/31 TO 12/31
                                                          12/31 TO 12/31
 STORM TOTAL       MM
 (MM/DD(HH))

DEGREE_DAYS
HEATING TOTAL    3914              4189    -275     4123
 SINCE 7/1         MM              1462      MM       MM
COOLING TOTAL    1471              1198     273     1352
 SINCE 1/1       1471              1197     274     1352
..................................................



-  INDICATES NEGATIVE NUMBERS.
R  INDICATES RECORD WAS SET OR TIED.
MM INDICATES DATA IS MISSING.
T  INDICATES TRACE AMOUNT.

$$
