000
CXUS55 KLKN 030156 CCA
CLMWMC

CLIMATE REPORT...UPDATE
NATIONAL WEATHER SERVICE ELKO NV
540 PM PST MON JAN 2 2017

...................................

...THE WINNEMUCCA AIRPORT NV CLIMATE SUMMARY FOR THE MONTH OF
DECEMBER 2016...

CLIMATE NORMAL PERIOD 1981 TO 2010
CLIMATE RECORD PERIOD 1877 TO 2017

WEATHER         OBSERVED          NORMAL  DEPART  LAST YEAR`S
                 VALUE   DATE(S)  VALUE   FROM    VALUE  DATE(S)
                                          NORMAL
................................................................
TEMPERATURE (F)
RECORD
 HIGH              70   12/10/1939
 LOW              -37   12/22/1990
HIGHEST            51   12/09        58      -7       60  12/09
LOWEST             -4   12/26        -3      -1       -6  12/31
AVG. MAXIMUM     37.2              41.3    -4.1     40.9
AVG. MINIMUM     14.8              17.4    -2.6     20.5
MEAN             26.0              29.4    -3.4     30.7
DAYS MAX >= 90      0               0.0     0.0        0
DAYS MAX <= 32      9               4.3     4.7        7
DAYS MIN <= 32     30              28.1     1.9       26
DAYS MIN <= 0       3               2.0     1.0        3

PRECIPITATION (INCHES)
RECORD
 MAXIMUM         3.66   1983
 MINIMUM            T   1877
TOTALS           2.20              0.93    1.27     1.77
DAILY AVG.       0.07              0.03    0.04     0.06
DAYS >= .01        12               8.0     4.0       13
DAYS >= .10         8               3.1     4.9        6
DAYS >= .50         1               0.2     0.8        0
DAYS >= 1.00        0               0.0     0.0        0
GREATEST
 24 HR. TOTAL    0.69   12/10 TO 12/10              0.59

SNOWFALL (INCHES)
RECORDS
 TOTAL           26.0   1889
TOTALS            6.2               5.3     0.9      9.0
SINCE 7/1         6.8               8.8    -2.0      9.3
SNOWDEPTH AVG.      1                                  0
DAYS >= TRACE       9               4.6     4.4       14
DAYS >= 1.0         2               1.8     0.2        4
DAYS >= 5.0         0                                  0
GREATEST
 SNOW DEPTH         3   12/25                          3
                        12/24
 24 HR TOTAL      2.2   12/24 TO 12/24               2.0

DEGREE_DAYS
HEATING TOTAL    1200              1105      95     1056
 SINCE 7/1       2535              2673    -138     2405
COOLING TOTAL       0                 0       0        0
 SINCE 1/1        577               541      36      617
.................................................................

WIND (MPH)
AVERAGE WIND SPEED              6.4
HIGHEST WIND SPEED/DIRECTION    26/300    DATE  12/16
HIGHEST GUST SPEED/DIRECTION    36/280    DATE  12/16

AVERAGE RH (PERCENT)     77

WEATHER CONDITIONS. NUMBER OF DAYS WITH
THUNDERSTORM              0     MIXED PRECIP               0
HEAVY RAIN                1     RAIN                       1
LIGHT RAIN                9     FREEZING RAIN              0
LT FREEZING RAIN          1     HAIL                       0
HEAVY SNOW                0     SNOW                       1
LIGHT SNOW                9     SLEET                      0
FOG                      12     FOG W/VIS <= 1/4 MILE      2
HAZE                      0

-  INDICATES NEGATIVE NUMBERS.
R  INDICATES RECORD WAS SET OR TIED.
MM INDICATES DATA IS MISSING.
T  INDICATES TRACE AMOUNT.

&&

=====================================================================

...9TH WETTEST DECEMBER ON RECORD IN WINNEMUCCA...

A RECORD DAILY RAINFALL OF 0.69 INCHES WAS SET ON DECEMBER 10TH.
A RECORD DAILY RAINFALL OF 0.45 INCHES WAS SET ON DECEMBER 15TH.

$$

BA/DS
