000
CXUS55 KLKN 031220
CLMWMC


CLIMATE REPORT
NATIONAL WEATHER SERVICE ELKO NV
445 AM PDT FRI JUL 3 2015

...................................

...THE WINNEMUCCA AIRPORT NV CLIMATE SUMMARY FOR THE MONTH OF JUNE 2015...

CLIMATE NORMAL PERIOD 1981 TO 2010
CLIMATE RECORD PERIOD 1877 TO 2015

WEATHER         OBSERVED          NORMAL  DEPART  LAST YEAR`S
                 VALUE   DATE(S)  VALUE   FROM    VALUE  DATE(S)
                                          NORMAL
................................................................
TEMPERATURE (F)
RECORD
 HIGH             106   06/30/2013
                        06/24/1988
                        07/18/1998
 LOW               23   06/04/2001
                        06/06/1954
HIGHEST           104   06/27        98       6       94  06/09
LOWEST             43   06/05        32      11       28  06/18
AVG. MAXIMUM     90.3              82.9     7.4     84.2
AVG. MINIMUM     51.5              45.4     6.1     45.2
MEAN             70.9              64.2     6.7     64.7
DAYS MAX >= 90     21               8.6    12.4        6
DAYS MAX <= 32      0               0.0     0.0        0
DAYS MIN <= 32      0               0.9    -0.9        1
DAYS MIN <= 0       0               0.0     0.0        0

PRECIPITATION (INCHES)
RECORD
 MAXIMUM         2.86   1958
 MINIMUM         0.00   1994
                        1974
TOTALS           0.12              0.56   -0.44     0.07
DAILY AVG.       0.00              0.02   -0.02     0.00
DAYS >= .01         4               4.1    -0.1        2
DAYS >= .10         0               1.8    -1.8        0
DAYS >= .50         0               0.1    -0.1        0
DAYS >= 1.00        0               0.0     0.0        0
GREATEST
 24 HR. TOTAL    0.07   06/04 TO 06/04              0.06

SNOWFALL (INCHES)
RECORDS
 TOTAL            3.1   1908
TOTALS            0.0                 T     0.0      0.0
SINCE 7/1         5.3              20.9   -15.6     23.4
SNOWDEPTH AVG.      0                                  0
DAYS >= TRACE       0               0.0     0.0        0
DAYS >= 1.0         0               0.0     0.0        0
DAYS >= 5.0         0                                  0
GREATEST
 SNOW DEPTH         0   MM                             0
 24 HR TOTAL      0.0   06/30 TO 06/30               0.0

DEGREE_DAYS
HEATING TOTAL      22               105     -83       74
 SINCE 7/1       5277              6305   -1028     6236
COOLING TOTAL     205                79     126       74
 SINCE 1/1        209                90     119       83
.................................................................

WIND (MPH)
AVERAGE WIND SPEED              7.7
HIGHEST WIND SPEED/DIRECTION    32/250    DATE  06/21
HIGHEST GUST SPEED/DIRECTION    45/250    DATE  06/21

AVERAGE RH (PERCENT)     35

WEATHER CONDITIONS. NUMBER OF DAYS WITH
THUNDERSTORM              0     MIXED PRECIP               0
HEAVY RAIN                0     RAIN                       0
LIGHT RAIN                4     FREEZING RAIN              0
LT FREEZING RAIN          0     HAIL                       0
HEAVY SNOW                0     SNOW                       0
LIGHT SNOW                0     SLEET                      0
FOG                       1     FOG W/VIS <= 1/4 MILE      0
HAZE                      4

-  INDICATES NEGATIVE NUMBERS.
R  INDICATES RECORD WAS SET OR TIED.
MM INDICATES DATA IS MISSING.
T  INDICATES TRACE AMOUNT.

$$

==============================================================

...WARMEST JUNE ON RECORD IN WINNEMUCCA...
...34TH DRIEST JUNE ON RECORD IN WINNEMUCCA...

THE AVERAGE TEMPERATURE IN WINNEMUCCA DURING JUNE 2015 WAS 70.9
DEGREES...WHICH IS 6.7 DEGREES ABOVE THE 1981-2010
CLIMATOLOGICAL NORMAL OF 64.2 DEGREES. THIS MAKES JUNE
2015 THE WARMEST ON RECORD. THE TOTAL PRECIPITATION
WAS 0.12...WHICH IS -0.44 INCHES OR 21 PERCENT BELOW THE
1981-2010 CLIMATOLOGICAL NORMAL OF 0.56 INCH. THIS MAKES JUNE
2015 THE 53RD DRIEST ON RECORD.

A RECORD HIGH TEMPERATURE OF 104 DEGREES WAS SET ON JUNE 27.

$$

JRM
