000
CXUS55 KLKN 011037
CLMWMC


CLIMATE REPORT
NATIONAL WEATHER SERVICE ELKO NV
329 AM PDT TUE AUG 1 2017

...................................

...THE WINNEMUCCA AIRPORT NV CLIMATE SUMMARY FOR THE MONTH OF JULY 2017...

CLIMATE NORMAL PERIOD 1981 TO 2010
CLIMATE RECORD PERIOD 1877 TO 2017

WEATHER         OBSERVED          NORMAL  DEPART  LAST YEAR`S
                 VALUE   DATE(S)  VALUE   FROM    VALUE  DATE(S)
                                          NORMAL
................................................................
TEMPERATURE (F)
RECORD
 HIGH             109   07/11/2002
 LOW               29   07/10/1983
                        07/05/1955
HIGHEST           104   07/08       102       2      104  07/29
LOWEST             46   07/21        38       8       35  07/12
                        07/20
AVG. MAXIMUM     98.3              93.2     5.1     93.5
AVG. MINIMUM     54.6              51.8     2.8     49.7
MEAN             76.5              72.5     4.0     71.6
DAYS MAX >= 90     31              22.5     8.5       25
DAYS MAX <= 32      0               0.0     0.0        0
DAYS MIN <= 32      0               0.0     0.0        0
DAYS MIN <= 0       0               0.0     0.0        0

PRECIPITATION (INCHES)
RECORD
 MAXIMUM         1.74   1984
 MINIMUM         0.00   1963
                        1947
                        1885
TOTALS           0.06              0.25   -0.19        T
DAILY AVG.       0.00              0.01   -0.01        T
DAYS >= .01         2               2.3    -0.3        0
DAYS >= .10         0               0.5    -0.5        0
DAYS >= .50         0               0.1    -0.1        0
DAYS >= 1.00        0               0.0     0.0        0
GREATEST
 24 HR. TOTAL    0.05   07/24 TO 07/24                 T

SNOWFALL (INCHES)
RECORDS
 TOTAL              T   2013
                        1902
TOTALS            0.0               0.0     0.0      0.0
SINCE 7/1         0.0               0.0     0.0      0.0
SNOWDEPTH AVG.      0                                  0
DAYS >= TRACE       0               0.0     0.0        0
DAYS >= 1.0         0               0.0     0.0        0
DAYS >= 5.0         0                                  0
GREATEST
 SNOW DEPTH         0   MM                             0
 24 HR TOTAL      0.0   07/31 TO 07/31               0.0

DEGREE_DAYS
HEATING TOTAL       0                10     -10       17
 SINCE 7/1          0                10     -10       17
COOLING TOTAL     362               243     119      231
 SINCE 1/1        509               333     176      364
.................................................................

WIND (MPH)
AVERAGE WIND SPEED              7.2
HIGHEST WIND SPEED/DIRECTION    41/210    DATE  07/06
HIGHEST GUST SPEED/DIRECTION    59/200    DATE  07/06

AVERAGE RH (PERCENT)     29

WEATHER CONDITIONS. NUMBER OF DAYS WITH
THUNDERSTORM              0     MIXED PRECIP               0
HEAVY RAIN                0     RAIN                       1
LIGHT RAIN                6     FREEZING RAIN              0
LT FREEZING RAIN          0     HAIL                       0
HEAVY SNOW                0     SNOW                       0
LIGHT SNOW                0     SLEET                      0
FOG                       0     FOG W/VIS <= 1/4 MILE      0
HAZE                      3

-  INDICATES NEGATIVE NUMBERS.
R  INDICATES RECORD WAS SET OR TIED.
MM INDICATES DATA IS MISSING.
T  INDICATES TRACE AMOUNT.

&&

=====================================================================

...5TH WARMEST JULY ON RECORD IN WINNEMUCCA...

A RECORD DAILY MAXIMUM TEMP OF 103 DEGREES WAS TIED ON THE 7TH.
A RECORD DAILY MAXIMUM TEMP OF 104 DEGREES WAS SET ON THE 8TH.
$$

DS
