000
CXUS55 KLKN 011937
CLMWMC


CLIMATE REPORT
NATIONAL WEATHER SERVICE ELKO NV
1221 PM PDT WED OCT 1 2014

...................................

...THE WINNEMUCCA AIRPORT NV CLIMATE SUMMARY FOR THE MONTH OF SEPTEMBER 2014...

CLIMATE NORMAL PERIOD 1981 TO 2010
CLIMATE RECORD PERIOD 1877 TO 2014

WEATHER         OBSERVED          NORMAL  DEPART  LAST YEAR`S
                 VALUE   DATE(S)  VALUE   FROM    VALUE  DATE(S)
                                          NORMAL
................................................................
TEMPERATURE (F)
RECORD
 HIGH             103   09/02/1950
 LOW               12   09/24/1958
HIGHEST            94   09/16        95      -1       94  09/01
LOWEST             34   09/25        26       8       28  09/27
                        09/11
AVG. MAXIMUM     81.9              80.9     1.0     79.4
AVG. MINIMUM     45.1              39.6     5.5     45.6
MEAN             63.5              60.3     3.2     62.5
DAYS MAX >= 90      7               5.5     1.5        4
DAYS MAX <= 32      0               0.0     0.0        0
DAYS MIN <= 32      0               4.9    -4.9        4
DAYS MIN <= 0       0               0.0     0.0        0

PRECIPITATION (INCHES)
RECORD
 MAXIMUM         2.80   1998
 MINIMUM         0.00   1974
                        1968
                        1926
TOTALS           1.40              0.44    0.96     0.65
DAILY AVG.       0.05              0.01    0.04     0.02
DAYS >= .01         4               3.2     0.8        6
DAYS >= .10         3               1.3     1.7        3
DAYS >= .50         1               0.1     0.9        0
DAYS >= 1.00        0               0.0     0.0        0
GREATEST
 24 HR. TOTAL    1.21   09/27 TO 09/28              0.22

SNOWFALL (INCHES)
RECORDS
 TOTAL            1.0   1986
TOTALS              T                 T     0.0      0.0
SINCE 7/1           T                 T     0.0        T
SNOWDEPTH AVG.      0                                  0
DAYS >= TRACE       1               0.0     1.0        0
DAYS >= 1.0         0               0.0     0.0        0
DAYS >= 5.0         0                                  0
GREATEST
 SNOW DEPTH         0   MM                             0
 24 HR TOTAL        T   09/27 TO 09/27               0.0

DEGREE_DAYS
HEATING TOTAL      85               174     -89      148
 SINCE 7/1        104               204    -100      148
COOLING TOTAL      49                31      18       81
 SINCE 1/1        674               541     133      762
.................................................................

WIND (MPH)
AVERAGE WIND SPEED              7.9
HIGHEST WIND SPEED/DIRECTION    38/150    DATE  09/20
HIGHEST GUST SPEED/DIRECTION    45/140    DATE  09/20

AVERAGE RH (PERCENT)     38

WEATHER CONDITIONS. NUMBER OF DAYS WITH
THUNDERSTORM              0     MIXED PRECIP               0
HEAVY RAIN                2     RAIN                       2
LIGHT RAIN                7     FREEZING RAIN              0
LT FREEZING RAIN          0     HAIL                       1
HEAVY SNOW                0     SNOW                       0
LIGHT SNOW                0     SLEET                      0
FOG                       4     FOG W/VIS <= 1/4 MILE      0
HAZE                     11

-  INDICATES NEGATIVE NUMBERS.
R  INDICATES RECORD WAS SET OR TIED.
MM INDICATES DATA IS MISSING.
T  INDICATES TRACE AMOUNT.

&&

=================================================================

...12TH WARMEST SEPTEMBER ON RECORD IN WINNEMUCCA...
...5TH WETTEST SEPTEMBER ON RECORD IN WINNEMUCCA...

THE AVERAGE TEMPERATURE IN WINNEMUCCA DURING SEPTEMBER 2014 WAS
63.5 DEGREES...WHICH IS 3.2 DEGREES ABOVE THE 1981-2010
CLIMATOLOGICAL NORMAL OF 60.3 DEGREES. THIS MAKES SEPTEMBER 2014
THE 12TH WARMEST ON RECORD. THE TOTAL PRECIPITATION WAS 1.40
INCHES...WHICH IS 0.96 INCHES OR 218 PERCENT ABOVE THE 1981-2010
CLIMATOLOGICAL NORMAL OF 0.44 INCHES. THIS MAKES SEPTEMBER 2014
THE 5TH WETTEST ON RECORD.

A DAILY RECORD PRECIPITATION OF 0.82 INCHES WAS SET ON SEPTEMBER 27TH.
A DAILY RECORD PRECIPITATION OF 0.39 INCHES WAS SET ON SEPTEMBER 28TH.

$$

RCM
