000
CXUS55 KLKN 011036
CLMWMC


CLIMATE REPORT
NATIONAL WEATHER SERVICE ELKO NV
223 AM PST FRI DEC 1 2017

...................................

...THE WINNEMUCCA AIRPORT NV CLIMATE SUMMARY FOR THE MONTH OF NOVEMBER 2017...

CLIMATE NORMAL PERIOD 1981 TO 2010
CLIMATE RECORD PERIOD 1877 TO 2017

WEATHER         OBSERVED          NORMAL  DEPART  LAST YEAR`S
                 VALUE   DATE(S)  VALUE   FROM    VALUE  DATE(S)
                                          NORMAL
................................................................
TEMPERATURE (F)
RECORD
 HIGH              77   11/05/1980
                        11/07/1976
                        11/05/1976
 LOW              -10   11/25/2010
HIGHEST            74   11/26        68       6       71  11/15
                                                          11/14
                                                          11/10
LOWEST             15   11/19         6       9       13  11/17
AVG. MAXIMUM     57.1              51.4     5.7     57.2
AVG. MINIMUM     30.6              22.4     8.2     26.6
MEAN             43.9              36.9     7.0     41.9
DAYS MAX >= 90      0               0.0     0.0        0
DAYS MAX <= 32      0               0.7    -0.7        0
DAYS MIN <= 32     14              25.4   -11.4       27
DAYS MIN <= 0       0               0.5    -0.5        0

PRECIPITATION (INCHES)
RECORD
 MAXIMUM         3.78   1885
 MINIMUM         0.00   1929
TOTALS           0.95              0.88    0.07     0.40
DAILY AVG.       0.03              0.03    0.00     0.01
DAYS >= .01         6               7.8    -1.8        6
DAYS >= .10         3               2.9     0.1        2
DAYS >= .50         0               0.3    -0.3        0
DAYS >= 1.00        0               0.0     0.0        0
GREATEST
 24 HR. TOTAL    0.30   11/16 TO 11/16              0.18

SNOWFALL (INCHES)
RECORDS
 TOTAL           19.6   1985
TOTALS              T               3.0    -3.0      0.6
SINCE 7/1           T               3.5    -3.5      0.6
SNOWDEPTH AVG.      0                                  0
DAYS >= TRACE       1               2.9    -1.9        6
DAYS >= 1.0         0               1.1    -1.1        0
GREATEST
 SNOW DEPTH         0   MM                             0
 24 HR TOTAL        T   11/17 TO 11/17               0.5

DEGREE_DAYS
HEATING TOTAL     627               843    -216      684
 SINCE 7/1       1436              1568    -132     1335
COOLING TOTAL       0                 0       0        0
 SINCE 1/1        927               541     386      577
.................................................................

WIND (MPH)
AVERAGE WIND SPEED              7.5
HIGHEST WIND SPEED/DIRECTION    39/200    DATE  11/26
HIGHEST GUST SPEED/DIRECTION    55/210    DATE  11/26

AVERAGE RH (PERCENT)     59

WEATHER CONDITIONS. NUMBER OF DAYS WITH
THUNDERSTORM              0     MIXED PRECIP               0
HEAVY RAIN                1     RAIN                       4
LIGHT RAIN               11     FREEZING RAIN              0
LT FREEZING RAIN          0     HAIL                       0
HEAVY SNOW                0     SNOW                       0
LIGHT SNOW                1     SLEET                      0
FOG                       4     FOG W/VIS <= 1/4 MILE      0
HAZE                      2

-  INDICATES NEGATIVE NUMBERS.
R  INDICATES RECORD WAS SET OR TIED.
MM INDICATES DATA IS MISSING.
T  INDICATES TRACE AMOUNT.

&&

=====================================================================

...WARMEST NOVEMBER ON RECORD IN WINNEMUCCA...

A RECORD DAILY MAXIMUM TEMP OF 68 DEGREES WAS SET ON THE 22ND.
A RECORD DAILY MAXIMUM TEMP OF 72 DEGREES WAS SET ON THE 23RD.
A RECORD DAILY MAXIMUM TEMP OF 74 DEGREES WAS SET ON THE 26TH.

$$

DS
