000
CXUS55 KLKN 062110 CCA
CLMWMC

CLIMATE REPORT
NATIONAL WEATHER SERVICE ELKO NV
210 PM PDT THU AUG 6 2015

...................................

...THE WINNEMUCCA AIRPORT NV CLIMATE SUMMARY FOR THE MONTH OF JULY 2015...

CLIMATE NORMAL PERIOD 1981 TO 2010
CLIMATE RECORD PERIOD 1877 TO 2015

WEATHER         OBSERVED          NORMAL  DEPART  LAST YEAR`S
                 VALUE   DATE(S)  VALUE   FROM    VALUE  DATE(S)
                                          NORMAL
................................................................
TEMPERATURE (F)
RECORD
 HIGH             109   07/11/2002
 LOW               29   07/10/1983
                        07/05/1955
HIGHEST           102   07/02       102       0      106  07/14
                        07/01
LOWEST             43   07/30        38       5       47  07/06
                        07/25
                        07/24
AVG. MAXIMUM     89.5              93.2    -3.7     96.7
AVG. MINIMUM     52.5              51.8     0.7     58.2
MEAN             71.0              72.5    -1.5     77.5
DAYS MAX >= 90     14              22.5    -8.5       29
DAYS MAX <= 32      0               0.0     0.0        0
DAYS MIN <= 32      0               0.0     0.0        0
DAYS MIN <= 0       0               0.0     0.0        0

PRECIPITATION (INCHES)
RECORD
 MAXIMUM         1.74   1984
 MINIMUM         0.00   1963
                        1947
                        1885
TOTALS           0.66              0.25    0.41     0.10
DAILY AVG.       0.02              0.01    0.01     0.00
DAYS >= .01        10               2.3     7.7        1
DAYS >= .10         3               0.5     2.5        1
DAYS >= .50         0               0.1    -0.1        0
DAYS >= 1.00        0               0.0     0.0        0
GREATEST
 24 HR. TOTAL    0.17   07/10 TO 07/10              0.10

SNOWFALL (INCHES)
RECORDS
 TOTAL              T   2013
                        1902
TOTALS            0.0               0.0     0.0      0.0
SINCE 7/1         0.0               0.0     0.0      0.0
SNOWDEPTH AVG.      0                                  0
DAYS >= TRACE       0               0.0     0.0        0
DAYS >= 1.0         0               0.0     0.0        0
DAYS >= 5.0         0                                  0
GREATEST
 SNOW DEPTH         0   MM                             0
 24 HR TOTAL      0.0   07/31 TO 07/31               0.0

DEGREE_DAYS
HEATING TOTAL       5                10      -5        0
 SINCE 7/1          5                10      -5        0
COOLING TOTAL     200               243     -43      394
 SINCE 1/1        409               333      76      477
.................................................................

WIND (MPH)
AVERAGE WIND SPEED              6.9
HIGHEST WIND SPEED/DIRECTION    38/250    DATE  07/22
HIGHEST GUST SPEED/DIRECTION    52/230    DATE  07/22

AVERAGE RH (PERCENT)     42

WEATHER CONDITIONS. NUMBER OF DAYS WITH
THUNDERSTORM              0     MIXED PRECIP               0
HEAVY RAIN                2     RAIN                       2
LIGHT RAIN               12     FREEZING RAIN              0
LT FREEZING RAIN          0     HAIL                       0
HEAVY SNOW                0     SNOW                       0
LIGHT SNOW                0     SLEET                      0
FOG                       4     FOG W/VIS <= 1/4 MILE      0
HAZE                      5

-  INDICATES NEGATIVE NUMBERS.
R  INDICATES RECORD WAS SET OR TIED.
MM INDICATES DATA IS MISSING.
T  INDICATES TRACE AMOUNT.

&&

==============================================================

...40TH COOLEST JULY ON RECORD IN WINNEMUCCA...
...13TH WETTEST JULY ON RECORD IN WINNEMUCCA...

THE AVERAGE TEMPERATURE IN WINNEMUCCA DURING JULY 2015 WAS 71.0
DEGREES...WHICH IS -1.5 DEGREES BELOW THE 1981-2010
CLIMATOLOGICAL NORMAL OF 72.5 DEGREES. THIS MAKES JULY
2015 THE 40TH COOLEST ON RECORD. THE TOTAL PRECIPITATION
WAS 0.66...WHICH IS 0.25 INCHES OR 264 PERCENT ABOVE THE
1981-2010 CLIMATOLOGICAL NORMAL OF 0.41 INCH. THIS MAKES JULY
2015 THE 13TH WETTEST ON RECORD.

A RECORD RAINFALL OF 0.05 INCHES WAS SET ON JULY 6.

$$

RLC
