000
CXUS55 KRIW 012017
CLMWRL

CLIMATE REPORT
NATIONAL WEATHER SERVICE RIVERTON WY
1134 AM MDT TUE AUG 1 2017

...PRELIMINARY MONTHLY CLIMATE SUMMARY FOR WORLAND MUNICIPAL AIRPORT
FOR THE MONTH OF JULY 2017...

...OFFICIAL CLIMATE DATA FOR THE MONTH OF JULY 2017 WILL BE
AVAILABLE APPROXIMATELY IN SEPTEMBER 2017 FROM THE NATIONAL CENTER
FOR ENVIRONMENTAL INFORMATION (HTTP://WWW.NCEI.NOAA.GOV/OL/
CLIMATEDATA.HTML). UNOFFICIAL ASOS DAILY SUMMARIES ARE AVAILABLE ON
THE INTERNET AT HTTP://WWW.WEATHER.GOV/CLIMATE/INDEX.PHP?WFO=RIW...

...WORLAND WAS WARMER AND MUCH DRIER THAN NORMAL IN JULY...

THE AVERAGE TEMPERATURE FOR WORLAND IN JULY WAS 74.8 DEGREES...
WHICH WAS 2.8 DEGREES ABOVE NORMAL. THIS TIES 1970 AND 1984 AS THE
18TH WARMEST JULY ON RECORD. THE WARMEST READING OF THE MONTH WAS
103 DEGREES ON THE 20TH. THE COLDEST READING WAS 45 DEGREES ON THE
1ST. NO TEMPERATURE RECORDS WERE SET DURING THE MONTH.

TOTAL PRECIPITATION FOR THE MONTH WAS 0.16 OF AN INCH...WHICH WAS 23
PERCENT OF NORMAL. THIS MAKES IT THE 15TH DRIEST JULY ON RECORD. THE
WETTEST 24 HOUR PERIOD WAS THE 29TH...WHEN 0.11 INCHES FELL. NO
PRECIPITATION RECORDS WERE SET DURING THE MONTH. THE HIGHEST WIND
GUST WAS 51 MPH ON THE 16TH.

...THE WORLAND WY CLIMATE SUMMARY FOR THE MONTH OF JULY 2017...

CLIMATE NORMAL PERIOD 1981 TO 2010
CLIMATE RECORD PERIOD 1947 TO 2017

WEATHER         OBSERVED          NORMAL  DEPART
                 VALUE   DATE(S)  VALUE   FROM
                                          NORMAL
................................................
TEMPERATURE (F)
RECORD
 HIGH             106   07/13/2005
                        07/28/1975
                        07/05/1973
 LOW               38   07/04/1972
HIGHEST           103   07/20
LOWEST             45   07/01
AVG. MAXIMUM     94.4              89.0     5.4
AVG. MINIMUM     55.3              55.0     0.3
MEAN             74.8              72.0     2.8
DAYS MAX >= 90     26
DAYS MAX <= 32      0
DAYS MIN <= 32      0
DAYS MIN <= 0       0

PRECIPITATION (INCHES)
RECORD
 MAXIMUM         2.72   MM
 MINIMUM            T   1996
TOTALS           0.16              0.71   -0.55
DAILY AVG.       0.01
DAYS >= .01         5
DAYS >= .10         1
DAYS >= .50         0
DAYS >= 1.00        0
GREATEST
 24 HR. TOTAL    0.11   07/29 TO 07/29

DEGREE_DAYS
HEATING TOTAL       0                13     -13
 SINCE 7/1          0                13     -13
COOLING TOTAL     311               229      82
 SINCE 1/1        401               325      76
.................................................

WIND (MPH)
AVERAGE WIND SPEED              6.3
RESULTANT WIND SPEED/DIRECTION   1/105
HIGHEST WIND SPEED/DIRECTION    39/330    DATE  07/20
HIGHEST GUST SPEED/DIRECTION    51/140    DATE  07/16

SKY COVER
POSSIBLE SUNSHINE (PERCENT)   MM
AVERAGE SKY COVER           0.00
NUMBER OF DAYS FAIR           31
NUMBER OF DAYS PC              0
NUMBER OF DAYS CLOUDY          0

AVERAGE RH (PERCENT)     44

WEATHER CONDITIONS. NUMBER OF DAYS WITH
THUNDERSTORM              0     MIXED PRECIP               0
HEAVY RAIN                0     RAIN                       3
LIGHT RAIN                7     FREEZING RAIN              0
LT FREEZING RAIN          0     HAIL                       0
HEAVY SNOW                0     SNOW                       0
LIGHT SNOW                0     SLEET                      0
FOG                       1     FOG W/VIS <= 1/4 MILE      0
HAZE                      1

-  INDICATES NEGATIVE NUMBERS.
R  INDICATES RECORD WAS SET OR TIED.
MM INDICATES DATA IS MISSING.
T  INDICATES TRACE AMOUNT.

LOOKING AHEAD TO AUGUST 2017...THE AVERAGE HIGH TEMPERATURE ON THE
FIRST OF THE MONTH IS 90 DEGREES... AND THE AVERAGE LOW TEMPERATURE
IS 56 DEGREES. THE AVERAGE HIGH BY THE END OF THE MONTH IS 83
DEGREES...AND THE AVERAGE LOW TEMPERATURE IS 49 DEGREES. THE AVERAGE
MONTHLY PRECIPITATION IS 0.43 INCHES.

$$
