000
CXUS55 KRIW 012105
CLMWRL

CLIMATE REPORT
NATIONAL WEATHER SERVICE RIVERTON WY
305 PM MDT FRI AUG 1 2014

...PRELIMINARY MONTHLY CLIMATE SUMMARY FOR WORLAND MUNICIPAL AIRPORT
FOR THE MONTH OF JULY 2014...

...OFFICIAL CLIMATE DATA FOR THE MONTH OF JULY 2014 WILL BE
AVAILABLE APPROXIMATELY IN SEPTEMBER 2014 FROM THE NATIONAL CLIMATIC
DATA CENTER (HTTP://WWW.NCDC.NOAA.GOV/OL/CLIMATEDATA.HTML).
UNOFFICIAL ASOS DAILY SUMMARIES ARE AVAILABLE ON THE INTERNET AT
HTTP://WWW.CRH.NOAA.GOV/RIW/CLIMATE/...

...WORLAND WAS WARMER AND DRIER THAN NORMAL IN JULY...

THE AVERAGE TEMPERATURE FOR WORLAND IN JULY WAS 73.8 DEGREES...WHICH
WAS 1.8 DEGREES ABOVE NORMAL. THE WARMEST DAILY HIGH WAS 104 DEGREES
ON THE 23RD...WHICH ALSO SET THE ONLY NEW RECORD TEMPERATURE FOR THE
MONTH...TYING THE OLD RECORD HIGH SET BACK IN 2007. THE COLDEST
READING WAS 49 DEGREES ON THE 1ST.

TOTAL PRECIPITATION FOR THE MONTH WAS 0.25 INCHES...WHICH WAS 35
PERCENT OF NORMAL. THE WETTEST 24 HOUR PERIOD OF THE MONTH WAS THE
29TH...WHEN 0.17 INCHES OF RAIN FELL. THE HIGHEST WIND GUST WAS 46
MPH...WHICH OCCURRED ON THE 21ST.


...THE WORLAND WY CLIMATE SUMMARY FOR THE MONTH OF JULY 2014...

CLIMATE NORMAL PERIOD 1981 TO 2010
CLIMATE RECORD PERIOD 1947 TO 2014

WEATHER         OBSERVED          NORMAL  DEPART
                 VALUE   DATE(S)  VALUE   FROM
                                          NORMAL
................................................
TEMPERATURE (F)
RECORD
 HIGH             106   07/13/2005
                        07/28/1975
                        07/05/1973
 LOW               38   07/04/1972
HIGHEST           104   07/23
LOWEST             49   07/01
AVG. MAXIMUM     91.0              89.0     2.0
AVG. MINIMUM     56.5              55.0     1.5
MEAN             73.8              72.0     1.8
DAYS MAX >= 90     18
DAYS MAX <= 32      0
DAYS MIN <= 32      0
DAYS MIN <= 0       0

PRECIPITATION (INCHES)
RECORD
 MAXIMUM         2.72   MM
 MINIMUM            T   1996
TOTALS           0.25              0.71   -0.46
DAILY AVG.       0.01
DAYS >= .01         4
DAYS >= .10         1
DAYS >= .50         0
DAYS >= 1.00        0
GREATEST
 24 HR. TOTAL    0.17   07/29 TO 07/29

DEGREE_DAYS
HEATING TOTAL       1                13     -12
 SINCE 7/1          1                13     -12
COOLING TOTAL     279               229      50
 SINCE 1/1        338               325      13
.................................................

WIND (MPH)
AVERAGE WIND SPEED              6.2
RESULTANT WIND SPEED/DIRECTION   0/129
HIGHEST WIND SPEED/DIRECTION    37/250    DATE  07/21
HIGHEST GUST SPEED/DIRECTION    46/260    DATE  07/21

SKY COVER
POSSIBLE SUNSHINE (PERCENT)   MM
AVERAGE SKY COVER           0.10
NUMBER OF DAYS FAIR           29
NUMBER OF DAYS PC              2
NUMBER OF DAYS CLOUDY          0

AVERAGE RH (PERCENT)     41

WEATHER CONDITIONS. NUMBER OF DAYS WITH
THUNDERSTORM              5     MIXED PRECIP               0
HEAVY RAIN                0     RAIN                       2
LIGHT RAIN                4     FREEZING RAIN              0
LT FREEZING RAIN          0     HAIL                       0
HEAVY SNOW                0     SNOW                       0
LIGHT SNOW                0     SLEET                      0
FOG                       3     FOG W/VIS <= 1/4 MILE      0
HAZE                      2

-  INDICATES NEGATIVE NUMBERS.
R  INDICATES RECORD WAS SET OR TIED.
MM INDICATES DATA IS MISSING.
T  INDICATES TRACE AMOUNT.

LOOKING AHEAD TO AUGUST 2014...THE AVERAGE HIGH TEMPERATURE ON THE
FIRST OF THE MONTH IS 90 DEGREES...AND THE AVERAGE LOW TEMPERATURE
IS 56 DEGREES. THE AVERAGE HIGH BY THE END OF THE MONTH IS 83
DEGREES...AND THE AVERAGE LOW IS 49. THE AVERAGE MONTHLY
PRECIPITATION IS 0.43 INCHES.

$$
