000
CXUS55 KRIW 020904
CLMWRL

CLIMATE REPORT
NATIONAL WEATHER SERVICE RIVERTON WY
305 AM MDT TUE AUG 2 2016

...PRELIMINARY MONTHLY CLIMATE SUMMARY FOR WORLAND MUNICIPAL AIRPORT
FOR THE MONTH OF JULY 2016...

...OFFICIAL CLIMATE DATA FOR THE MONTH OF JULY 2016 WILL BE
AVAILABLE APPROXIMATELY IN SEPTEMBER 2016 FROM THE NATIONAL CENTER
FOR ENVIRONMENTAL INFORMATION (HTTP://WWW.NCEI.NOAA.GOV/OL/
CLIMATEDATA.HTML). UNOFFICIAL ASOS DAILY SUMMARIES ARE AVAILABLE ON
THE INTERNET AT HTTP://WWW.WEATHER.GOV/CLIMATE/INDEX.PHP?WFO=RIW

...WORLAND WAS WARMER AND DRIER THAN NORMAL IN JULY...

THE AVERAGE TEMPERATURE FOR WORLAND IN JULY WAS 73.3 DEGREES...WHICH
WAS 1.3 DEGREES ABOVE NORMAL. THE WARMEST READING OF THE MONTH WAS
102 DEGREES ON THE 12TH...20TH AND 21ST...WHILE THE COOLEST READING
WAS 42 DEGREES ON THE 12TH.

TOTAL PRECIPITATION FOR THE MONTH WAS A 0.15 OF AN INCH...WHICH WAS
21 PERCENT OF NORMAL. THE WETTEST 24 HOUR PERIOD OF THE MONTH WAS ON
THE 27TH AND 28TH...WHEN 0.09 OF AN INCH FELL. NO PRECIPITATION
RECORDS WERE SET DURING THE MONTH. THE HIGHEST WIND GUST WAS 47 MPH
ON THE 22ND.

...THE WORLAND WY CLIMATE SUMMARY FOR THE MONTH OF JULY 2016...

CLIMATE NORMAL PERIOD 1981 TO 2010
CLIMATE RECORD PERIOD 1947 TO 2016

WEATHER         OBSERVED          NORMAL  DEPART
                 VALUE   DATE(S)  VALUE   FROM
                                          NORMAL
................................................
TEMPERATURE (F)
RECORD
 HIGH             106   07/13/2005
                        07/28/1975
                        07/05/1973
 LOW               38   07/04/1972
HIGHEST           102   07/22
                        07/21
                        07/20
LOWEST             42   07/12
AVG. MAXIMUM     92.1              89.0     3.1
AVG. MINIMUM     54.4              55.0    -0.6
MEAN             73.3              72.0     1.3
DAYS MAX >= 90     21
DAYS MAX <= 32      0
DAYS MIN <= 32      0
DAYS MIN <= 0       0

PRECIPITATION (INCHES)
RECORD
 MAXIMUM         2.72   MM
 MINIMUM            T   1996
TOTALS           0.15              0.71   -0.56
DAILY AVG.       0.00
DAYS >= .01         6
DAYS >= .10         0
DAYS >= .50         0
DAYS >= 1.00        0
GREATEST
 24 HR. TOTAL    0.09   07/27 TO 07/28

DEGREE_DAYS
HEATING TOTAL       4                13      -9
 SINCE 7/1          4                13      -9
COOLING TOTAL     269               229      40
 SINCE 1/1        466               325     141
.................................................

WIND (MPH)
AVERAGE WIND SPEED              6.9
RESULTANT WIND SPEED/DIRECTION   1/049
HIGHEST WIND SPEED/DIRECTION    36/200    DATE  07/18
HIGHEST GUST SPEED/DIRECTION    47/280    DATE  07/22

SKY COVER
POSSIBLE SUNSHINE (PERCENT)   MM
AVERAGE SKY COVER           0.00
NUMBER OF DAYS FAIR           31
NUMBER OF DAYS PC              0
NUMBER OF DAYS CLOUDY          0

AVERAGE RH (PERCENT)     39

WEATHER CONDITIONS. NUMBER OF DAYS WITH
THUNDERSTORM              8     MIXED PRECIP               0
HEAVY RAIN                1     RAIN                       1
LIGHT RAIN                9     FREEZING RAIN              0
LT FREEZING RAIN          0     HAIL                       0
HEAVY SNOW                0     SNOW                       0
LIGHT SNOW                0     SLEET                      0
FOG                       0     FOG W/VIS <= 1/4 MILE      0
HAZE                      5

-  INDICATES NEGATIVE NUMBERS.
R  INDICATES RECORD WAS SET OR TIED.
MM INDICATES DATA IS MISSING.
T  INDICATES TRACE AMOUNT.

LOOKING AHEAD TO AUGUST 2016...THE AVERAGE HIGH TEMPERATURE ON THE
FIRST OF THE MONTH IS 90 DEGREES...AND THE AVERAGE LOW TEMPERATURE
IS 56 DEGREES. THE AVERAGE HIGH BY THE END OF THE MONTH IS 83
DEGREES...AND THE AVERAGE LOW TEMPERATURE IS 49 DEGREES. THE AVERAGE
MONTHLY PRECIPITATION IS 0.43 INCHES.

$$
