000
CXUS56 KMTR 052346
CLMWVI


CLIMATE REPORT
NATIONAL WEATHER SERVICE SAN FRANCISCO BAY AREA
346 PM PST SUN MAR 5 2017

...................................

...THE WATSONVILLE AIRPORT CLIMATE SUMMARY FOR THE MONTH OF FEBRUARY 2017...

CLIMATE NORMAL PERIOD 1981 TO 2010
CLIMATE RECORD PERIOD 1998 TO 2017

WEATHER         OBSERVED          NORMAL   LAST YEAR`S
                 VALUE   DATE(S)  VALUE    VALUE  DATE(S)

.........................................................
TEMPERATURE (F)
HIGHEST            72   02/14        MM        82  02/16
LOWEST             33   02/25        MM        37  02/03
                        02/24                      02/02
                                                   02/01
AVG. MAXIMUM     60.8                        69.4
AVG. MINIMUM     44.8                        43.7
MEAN             52.8              51.8      56.6
DAYS MAX >= 90      0                           0
DAYS MAX <= 32      0                           0
DAYS MIN <= 32      0                           0
DAYS MIN <= 0       0                           0

PRECIPITATION (INCHES)
RECORD
 MAXIMUM           MM   MM
 MINIMUM           MM   MM
TOTALS           9.80                        0.64
DAILY AVG.       0.35                        0.02
DAYS >= .01        17                           3
DAYS >= .10        14                           2
DAYS >= .50         7                           1
DAYS >= 1.00        3                           0
GREATEST
 24 HR. TOTAL    2.59   02/19 TO 02/20    02/17 TO 02/18
                                                   02/29 TO 02/29
                                                   02/29 TO 02/29

DEGREE_DAYS
HEATING TOTAL     334                         237
 SINCE 7/1       1959                        1477
COOLING TOTAL       0                           0
 SINCE 1/1          0                           0
..........................................................

WIND (MPH)
AVERAGE WIND SPEED              5.2
RESULTANT WIND SPEED/DIRECTION   2/219
HIGHEST WIND SPEED/DIRECTION    33/190    DATE  02/07
HIGHEST GUST SPEED/DIRECTION    44/180    DATE  02/07

SKY COVER
POSSIBLE SUNSHINE (PERCENT)   MM
AVERAGE SKY COVER           0.50
NUMBER OF DAYS FAIR           12
NUMBER OF DAYS PC              2
NUMBER OF DAYS CLOUDY         14

AVERAGE RH (PERCENT)     84

WEATHER CONDITIONS. NUMBER OF DAYS WITH
THUNDERSTORM              0     MIXED PRECIP               0
HEAVY RAIN               10     RAIN                      15
LIGHT RAIN               16     FREEZING RAIN              0
LT FREEZING RAIN          0     HAIL                       0
HEAVY SNOW                0     SNOW                       0
LIGHT SNOW                0     SLEET                      0
FOG                      17     FOG W/VIS <= 1/4 MILE      1
HAZE                      4

-  INDICATES NEGATIVE NUMBERS.
R  INDICATES RECORD WAS SET OR TIED.
MM INDICATES DATA IS MISSING.
T  INDICATES TRACE AMOUNT.

$$
