000
CXUS56 KMTR 011804
CLMWVI


CLIMATE REPORT
NATIONAL WEATHER SERVICE SAN FRANCISCO BAY AREA
1104 AM PDT SUN MAY 1 2016

...................................

...THE WATSONVILLE AIRPORT CLIMATE SUMMARY FOR THE MONTH OF APRIL 2016...

CLIMATE NORMAL PERIOD 1981 TO 2010
CLIMATE RECORD PERIOD 1998 TO 2016

WEATHER         OBSERVED          NORMAL   LAST YEAR`S
                 VALUE   DATE(S)  VALUE    VALUE  DATE(S)

.........................................................
TEMPERATURE (F)
HIGHEST            92   04/06        MM        90  04/30
LOWEST             41   04/25        MM        40  04/06
AVG. MAXIMUM     69.7                        70.1
AVG. MINIMUM     47.4                        46.1
MEAN             58.6              55.5      58.1
DAYS MAX >= 90      1                           1
DAYS MAX <= 32      0                           0
DAYS MIN <= 32      0                           0
DAYS MIN <= 0       0                           0

PRECIPITATION (INCHES)
RECORD
 MAXIMUM           MM   MM
 MINIMUM           MM   MM
TOTALS           0.63                        0.37
DAILY AVG.       0.02                        0.01
DAYS >= .01         5                           2
DAYS >= .10         2                           1
DAYS >= .50         0                           0
DAYS >= 1.00        0                           0
GREATEST
 24 HR. TOTAL    0.26   04/08 TO 04/09    04/25 TO 04/25
                                                   04/30 TO 04/30
                                                   04/30 TO 04/30

DEGREE_DAYS
HEATING TOTAL     192                         180
 SINCE 7/1       1956                        1306
COOLING TOTAL       7                           1
 SINCE 1/1          7                          14
..........................................................

WIND (MPH)
AVERAGE WIND SPEED              4.7
RESULTANT WIND SPEED/DIRECTION   2/222
HIGHEST WIND SPEED/DIRECTION    25/190    DATE  04/22
HIGHEST GUST SPEED/DIRECTION    35/190    DATE  04/22

SKY COVER
POSSIBLE SUNSHINE (PERCENT)   MM
AVERAGE SKY COVER           0.30
NUMBER OF DAYS FAIR           16
NUMBER OF DAYS PC              8
NUMBER OF DAYS CLOUDY          6

AVERAGE RH (PERCENT)     72

WEATHER CONDITIONS. NUMBER OF DAYS WITH
THUNDERSTORM              0     MIXED PRECIP               0
HEAVY RAIN                1     RAIN                       4
LIGHT RAIN                6     FREEZING RAIN              0
LT FREEZING RAIN          0     HAIL                       0
HEAVY SNOW                0     SNOW                       0
LIGHT SNOW                0     SLEET                      0
FOG                       9     FOG W/VIS <= 1/4 MILE      0
HAZE                      1

-  INDICATES NEGATIVE NUMBERS.
R  INDICATES RECORD WAS SET OR TIED.
MM INDICATES DATA IS MISSING.
T  INDICATES TRACE AMOUNT.

$$
