000
CXUS56 KMTR 021437
CLMWVI


CLIMATE REPORT
NATIONAL WEATHER SERVICE SAN FRANCISCO BAY AREA
737 AM PDT WED JUL 2 2014

...................................

...THE WATSONVILLE AIRPORT CLIMATE SUMMARY FOR THE MONTH OF JUNE 2014...

CLIMATE NORMAL PERIOD 1981 TO 2010
CLIMATE RECORD PERIOD 1998 TO 2014

WEATHER         OBSERVED          NORMAL   LAST YEAR`S
                 VALUE   DATE(S)  VALUE    VALUE  DATE(S)

.........................................................
TEMPERATURE (F)
HIGHEST            82   06/18        MM        87  06/28
LOWEST             47   06/18        MM        46  06/14
                        06/14
AVG. MAXIMUM     72.0                        72.7
AVG. MINIMUM     52.2                        51.6
MEAN             62.1              61.9      62.1
DAYS MAX >= 90      0                           0
DAYS MAX <= 32      0                           0
DAYS MIN <= 32      0                           0
DAYS MIN <= 0       0                           0

PRECIPITATION (INCHES)
RECORD
 MAXIMUM           MM   MM
 MINIMUM           MM   MM
TOTALS           0.01                        0.05
DAILY AVG.       0.00                        0.00
DAYS >= .01         1                           3
DAYS >= .10         0                           0
DAYS >= .50         0                           0
DAYS >= 1.00        0                           0
GREATEST
 24 HR. TOTAL    0.02   06/05 TO 06/06    06/23 TO 06/24
                                                   06/30 TO 06/30
                                                   06/30 TO 06/30

DEGREE_DAYS
HEATING TOTAL      93                         102
 SINCE 7/1       2413                        3020
COOLING TOTAL      13                          24
 SINCE 1/1         57                          30
..........................................................

WIND (MPH)
AVERAGE WIND SPEED              4.6
RESULTANT WIND SPEED/DIRECTION   3/181
HIGHEST WIND SPEED/DIRECTION    21/140    DATE  06/04
HIGHEST GUST SPEED/DIRECTION    41/150    DATE  06/23

SKY COVER
POSSIBLE SUNSHINE (PERCENT)   MM
AVERAGE SKY COVER           0.50
NUMBER OF DAYS FAIR            9
NUMBER OF DAYS PC             16
NUMBER OF DAYS CLOUDY          5

AVERAGE RH (PERCENT)     71

WEATHER CONDITIONS. NUMBER OF DAYS WITH
THUNDERSTORM              0     MIXED PRECIP               0
HEAVY RAIN                0     RAIN                       0
LIGHT RAIN                3     FREEZING RAIN              0
LT FREEZING RAIN          0     HAIL                       0
HEAVY SNOW                0     SNOW                       0
LIGHT SNOW                0     SLEET                      0
FOG                      20     FOG W/VIS <= 1/4 MILE      5
HAZE                     10

-  INDICATES NEGATIVE NUMBERS.
R  INDICATES RECORD WAS SET OR TIED.
MM INDICATES DATA IS MISSING.
T  INDICATES TRACE AMOUNT.

$$
