000
CXUS56 KMTR 011553
CLMWVI


CLIMATE REPORT
NATIONAL WEATHER SERVICE SAN FRANCISCO BAY AREA
743 AM PST WED FEB 1 2017

...................................

...THE WATSONVILLE AIRPORT CLIMATE SUMMARY FOR THE MONTH OF JANUARY 2017...

CLIMATE NORMAL PERIOD 1981 TO 2010
CLIMATE RECORD PERIOD 1998 TO 2017

WEATHER         OBSERVED          NORMAL   LAST YEAR`S
                 VALUE   DATE(S)  VALUE    VALUE  DATE(S)

.........................................................
TEMPERATURE (F)
HIGHEST            72   01/30        MM        65  01/26
                                                   01/21
                                                   01/20
LOWEST             31   01/06        MM        34  01/01
AVG. MAXIMUM     57.8                        59.6
AVG. MINIMUM     40.2                        45.4
MEAN             49.0              50.4      52.5
DAYS MAX >= 90      0                           0
DAYS MAX <= 32      0                           0
DAYS MIN <= 32      2                           0
DAYS MIN <= 0       0                           0

PRECIPITATION (INCHES)
RECORD
 MAXIMUM           MM   MM
 MINIMUM           MM   MM
TOTALS          13.36                        7.94
DAILY AVG.       0.43                        0.26
DAYS >= .01        17                          18
DAYS >= .10        14                          14
DAYS >= .50         8                           5
DAYS >= 1.00        6                           3
GREATEST
 24 HR. TOTAL    2.42   01/03 TO 01/04    01/19 TO 01/19
                                                   01/31 TO 01/31
                                                   01/31 TO 01/31

DEGREE_DAYS
HEATING TOTAL     488                         378
 SINCE 7/1       1625                        1240
COOLING TOTAL       0                           0
 SINCE 1/1          0                           0
..........................................................

WIND (MPH)
AVERAGE WIND SPEED              4.4
RESULTANT WIND SPEED/DIRECTION   1/179
HIGHEST WIND SPEED/DIRECTION    31/180    DATE  01/10
HIGHEST GUST SPEED/DIRECTION    41/190    DATE  01/10

SKY COVER
POSSIBLE SUNSHINE (PERCENT)   MM
AVERAGE SKY COVER           0.40
NUMBER OF DAYS FAIR           14
NUMBER OF DAYS PC              8
NUMBER OF DAYS CLOUDY          9

AVERAGE RH (PERCENT)     82

WEATHER CONDITIONS. NUMBER OF DAYS WITH
THUNDERSTORM              0     MIXED PRECIP               0
HEAVY RAIN               13     RAIN                      13
LIGHT RAIN               18     FREEZING RAIN              0
LT FREEZING RAIN          0     HAIL                       0
HEAVY SNOW                0     SNOW                       0
LIGHT SNOW                0     SLEET                      0
FOG                      22     FOG W/VIS <= 1/4 MILE      1
HAZE                      2

-  INDICATES NEGATIVE NUMBERS.
R  INDICATES RECORD WAS SET OR TIED.
MM INDICATES DATA IS MISSING.
T  INDICATES TRACE AMOUNT.

$$
