000
CXAK57 PAYA 031839
CLMYAK

CLIMATE REPORT
NATIONAL WEATHER SERVICE YAKUTAT, AK
1039 AM AKDT THU SEP 3 2015

...................................

...THE YAKUTAT AP CLIMATE SUMMARY FOR THE MONTH OF AUGUST 2015...

CLIMATE NORMAL PERIOD 1981 TO 2010
CLIMATE RECORD PERIOD 1948 TO 2015

WEATHER         OBSERVED          NORMAL  DEPART  LAST YEAR`S
                 VALUE   DATE(S)  VALUE   FROM    VALUE  DATE(S)
                                          NORMAL
................................................................
TEMPERATURE (F)
RECORD
 HIGH              88   8/15/2004
 LOW               29   8/24/1974
HIGHEST            69   8/04         72      -3      64  8/21
LOWEST             39                36       3      40  8/21
AVG. MAXIMUM       62.0              60.5     1.5    59.7
AVG. MINIMUM       48.0              47.2     0.8    49.6
MEAN               55.0              53.8     1.2    54.6
DAYS MAX >= 90      0                 0.0     0.0     0
DAYS MAX <= 32      0                 0.0     0.0     0
DAYS MAX >= 80      0                 0.1    -0.1     0
DAYS MAX >= 70      0                 1.6    -1.6     0
DAYS MIN <= 32      0                 0.0    -0.0     0
DAYS MIN <= 0       0                 0.0     0.0     0

PRECIPITATION (INCHES)
RECORD
 MAXIMUM           27.74   1991
 MINIMUM            2.26   2007
TOTALS             13.91             14.07   -0.16   23.17
DAILY AVG.          0.45              0.45    0.00    0.75
DAYS >= .01        19                19.1    -0.1    23
DAYS >= .10        13                14.0    -1.0    22
DAYS >= .50         9                 8.2     0.8    15
DAYS >= 1.0         5                 5.2    -0.2     9
GREATEST
 24 HR TOTAL        4.39   8/17                       4.07  8/14

SNOWFALL (INCHES)
RECORDS
 TOTAL              0.0   1999
 24 HR TOTAL        0.0   8-21-2003
 SNOW DEPTH       190     8-05-2011
TOTALS              0.0               0.0     0.0     0.0
SINCE 7/1           0.0               0.0     0.0     0.0
SNOWDEPTH AVG.      0                 0       0       0
DAYS >= TRACE       0                 0.1    -0.1     0
DAYS >= 1.0         0                 0.0     0.0     0
DAYS >= 6.0         0                 0.0     0.0     0
GREATEST
 SNOW DEPTH         0   MM                            0  MM
 24 HR TOTAL      0.0   MM                          0.0  MM

DEGREE_DAYS
HEATING TOTAL     300               346     -46     314
 SINCE 7/1        568               678    -110     627
COOLING TOTAL       0                 0       0       0
 SINCE 1/1          0                 0       0       0
................................................................

WIND (MPH)
AVERAGE WIND SPEED                4.4
HIGHEST WIND SPEED/DIRECTION     20/070    DATE   08/23
HIGHEST GUST SPEED/DIRECTION     31/140    DATE   08/22

SKY COVER
POSSIBLE SUNSHINE (PERCENT)   MM
AVERAGE SKY COVER             MM
NUMBER OF DAYS FAIR           MM
NUMBER OF DAYS PC             MM
NUMBER OF DAYS CLOUDY         MM

AVERAGE RH (PERCENT)     MM

WEATHER CONDITIONS. NUMBER OF DAYS WITH
THUNDERSTORM              0     ICE PELLETS                 0
RAIN                     21     GLAZE                       0
DRIZZLE                   0     HAIL                        0
SNOW                      0     HAZE                        0
FOG                      20     FOG W/VIS <= 1/4 MILE       8
BLOWING SNOW              0


-  INDICATES NEGATIVE NUMBERS.
R  INDICATES RECORD WAS SET OR TIED.
MM INDICATES DATA IS MISSING.
T  INDICATES TRACE AMOUNT.

&&
AUGUST IS NORMALLY A WARM AND WET MONTH FOR YAKUTAT AND THIS WAS NO EXCEPTION. A
DEFINING TRAIT OF AUGUST IS PERIODIC SYSTEMS OF TROPICAL ORIGIN THAT BRING HEAVY
RAINFALL OVER ONE OR TWO DAYS. THIS MONTH HAD A SYSTEM MOVE THROUGH ON THE 17TH
THAT BROUGHT HEAVY RAIN TOTALING OVER 4 INCHES AND RISK FOR FLOODING OVER SE
ALASKA. THE REST OF THE MONTH WAS STITCHED BETWEEN RAIN AND FAIR WEATHER AND
ALIGNED WITH EXPECTED CLIMATE FOR THE PERIOD.
$$
NJM SEP 15
