000
CXUS56 KPDT 011846
CLMYKM

CLIMATE REPORT
NATIONAL WEATHER SERVICE PENDLETON OREGON
1046 AM PST MON FEB 01 2016

....................................

...THE YAKIMA WA CLIMATE SUMMARY FOR THE MONTH OF JANUARY 2016...

CLIMATE NORMAL PERIOD 1981 TO 2010
CLIMATE RECORD PERIOD 1909 TO 2016

WEATHER         OBSERVED          NORMAL  DEPART  LAST YEAR`S
                 VALUE   DATE(S)  VALUE   FROM    VALUE  DATE(S)
                                          NORMAL

................................................................

TEMPERATURE (F)
RECORD
 HIGH              68   1/30/1971
 LOW              -21   1/31/1950
HIGHEST            57   1/28       55         2            61   1/ 5
LOWEST              0   1/ 1        8        -8             9   1/ 1
AVG. MAXIMUM     39.3            38.6       0.7          40.9
AVG. MINUMUM     28.1            23.3       4.8          28.5
MEAN             33.7            31.0       2.7          34.7
DAYS MAX >= 90      0               0         0             0
DAYS MAX <= 32      5               7        -2             5
DAYS MIN <= 32     17              27       -10            21
DAYS MIN <= 0       1               0         1            21


PRECIPITATION (INCHES)
RECORD
 MAXIMUM          3.68   1995
 MINIMUM          0.09   1985
TOTALS            2.31            1.15      1.16          0.70
DAILY AVG.        0.07            0.04      0.03          0.02
DAYS >=  0.01       16              10         6             6
DAYS >=  0.10        9               4         5             1
DAYS >=  0.50        1               0         1             1
DAYS >=  1.00        0               0         0             0
GREATEST
 24 HR. TOTAL     0.50   1/19



SNOWFALL (INCHES)
RECORD
 MAXIMUM          26.6   1950
 MINIMUM             T   2002
TOTALS            11.7             5.3       6.4           1.6
SINCE 7/1         30.6            18.7      11.9           1.6
DAYS >=  TRACE      15               4        10             5
DAYS >=  1.0         6               2         3             1
GREATEST
 24 HR. TOTAL      3.5   1/ 3


DEGREE DAYS
HEATING TOTAL      963            1057       -94           930
 SINCE 7/1        3112            3718      -606          3008
COOLING TOTAL        0               0         0             0
 SINCE 1/1           0               0         0             0

.............................................................

WIND (MPH)
AVERAGE WIND SPEED                     3.7
RESULTANT WIND SPEED/DIRECTION         3/271
HIGHEST WIND SPEED/DIRECTION          24/290      DATE          01/28
HIGHEST GUST SPEED/DIRECTION          33/20       DATE          01/01


WEATHER CONDITIONS. NUMBER OF DAYS WITH
THUNDERSTORM               0    MIXED PRECIP                           0
HEAVY RAIN                 0    RAIN                                   4
LIGHT RAIN                12    FREEZING RAIN                          0
LT FREEZING RAIN           0    HAIL                                   0
HEAVY SNOW                 0    SNOW                                   1
LIGHT SNOW                14    SLEET                                  0
FOG                       24    FOG W/VIS <=1/4 MILE                  12
HAZE                      16

-  INDICATES NEGATIVE NUMBERS.
R  INDICATES RECORD WAS SET OR TIED.
MM INDICATES DATA IS MISSING.
T  INDICATES TRACE AMOUNT.

$$
