000
CXUS56 KPDT 011441
CLMYKM

CLIMATE REPORT
NATIONAL WEATHER SERVICE PENDLETON OREGON
639 AM PST WED FEB 01 2017

....................................

...THE YAKIMA WA CLIMATE SUMMARY FOR THE MONTH OF JANUARY 2017...

CLIMATE NORMAL PERIOD 1981 TO 2010
CLIMATE RECORD PERIOD 1909 TO 2017

WEATHER         OBSERVED          NORMAL  DEPART  LAST YEAR`S
                 VALUE   DATE(S)  VALUE   FROM    VALUE  DATE(S)
                                          NORMAL

................................................................

TEMPERATURE (F)
RECORD
 HIGH              68   1/30/1971
 LOW              -21   1/31/1950
HIGHEST            44   1/21       55       -11            57   1/28
LOWEST             -4   1/ 6        8       -12             0   1/ 1
AVG. MAXIMUM     29.8            38.6      -8.8          39.3
AVG. MINUMUM     16.6            23.3      -6.7          28.1
MEAN             23.2            31.0      -7.8          33.7
DAYS MAX >= 90      0               0         0             0
DAYS MAX <= 32     19               7        12             5
DAYS MIN <= 32     29              27         2            17
DAYS MIN <= 0       4               0         4            17


PRECIPITATION (INCHES)
RECORD
 MAXIMUM          3.68   1995
 MINIMUM          0.09   1985
TOTALS            2.16            1.15      1.01          2.31
DAILY AVG.        0.07            0.04      0.03          0.07
DAYS >=  0.01       13              10         3            16
DAYS >=  0.10        8               4         4             9
DAYS >=  0.50        1               0         1             1
DAYS >=  1.00        0               0         0             0
GREATEST
 24 HR. TOTAL     0.56   1/ 8



SNOWFALL (INCHES)
RECORD
 MAXIMUM          26.6   1950
 MINIMUM             T   2002
TOTALS            14.7             5.3       9.4          11.7
SINCE 7/1         22.1            18.7       3.4          30.6
DAYS >=  TRACE      16               4        11            15
DAYS >=  1.0         3               2         0             6
GREATEST
 24 HR. TOTAL      6.0   1/ 1


DEGREE DAYS
HEATING TOTAL     1289            1057       232           963
 SINCE 7/1        3509            3718      -209          3112
COOLING TOTAL        0               0         0             0
 SINCE 1/1           0               0         0             0

.............................................................

WIND (MPH)
AVERAGE WIND SPEED                     4.2
RESULTANT WIND SPEED/DIRECTION         3/219
HIGHEST WIND SPEED/DIRECTION          28/40       DATE          01/02
HIGHEST GUST SPEED/DIRECTION          36/20       DATE          01/04


WEATHER CONDITIONS. NUMBER OF DAYS WITH
THUNDERSTORM               0    MIXED PRECIP                           1
HEAVY RAIN                 0    RAIN                                   1
LIGHT RAIN                 3    FREEZING RAIN                          0
LT FREEZING RAIN           3    HAIL                                   0
HEAVY SNOW                 2    SNOW                                   5
LIGHT SNOW                16    SLEET                                  1
FOG                       24    FOG W/VIS <=1/4 MILE                   9
HAZE                      18

-  INDICATES NEGATIVE NUMBERS.
R  INDICATES RECORD WAS SET OR TIED.
MM INDICATES DATA IS MISSING.
T  INDICATES TRACE AMOUNT.

$$
