000
CXUS56 KPDT 012335
CLMYKM

CLIMATE REPORT
NATIONAL WEATHER SERVICE PENDLETON OREGON
330 PM PST SUN MAR 01 2015

....................................

...THE YAKIMA WA CLIMATE SUMMARY FOR THE MONTH OF FEBRUARY 2015...

CLIMATE NORMAL PERIOD 1981 TO 2010
CLIMATE RECORD PERIOD 1909 TO 2015

WEATHER         OBSERVED          NORMAL  DEPART  LAST YEAR`S
                 VALUE   DATE(S)  VALUE   FROM    VALUE  DATE(S)
                                          NORMAL

................................................................

TEMPERATURE (F)
RECORD
 HIGH              69   2/23/1947
 LOW              -25   2/ 1/1950
HIGHEST            67   2/14       59         8            58   2/12
LOWEST              0   2/25       11       -11            -4   2/ 7
AVG. MAXIMUM     55.5            46.3       9.2          41.6
AVG. MINUMUM     30.5            25.9       4.6          23.9
MEAN             43.0            36.1       6.9          32.7
DAYS MAX >= 90      0               0         0             0
DAYS MAX <= 32      0               2        -2             7
DAYS MIN <= 32     17              23        -6            25
DAYS MIN <= 0       1               0         1            25


PRECIPITATION (INCHES)
RECORD
 MAXIMUM          2.46   1961
 MINIMUM             T   1988
TOTALS            0.99            0.78      0.21          1.43
DAILY AVG.        0.04            0.03      0.01          0.05
DAYS >=  0.01        8               8         0            11
DAYS >=  0.10        3               3         0             4
DAYS >=  0.50        1               0         1             1
DAYS >=  1.00        0               0         0             0
GREATEST
 24 HR. TOTAL     0.54   2/27



SNOWFALL (INCHES)
RECORD
 MAXIMUM          17.7   2014
 MINIMUM           0.0   2013
TOTALS             0.0             2.6      -2.6          17.7
SINCE 7/1          1.6            21.4     -19.8          18.2
DAYS >=  TRACE                       2        -2            10
DAYS >=  1.0         0               1         0             3
GREATEST
 24 HR. TOTAL      0.0   2/28


DEGREE DAYS
HEATING TOTAL      574             809      -235           896
 SINCE 7/1        3582            4553      -971          4402
COOLING TOTAL        0               0         0             0
 SINCE 1/1           0               0         0             0

.............................................................

WIND (MPH)
AVERAGE WIND SPEED                     4.7
RESULTANT WIND SPEED/DIRECTION         3/248
HIGHEST WIND SPEED/DIRECTION          30/190      DATE          02/07
HIGHEST GUST SPEED/DIRECTION          47/280      DATE          02/07


WEATHER CONDITIONS. NUMBER OF DAYS WITH
THUNDERSTORM               0    MIXED PRECIP                        0
HEAVY RAIN                 0    RAIN                                2
LIGHT RAIN                13    FREEZING RAIN                       0
LT FREEZING RAIN           1    HAIL                                0
HEAVY SNOW                 0    SNOW                                0
LIGHT SNOW                 0    SLEET                               0
FOG                       11    FOG W/VIS <=1/4 MILE                3
HAZE                       4

-  INDICATES NEGATIVE NUMBERS.
R  INDICATES RECORD WAS SET OR TIED.
MM INDICATES DATA IS MISSING.
T  INDICATES TRACE AMOUNT.

$$
