000
CXUS51 KCLE 052148
CLMYNG


CLIMATE REPORT
NATIONAL WEATHER SERVICE CLEVELAND OH
425 PM EST MON JAN 5 2015

...................................

...THE YOUNGSTOWN OH CLIMATE SUMMARY FOR THE MONTH OF DECEMBER 2014...

CLIMATE NORMAL PERIOD 1981 TO 2010
CLIMATE RECORD PERIOD 1897 TO 2015

WEATHER         OBSERVED          NORMAL  DEPART  LAST YEAR`S
                 VALUE   DATE(S)  VALUE   FROM    VALUE
                                          NORMAL
.............................................................
TEMPERATURE (F)
RECORD
 HIGH              76   12/03/1982
 LOW              -12   12/22/1989
                        12/25/1983
                        12/24/1983
HIGHEST            60   12/01
LOWEST             15   12/31
AVG. MAXIMUM     40.2              36.5     3.7     37.1
AVG. MINIMUM     29.0              24.0     5.0     24.0
MEAN             34.6              30.3     4.3     30.5
DAYS MAX >= 90      0               0.0     0.0        0
DAYS MAX <= 32      8              10.9    -2.9       14
DAYS MIN <= 32     22              24.7    -2.7       25
DAYS MIN <= 0       0               0.6    -0.6        0

PRECIPITATION (INCHES)
RECORD
 MAXIMUM         6.53   1990
 MINIMUM         0.88
TOTALS           2.32              2.99   -0.67     3.52
DAYS >= .01        16              17.2    -1.2       21
DAYS >= .10         6               7.9    -1.9        9
DAYS >= .50         1               1.4    -0.4        2
DAYS >= 1.00        0               0.3    -0.3        1
GREATEST
 24 HR. TOTAL    0.93   12/05 TO 12/06              1.25

SNOWFALL (INCHES)
RECORDS
 TOTAL           53.1   2010
TOTALS            0.7              15.0   -14.3     20.5
SINCE 7/1        12.3              19.4    -7.1     34.6
DAYS >= 1.0         0               4.8    -4.8        8
GREATEST
 24 HR TOTAL      0.3   12/18 TO 12/19

DEGREE_DAYS
HEATING TOTAL     933              1077    -144     1062
 SINCE 7/1       2343              2406     -63     2444
COOLING TOTAL       0                 0       0        0
 SINCE 1/1        533               544     -11      630
..............................................................

WIND (MPH)
AVERAGE WIND SPEED              9.5
HIGHEST WIND SPEED/DIRECTION    38/250    DATE  12/24
HIGHEST GUST SPEED/DIRECTION    54/220    DATE  12/24

SKY COVER
AVERAGE SKY COVER           0.90

AVERAGE RH (PERCENT)     77

WEATHER CONDITIONS. NUMBER OF DAYS WITH
THUNDERSTORM              0     MIXED PRECIP               2
HEAVY RAIN                0     RAIN                       1
LIGHT RAIN               17     FREEZING RAIN              1
LT FREEZING RAIN          5     HAIL                       0
HEAVY SNOW                0     SNOW                       6
LIGHT SNOW                7     SLEET                      1
FOG                      22     FOG W/VIS <= 1/4 MILE      4
HAZE                      3

-  INDICATES NEGATIVE NUMBERS.
R  INDICATES RECORD WAS SET OR TIED.
MM INDICATES DATA IS MISSING.
T  INDICATES TRACE AMOUNT.

$$
