000
CXUS51 KALY 010730 CCA
CLSALB

CLIMATE REPORT...SEASONAL...CORRECTED
NATIONAL WEATHER SERVICE ALBANY NY
214 AM EST TUE MAR 1 2016

...................................

...THE ALBANY NY CLIMATE SUMMARY FOR THE SEASON, FROM
12/1/2015 TO 2/29/2016...

CLIMATE NORMAL PERIOD 1981 TO 2010
CLIMATE RECORD PERIOD 1874 TO 2016

WEATHER         OBSERVED          NORMAL  DEPART  LAST YEAR`S
                 VALUE   DATE(S)  VALUE   FROM    VALUE  DATE(S)
                                          NORMAL
................................................................
TEMPERATURE (F)
RECORD
 HIGH              72   12/24/2015
 LOW              -28   01/19/1971
HIGHEST            72R  12/24                         58  12/25
LOWEST            -13   02/14                        -12  02/03
AVG. MAXIMUM     42.0              33.6     8.4     29.9
AVG. MINIMUM     24.8              17.7     7.1     13.4
MEAN             33.4R             25.6     7.8     21.7
DAYS MAX >= 90      0               0.0     0.0        0
DAYS MAX <= 32     19              37.9   -18.9       53
DAYS MIN <= 32     63              80.2   -17.2       80
DAYS MIN <= 0       3               7.3    -4.3       19

PRECIPITATION (INCHES)
RECORD
 MAXIMUM        13.45   1870
 MINIMUM         2.25   1980
TOTALS           8.98              7.72    1.26     9.69
DAILY AVG.       0.10              0.09    0.01     0.11
DAYS >= .01        30              35.1    -5.1       38
DAYS >= .10        17              17.6    -0.6       19
DAYS >= .50         4               5.3    -1.3        8
DAYS >= 1.00        1               1.0     0.0        1
GREATEST
 24 HR. TOTAL    2.32   02/24 TO 02/25

SNOWFALL (INCHES)
RECORDS
 24 HR TOTAL     23.5   02/14/1914 TO 02/14/1914
 SNOW DEPTH        36   01/01/1970
                        12/29/1969
                        12/28/1969
TOTALS           10.3R             43.8   -33.5     58.3
SNOWDEPTH AVG.      0
DAYS >= TRACE      38              25.3    12.7
DAYS >= 1.0         5              10.8    -5.8
GREATEST
 SNOW DEPTH         2   02/16                         17  02/15
                        02/09
                        02/10
 24 HR TOTAL      1.5   02/15 TO 02/15

DEGREE_DAYS
HEATING TOTAL    2846              3541    -695
 SINCE 7/1       3929              4944   -1015
COOLING TOTAL       0                 0       0
 SINCE 1/1          0                 0       0

FREEZE DATES
RECORD
 EARLIEST     09/24/1963
 LATEST       05/27/1969
EARLIEST                        10/10
LATEST                          04/28
.................................................................

WIND (MPH)
AVERAGE WIND SPEED              8.5
HIGHEST WIND SPEED/DIRECTION    39/290    DATE  01/19
HIGHEST GUST SPEED/DIRECTION    52/290    DATE  01/19


WEATHER CONDITIONS. NUMBER OF DAYS WITH
THUNDERSTORM              3     MIXED PRECIP               0
HEAVY RAIN                2     RAIN                       9
LIGHT RAIN               32     FREEZING RAIN              2
LT FREEZING RAIN          7     HAIL                       0
HEAVY SNOW                0     SNOW                       8
LIGHT SNOW               36     SLEET                      7
FOG                      31     FOG W/VIS <= 1/4 MILE      6
HAZE                      4

-  INDICATES NEGATIVE NUMBERS.
R  INDICATES RECORD WAS SET OR TIED.
MM INDICATES DATA IS MISSING.
T  INDICATES TRACE AMOUNT.

$$
