000
CXUS55 KPUB 020011
CLSALS

CLIMATE REPORT
NATIONAL WEATHER SERVICE PUEBLO
510 PM MST WED MAR 1 2017

...................................

...THE ALAMOSA CO CLIMATE SUMMARY FOR THE SEASON, FROM
12/1/2016 TO 2/28/2017...

CLIMATE NORMAL PERIOD 1981 TO 2010
CLIMATE RECORD PERIOD 1932 TO 2017

WEATHER         OBSERVED          NORMAL  DEPART  LAST YEAR`S
                 VALUE   DATE(S)  VALUE   FROM    VALUE  DATE(S)
                                          NORMAL
................................................................
TEMPERATURE (F)
RECORD
 HIGH              66   02/25/1986
 LOW              -50   01/28/1948

HIGHEST            60   12/15                         61  02/18
                                                          02/20
LOWEST            -36   01/07                        -26  01/11
AVG. MAXIMUM     36.1              36.5    -0.4     39.0
AVG. MINIMUM      6.8               3.5     3.3      3.3
MEAN             21.5              19.0     2.5     21.1
DAYS MAX >= 90      0               0.0     0.0
DAYS MAX <= 32     32              29.4     2.6
DAYS MIN <= 32     87              89.8    -2.8
DAYS MIN <= 0      32              39.7    -7.7

PRECIPITATION (INCHES)
RECORD
 MAXIMUM         2.17   1965
 MINIMUM         0.08   1999

TOTALS           2.73R             0.87    1.86     1.23
DAILY AVG.       0.03              0.01    0.02
DAYS >= .01        19              11.9     7.1
DAYS >= .10        10               3.0     7.0
DAYS >= .50         0               0.0     0.0
DAYS >= 1.00        0               0.0     0.0

GREATEST
 24 HR. TOTAL    0.61   01/05 TO 01/06

SNOWFALL (INCHES)
RECORDS
 MAXIMUM         38.1   1965
 MINIMUM          1.6   1935

TOTALS           34.5              12.3    22.2     14.5
SINCE 7/1        35.5              18.1    17.4     18.8
SNOWDEPTH AVG.      2
DAYS >= 1.0        13               4.3     8.7

GREATEST
 SNOW DEPTH        12   01/06                          5
 24 HR TOTAL     10.7   01/05 TO 01/06               5.3

DEGREE_DAYS
HEATING TOTAL    3925              4154    -229     3988
 SINCE 7/1       5789              6329    -540     5740
COOLING TOTAL       0                 0       0        0
 SINCE 1/1          0                 0       0        0
.................................................................

WIND (MPH)
AVERAGE WIND SPEED              6.2
HIGHEST WIND SPEED/DIRECTION    47/240    DATE  12/16
HIGHEST GUST SPEED/DIRECTION    60/240    DATE  12/16

SKY COVER
POSSIBLE SUNSHINE (PERCENT)   MM
AVERAGE SKY COVER           0.30
NUMBER OF DAYS FAIR           62
NUMBER OF DAYS PC             14
NUMBER OF DAYS CLOUDY         14

AVERAGE RH (PERCENT)     72

WEATHER CONDITIONS. NUMBER OF DAYS WITH
THUNDERSTORM              0     MIXED PRECIP               0
HEAVY RAIN                0     RAIN                       1
LIGHT RAIN                4     FREEZING RAIN              0
LT FREEZING RAIN          0     HAIL                       0
HEAVY SNOW                1     SNOW                       9
LIGHT SNOW               22     SLEET                      0
FOG                      39     FOG W/VIS <= 1/4 MILE     15
HAZE                     11

-  INDICATES NEGATIVE NUMBERS.
R  INDICATES RECORD WAS SET OR TIED.
MM INDICATES DATA IS MISSING.
T  INDICATES TRACE AMOUNT.

$$
!--NOT SENT--!
