000
CXUS55 KPUB 021643
CLSALS

CLIMATE REPORT
NATIONAL WEATHER SERVICE PUEBLO
924 AM MST FRI DEC 2 2016

...................................

...THE ALAMOSA CO CLIMATE SUMMARY FOR THE SEASON, FROM
9/1/2016 TO 11/30/2016...

CLIMATE NORMAL PERIOD 1981 TO 2010
CLIMATE RECORD PERIOD 1932 TO 2016

WEATHER         OBSERVED          NORMAL  DEPART  LAST YEAR`S
                 VALUE   DATE(S)  VALUE   FROM    VALUE  DATE(S)
                                          NORMAL
................................................................
TEMPERATURE (F)
RECORD
 HIGH              87   09/04/2013
                        09/13/1990
                        09/08/1977
 LOW              -30   11/27/1952
HIGHEST            82   09/08                         83  09/13
                        09/09                             09/10
                        09/19
LOWEST             -5   11/30                          3  11/22
AVG. MAXIMUM     65.9              60.6     5.3     64.1
AVG. MINIMUM     25.8              24.5     1.3     28.2
MEAN             45.9              42.5     3.4     46.2
DAYS MAX >= 90      0               0.0     0.0
DAYS MAX <= 32      1               3.0    -2.0
DAYS MIN <= 32     63              63.0     0.0
DAYS MIN <= 0       3               3.3    -0.3

PRECIPITATION (INCHES)
RECORD
 MAXIMUM         4.16   1972
                        1938
 MINIMUM         0.23   1955
TOTALS           0.74              2.01   -1.27     2.20
DAILY AVG.       0.01              0.02   -0.01
DAYS >= .01        11              15.4    -4.4
DAYS >= .10         3               6.3    -3.3
DAYS >= .50         0               0.7    -0.7
DAYS >= 1.00        0               0.0     0.0
GREATEST
 24 HR. TOTAL    0.17   11/04 TO 11/05

SNOWFALL (INCHES)
RECORDS
 TOTAL           34.1   1972
TOTALS            1.0               5.8    -4.8      4.3
SINCE 7/1         1.0               5.8    -4.8      4.3
SNOWDEPTH AVG.      0
DAYS >= 1.0         1               1.8    -0.8
GREATEST
 SNOW DEPTH         1   11/27                          4
 24 HR TOTAL      1.0   11/27 TO 11/27               3.5

DEGREE_DAYS
HEATING TOTAL    1720              2046    -326     1686
 SINCE 7/1       1864              2175    -311     1778
COOLING TOTAL       0                 0       0        0
 SINCE 1/1        115                51      64       74
.................................................................

WIND (MPH)
AVERAGE WIND SPEED              6.9
HIGHEST WIND SPEED/DIRECTION    48/220    DATE  11/17
HIGHEST GUST SPEED/DIRECTION    58/220    DATE  11/17

SKY COVER
POSSIBLE SUNSHINE (PERCENT)   MM
AVERAGE SKY COVER           0.20
NUMBER OF DAYS FAIR           78
NUMBER OF DAYS PC             11
NUMBER OF DAYS CLOUDY          2

AVERAGE RH (PERCENT)     52

WEATHER CONDITIONS. NUMBER OF DAYS WITH
THUNDERSTORM              5     MIXED PRECIP               0
HEAVY RAIN                2     RAIN                       5
LIGHT RAIN               18     FREEZING RAIN              0
LT FREEZING RAIN          0     HAIL                       0
HEAVY SNOW                1     SNOW                       1
LIGHT SNOW                2     SLEET                      0
FOG                      11     FOG W/VIS <= 1/4 MILE      4
HAZE                      5

-  INDICATES NEGATIVE NUMBERS.
R  INDICATES RECORD WAS SET OR TIED.
MM INDICATES DATA IS MISSING.
T  INDICATES TRACE AMOUNT.

$$
