000
CXUS55 KPUB 041604 CCA
CLSALS

CLIMATE REPORT
NATIONAL WEATHER SERVICE PUEBLO
1040 AM MDT WED SEP 3 2014

...................................

...THE ALAMOSA CO CLIMATE SUMMARY FOR THE SEASON, FROM
6/1/2014 TO 8/31/2014...

CLIMATE NORMAL PERIOD 1981 TO 2010
CLIMATE RECORD PERIOD 1932 TO 2014

WEATHER         OBSERVED          NORMAL  DEPART  LAST YEAR`S
                 VALUE   DATE(S)  VALUE   FROM    VALUE  DATE(S)
                                          NORMAL
................................................................
TEMPERATURE (F)
RECORD
 HIGH              96   07/05/1989
 LOW               23   06/03/1936
HIGHEST            90   07/22                         94  06/27
                        06/29
LOWEST             29   06/15                         27  06/02
                        06/10
AVG. MAXIMUM     81.1              80.1     1.0     82.8
AVG. MINIMUM     44.3              44.5    -0.2     44.9
MEAN             62.7              62.3     0.4     63.8
DAYS MAX >= 90      2               1.6     0.4
DAYS MAX <= 32      0               0.0     0.0
DAYS MIN <= 32      2               1.8     0.2
DAYS MIN <= 0       0               0.0     0.0

PRECIPITATION (INCHES)
RECORD
 MAXIMUM         6.04   2001
 MINIMUM         0.75   1980
TOTALS           2.07              2.70   -0.63     3.82
DAILY AVG.       0.02              0.03   -0.01
DAYS >= .01        14              23.2    -9.2
DAYS >= .10         4               8.1    -4.1
DAYS >= .50         2               0.9     1.1
DAYS >= 1.00        0               0.1    -0.1
GREATEST
 24 HR. TOTAL    0.59   07/15 TO 07/16

SNOWFALL (INCHES)
RECORDS
 TOTAL            1.2   1950
TOTALS            0.0               0.0     0.0      0.0
SINCE 7/1         0.0               0.0     0.0      0.0
SNOWDEPTH AVG.      0
DAYS >= 1.0         0               0.0     0.0
GREATEST
 SNOW DEPTH         0   MM                             0
 24 HR TOTAL      0.0   MM                           0.0

DEGREE_DAYS
HEATING TOTAL     247               297     -50      177
 SINCE 7/1        121               129      -8       75
COOLING TOTAL      60                51       9       99
 SINCE 1/1         60                51       9       99
.................................................................

WIND (MPH)
AVERAGE WIND SPEED              7.6
HIGHEST WIND SPEED/DIRECTION    41/300    DATE  06/08
HIGHEST GUST SPEED/DIRECTION    58/300    DATE  06/08

SKY COVER
POSSIBLE SUNSHINE (PERCENT)   MM
AVERAGE SKY COVER           0.10
NUMBER OF DAYS FAIR           77
NUMBER OF DAYS PC             15
NUMBER OF DAYS CLOUDY          0

AVERAGE RH (PERCENT)     52

WEATHER CONDITIONS. NUMBER OF DAYS WITH
THUNDERSTORM             21     MIXED PRECIP               0
HEAVY RAIN                3     RAIN                       6
LIGHT RAIN               41     FREEZING RAIN              0
LT FREEZING RAIN          0     HAIL                       0
HEAVY SNOW                0     SNOW                       0
LIGHT SNOW                0     SLEET                      0
FOG                      10     FOG W/VIS <= 1/4 MILE      2
HAZE                      8

-  INDICATES NEGATIVE NUMBERS.
R  INDICATES RECORD WAS SET OR TIED.
MM INDICATES DATA IS MISSING.
T  INDICATES TRACE AMOUNT.

$$
