000
CXUS51 KCTP 011604
CLSAOO

CLIMATE REPORT
NATIONAL WEATHER SERVICE STATE COLLEGE PA
1147 AM EDT MON JUN 1 2015

...................................

...THE ALTOONA CLIMATE SUMMARY FOR THE SEASON, FROM
3/1/2015 TO 5/31/2015...

CLIMATE NORMAL PERIOD 1981 TO 2010
CLIMATE RECORD PERIOD 1948 TO 2015

WEATHER         OBSERVED          NORMAL  DEPART  LAST YEAR`S
                 VALUE   DATE(S)  VALUE   FROM    VALUE  DATE(S)
                                          NORMAL
................................................................
TEMPERATURE (F)
RECORD
 HIGH              94   05/29/1969
 LOW                1   03/02/1980
                        03/09/1960

HIGHEST            87   05/30        MM      MM       87  05/13
LOWEST              2   03/06        MM      MM        6  03/04
AVG. MAXIMUM     60.7              58.3     2.4     57.8
AVG. MINIMUM     39.4              37.8     1.6     37.4
MEAN             50.0              48.1     1.9     47.6
DAYS MAX >= 90      0                MM      MM        0
DAYS MAX <= 32      4                MM      MM        7
DAYS MIN <= 32     31                MM      MM       28
DAYS MIN <= 0       0                MM      MM        0

PRECIPITATION (INCHES)
RECORD
 MAXIMUM        18.15   2011
 MINIMUM         3.35   2005

TOTALS           6.98              9.97   -2.99    10.14
DAILY AVG.       0.08              0.11   -0.03     0.11
DAYS >= .01        40                MM      MM       34
DAYS >= .10        21                MM      MM       22
DAYS >= .50         4                MM      MM        8
DAYS >= 1.00        0                MM      MM        2
GREATEST
 24 HR. TOTAL    1.15   MM

 STORM TOTAL       MM
 (MM/DD(HH))            MM


DEGREE_DAYS
HEATING TOTAL    1462              1590    -128     1593
 SINCE 7/1       6255              6146     109     6337
COOLING TOTAL     104                33      71       47
 SINCE 1/1        104                33      71       47

FREEZE DATES
RECORD
 EARLIEST     09/21/1956
 LATEST       06/01/1966
EARLIEST                        MM
LATEST                          MM
..................................................

WIND (MPH)
AVERAGE WIND SPEED              8.2
RESULTANT WIND SPEED/DIRECTION   4/271
HIGHEST WIND SPEED/DIRECTION    38/300    DATE  03/15
HIGHEST GUST SPEED/DIRECTION    49/290    DATE  03/15

SKY COVER
POSSIBLE SUNSHINE (PERCENT)   MM
AVERAGE SKY COVER           0.40
NUMBER OF DAYS FAIR           39
NUMBER OF DAYS PC             33
NUMBER OF DAYS CLOUDY         20

AVERAGE RH (PERCENT)     62

WEATHER CONDITIONS. NUMBER OF DAYS WITH
THUNDERSTORM             10     MIXED PRECIP               0
HEAVY RAIN                6     RAIN                      15
LIGHT RAIN               43     FREEZING RAIN              1
LT FREEZING RAIN          2     HAIL                       0
HEAVY SNOW                1     SNOW                       1
LIGHT SNOW               11     SLEET                      0
FOG                      37     FOG W/VIS <= 1/4 MILE      7
HAZE                     14

-  INDICATES NEGATIVE NUMBERS.
R  INDICATES RECORD WAS SET OR TIED.
MM INDICATES DATA IS MISSING.
T  INDICATES TRACE AMOUNT.

$$

LA CORTE
