000
CXUS51 KCTP 011351
CLSAOO

CLIMATE REPORT
NATIONAL WEATHER SERVICE STATE COLLEGE PA
950 AM EDT WED JUN 1 2016

...................................

...THE ALTOONA CLIMATE SUMMARY FOR THE SPRING SEASON, FROM
3/1/2016 TO 5/31/2016...

CLIMATE NORMAL PERIOD 1981 TO 2010
CLIMATE RECORD PERIOD 1948 TO 2016

WEATHER         OBSERVED          NORMAL  DEPART  LAST YEAR`S
                 VALUE   DATE(S)  VALUE   FROM    VALUE  DATE(S)
                                          NORMAL
................................................................
TEMPERATURE (F)
RECORD
 HIGH              94   05/29/1969
 LOW                1   03/02/1980
                        03/09/1960
HIGHEST            88   05/28        MM      MM       87  05/30
LOWEST             16   04/10        MM      MM        2  03/06

AVG. MAXIMUM     61.4              58.3     3.1     60.7
AVG. MINIMUM     39.9              37.8     2.1     39.4
MEAN             50.7              48.1     2.6     50.0

DAYS MAX >= 90      0                MM      MM        0
DAYS MAX <= 32      0                MM      MM        4
DAYS MIN <= 32     25                MM      MM       31
DAYS MIN <= 0       0                MM      MM        0

PRECIPITATION (INCHES)
RECORD
 MAXIMUM        18.15   2011
 MINIMUM         3.35   2005
TOTALS           6.14              9.97   -3.83     6.98
DAILY AVG.       0.07              0.11   -0.04     0.08
DAYS >= .01        43                MM      MM       40
DAYS >= .10        19                MM      MM       21
DAYS >= .50         3                MM      MM        4
DAYS >= 1.00        1                MM      MM        0
GREATEST
 24 HR. TOTAL    1.15   MM

 STORM TOTAL       MM                                 MM
 (MM/DD(HH))            MM

DEGREE_DAYS
HEATING TOTAL    1344              1590    -246     1462
 SINCE 7/1       5168              6146    -978     6255
COOLING TOTAL      51                33      18      104
 SINCE 1/1         51                33      18      104

FREEZE DATES
RECORD
 EARLIEST     09/21/1956
 LATEST       06/01/1966
EARLIEST                        MM
LATEST                          MM
..................................................

WIND (MPH)
AVERAGE WIND SPEED              7.5
RESULTANT WIND SPEED/DIRECTION   3/258
HIGHEST WIND SPEED/DIRECTION    40/270    DATE  04/02
HIGHEST GUST SPEED/DIRECTION    55/310    DATE  04/03

SKY COVER
POSSIBLE SUNSHINE (PERCENT)   MM
AVERAGE SKY COVER           0.50
NUMBER OF DAYS FAIR           34
NUMBER OF DAYS PC             25
NUMBER OF DAYS CLOUDY         33

AVERAGE RH (PERCENT)     62

WEATHER CONDITIONS. NUMBER OF DAYS WITH
THUNDERSTORM              5     MIXED PRECIP               0
HEAVY RAIN               11     RAIN                      12
LIGHT RAIN               44     FREEZING RAIN              0
LT FREEZING RAIN          0     HAIL                       0
HEAVY SNOW                1     SNOW                       2
LIGHT SNOW               12     SLEET                      0
FOG                      49     FOG W/VIS <= 1/4 MILE     11
HAZE                     14

-  INDICATES NEGATIVE NUMBERS.
R  INDICATES RECORD WAS SET OR TIED.
MM INDICATES DATA IS MISSING.
T  INDICATES TRACE AMOUNT.

$$

LA CORTE
