000
CXUS51 KGYX 090915
CLSAUG

PWMCLMAUG 000
TTAA00 KGYX 090914


CLIMATE REPORT
NATIONAL WEATHER SERVICE GRAY ME
514 AM EDT TUE JUN 9 2015

...................................

...THE AUGUSTA CLIMATE SUMMARY FOR THE SPRING SEASON, FROM
3/1/2015 TO 5/31/2015...

CLIMATE NORMAL PERIOD 1981 TO 2010
CLIMATE RECORD PERIOD 1948 TO 2015

WEATHER         OBSERVED          NORMAL  DEPART  LAST YEAR`S
                 VALUE   DATE(S)  VALUE   FROM    VALUE  DATE(S)
                                          NORMAL
................................................................
TEMPERATURE (F)
RECORD
 HIGH              94   05/22/1992
 LOW              -11   03/01/1982
HIGHEST            85   05/10        85       0       80  05/12
LOWEST                  03/06         3      -4       -2  03/04
                                                          03/01
AVG. MAXIMUM     53.1              52.9     0.2     50.4
AVG. MINIMUM     32.8              34.2    -1.4     31.4
MEAN             42.9              43.5    -0.6     40.9
DAYS MAX >= 90      0               0.4    -0.4        0
DAYS MAX <= 32      9               6.2     2.8       12
DAYS MIN <= 32     37              36.8     0.2       41
DAYS MIN <= 0       2               0.6     1.4        3

PRECIPITATION (INCHES)
RECORD
 MAXIMUM        20.21   1983
 MINIMUM         4.57   1965
TOTALS           7.41             10.85   -3.44     9.33
DAILY AVG.       0.08              0.12   -0.04     0.10
DAYS >= .01        36              36.3    -0.3       39
DAYS >= .10        18              21.0    -3.0       22
DAYS >= .50         4               7.1    -3.1        8
DAYS >= 1.00        1               2.1    -1.1        3
GREATEST
 24 HR. TOTAL    2.42   04/20 TO 04/21

DEGREE_DAYS
HEATING TOTAL    2038              1983      55     2190
 SINCE 7/1       7665              7326     339     7696
COOLING TOTAL      34                 9      25        0
 SINCE 1/1         34                 9      25        0
.................................................................

WIND (MPH)
AVERAGE WIND SPEED              8.0
HIGHEST WIND SPEED/DIRECTION    38/320    DATE  03/17
HIGHEST GUST SPEED/DIRECTION    47/320    DATE  03/17

SKY COVER
AVERAGE SKY COVER           0.40

AVERAGE RH (PERCENT)     60

WEATHER CONDITIONS. NUMBER OF DAYS WITH
THUNDERSTORM              0     HEAVY RAIN                 5
RAIN                     11     LIGHT RAIN                30
FREEZING RAIN             0     LT FREEZING RAIN           3
HEAVY SNOW                0     SNOW                       6
LIGHT SNOW               17     FOG                       43
FOG W/VIS <= 1/4 MILE    12     HAZE                      10

-  INDICATES NEGATIVE NUMBERS.
R  INDICATES RECORD WAS SET OR TIED.
MM INDICATES DATA IS MISSING.
T  INDICATES TRACE AMOUNT.

$$

KIMBLE
