000
CXUS51 KGYX 031859 AAA
CLSAUG

PWMCLMAUG 000
TTAA00 KGYX 020910


CLIMATE REPORT
NATIONAL WEATHER SERVICE GRAY ME
443 AM EDT WED SEP 3 2014

...................................

...THE AUGUSTA CLIMATE SUMMARY FOR THE SUMMER SEASON, FROM
6/1/2014 TO 8/31/2014...

CLIMATE NORMAL PERIOD 1981 TO 2010
CLIMATE RECORD PERIOD 1948 TO 2014

WEATHER         OBSERVED          NORMAL  DEPART  LAST YEAR`S
                 VALUE   DATE(S)  VALUE   FROM    VALUE  DATE(S)
                                          NORMAL
................................................................
TEMPERATURE (F)
RECORD
 HIGH             100   08/05/1955
 LOW               36   06/09/1955
HIGHEST            88   07/02        93      -5
LOWEST             45   06/01        44       1
AVG. MAXIMUM     76.8              77.1    -0.3
AVG. MINIMUM     57.5              57.6    -0.1
MEAN             67.1              67.3    -0.2
DAYS MAX >= 90      0               4.0    -4.0
DAYS MAX <= 32      0               0.0     0.0
DAYS MIN <= 32      0               0.0     0.0
DAYS MIN <= 0       0               0.0     0.0

PRECIPITATION (INCHES)
RECORD
 MAXIMUM        18.94   2009
 MINIMUM         4.76   1949
TOTALS          16.51             10.29    6.22
DAILY AVG.       0.18              0.11    0.07
DAYS >= .01        33              34.9    -1.9
DAYS >= .10        23              19.6     3.4
DAYS >= .50        13               6.3     6.7
DAYS >= 1.00        6               2.1     3.9
GREATEST
 24 HR. TOTAL    3.53   08/13 TO 08/14

DEGREE_DAYS
HEATING TOTAL      95               137     -42
 SINCE 7/1         19                42     -23
COOLING TOTAL     314               348     -34
 SINCE 1/1        314               357     -43
.................................................................

WIND (MPH)
AVERAGE WIND SPEED              5.8
HIGHEST WIND SPEED/DIRECTION    30/350    DATE  07/05
HIGHEST GUST SPEED/DIRECTION    40/350    DATE  07/05

SKY COVER
AVERAGE SKY COVER           0.40

AVERAGE RH (PERCENT)     73

WEATHER CONDITIONS. NUMBER OF DAYS WITH
HEAVY RAIN               11     RAIN                      20
LIGHT RAIN               41     FREEZING RAIN              0
LT FREEZING RAIN          0     HEAVY SNOW                 0
SNOW                      0     LIGHT SNOW                 0
FOG                      52     FOG W/VIS <= 1/4 MILE     21
HAZE                      3

-  INDICATES NEGATIVE NUMBERS.
R  INDICATES RECORD WAS SET OR TIED.
MM INDICATES DATA IS MISSING.
T  INDICATES TRACE AMOUNT.

$$

KIMBLE
