000
CXUS51 KGYX 041103
CLSAUG

PWMCLMAUG 000
TTAA00 KGYX 041053


CLIMATE REPORT
NATIONAL WEATHER SERVICE GRAY ME
603 AM EST THU DEC 4 2014

...................................

...THE AUGUSTA CLIMATE SUMMARY FOR THE SEASON, FROM
9/1/2014 TO 11/30/2014...

CLIMATE NORMAL PERIOD 1981 TO 2010
CLIMATE RECORD PERIOD 1948 TO 2014

WEATHER         OBSERVED          NORMAL  DEPART  LAST YEAR`S
                 VALUE   DATE(S)  VALUE   FROM    VALUE  DATE(S)
                                          NORMAL
................................................................
TEMPERATURE (F)
RECORD
 HIGH              96   09/09/2002
 LOW                4   11/27/1978
                        11/28/1951
HIGHEST            85   09/05        85       0
                        09/01
LOWEST             15   11/29        16      -1
AVG. MAXIMUM     57.4              57.3     0.1
AVG. MINIMUM     41.0              40.2     0.8
MEAN             49.2              48.8     0.4
DAYS MAX >= 90      0               0.4    -0.4
DAYS MAX <= 32      3               2.4     0.6
DAYS MIN <= 32     21              23.9    -2.9
DAYS MIN <= 0       0               0.0     0.0

PRECIPITATION (INCHES)
RECORD
 MAXIMUM        23.76   2005
 MINIMUM         6.48   1984
TOTALS           7.87             12.46   -4.59
DAILY AVG.       0.09              0.14   -0.05
DAYS >= .01        33              33.3    -0.3
DAYS >= .10        18              20.7    -2.7
DAYS >= .50         5               8.4    -3.4
DAYS >= 1.00        2               3.2    -1.2
GREATEST
 24 HR. TOTAL    1.53   10/23

DEGREE_DAYS
HEATING TOTAL    1470              1507     -37
 SINCE 7/1       1489              1548     -59
COOLING TOTAL      57                31      26
 SINCE 1/1        371               388     -17
.................................................................

WIND (MPH)
AVERAGE WIND SPEED              6.9
HIGHEST WIND SPEED/DIRECTION    39/330    DATE  11/02
HIGHEST GUST SPEED/DIRECTION    51/350    DATE  11/02

SKY COVER
AVERAGE SKY COVER           0.50

AVERAGE RH (PERCENT)     72

WEATHER CONDITIONS. NUMBER OF DAYS WITH
THUNDERSTORM              0     HEAVY RAIN                 4
RAIN                     12     LIGHT RAIN                30
FREEZING RAIN             0     LT FREEZING RAIN           1
HEAVY SNOW                1     SNOW                       3
LIGHT SNOW                8     FOG                       54
FOG W/VIS <= 1/4 MILE    24     HAZE                       5

-  INDICATES NEGATIVE NUMBERS.
R  INDICATES RECORD WAS SET OR TIED.
MM INDICATES DATA IS MISSING.
T  INDICATES TRACE AMOUNT.

$$
